{"id":44,"date":"2013-10-19T08:26:39","date_gmt":"2013-10-19T08:26:39","guid":{"rendered":"https:\/\/blogs.ua.es\/jornadasfcs\/?page_id=44"},"modified":"2013-11-22T01:34:54","modified_gmt":"2013-11-22T00:34:54","slug":"quienes-somos","status":"publish","type":"page","link":"https:\/\/blogs.ua.es\/jornadasfcs\/quienes-somos\/","title":{"rendered":"\u00bfQui\u00e9nes somos?"},"content":{"rendered":"<p><span style=\"text-decoration: underline\"><strong>COMIT\u00c9 CIENT\u00cdFICO<\/strong><\/span><\/p>\n<p><strong>Presidenta<\/strong>:\u00a0Eva Maria Gabald\u00f3n Bravo<\/p>\n<p><strong>Miembros comit\u00e9 cient\u00edfico<\/strong>:<\/p>\n<ul>\n<li>Ana M\u00aa Laguna P\u00e9rez<\/li>\n<li>Cristina Garc\u00eda Cabanes<\/li>\n<li>Jos\u00e9 Antonio Hurtado S\u00e1nchez<\/li>\n<li>Jos\u00e9 Miguel Mart\u00ednez Sanz<\/li>\n<li>Juan Diego Ramos Pichardo<\/li>\n<li>Mar\u00eda Jos\u00e9 Caba\u00f1ero Mart\u00ednez<\/li>\n<li>Mar\u00eda Teresa Ruiz Cantero<\/li>\n<li>Marisa Velasco \u00c1lvarez<\/li>\n<li>Rosa Mar\u00eda Mart\u00ednez Espinosa<\/li>\n<\/ul>\n<p><span style=\"text-decoration: underline;color: #333333\"><strong>COMIT\u00c9 ORGANIZADOR<\/strong><\/span><\/p>\n<p><strong>Presidente:<\/strong>\u00a0Daniel Marco Garc\u00eda. <em>Estudiante\u00a0<\/em><em>4\u00ba Grado Enfermer\u00eda<\/em><\/p>\n<p><strong>Secretaria:<\/strong>\u00a0Melissa Carreres Candela. <em>Estudiante 4\u00ba Grado Enfermer\u00eda<\/em><\/p>\n<p><span style=\"color: #333333\"><strong>Miembros comit\u00e9 organizaci\u00f3n:<\/strong><\/span><\/p>\n<ul>\n<li>Alejandro Oncina Canovas\u00a0(<em>Estudiante 4\u00ba Grado Nutrici\u00f3n<\/em>)<\/li>\n<li>Beatriz Mejias Moreno (<em>Estudiante 4\u00ba Grado Enfermer\u00eda<\/em>)<\/li>\n<li>Elena Salinas Mart\u00ednez (<em>Estudiante 4\u00ba Grado Enfermer\u00eda<\/em>)<\/li>\n<li>In\u00e9s Cases P\u00e9rez\u00a0(<em>Estudiante 4\u00ba Grado Enfermer\u00eda<\/em>)<\/li>\n<li>Isabel Escolano Escobar\u00a0(<em>Estudiante 4\u00ba Grado Enfermer\u00eda<\/em>)<\/li>\n<li>Israel Mart\u00ednez Callado (<em>Estudiante 4\u00ba Grado Enfermer\u00eda<\/em>)<\/li>\n<li>Jos\u00e9 Javier Card\u00f3s Garc\u00eda\u00a0(<em>Estudiante 4\u00ba Grado Enfermer\u00eda<\/em>)<\/li>\n<li>Jos\u00e9 Antonio L\u00f3pez Pallar\u00e9s\u00a0(<em>Estudiante 4\u00ba Grado Enfermer\u00eda<\/em>)<\/li>\n<li>Jos\u00e9 Mar\u00eda Mart\u00ednez P\u00e9rez (<em>Estudiante 4\u00ba Grado Nutrici\u00f3n<\/em>)<\/li>\n<li>Nerea Lorenzo Mora\u00a0(<em>Estudiante 4\u00ba Grado Enfermer\u00eda<\/em>)<\/li>\n<li>Raquel Contreras Ocete\u00a0(<em>Estudiante 4\u00ba Grado Enfermer\u00eda<\/em>)<\/li>\n<li>Sarai Quirante Moya\u00a0(<em>Estudiante 4\u00ba Grado Enfermer\u00eda<\/em>)<\/li>\n<\/ul>\n<p><a href=\"https:\/\/blogs.ua.es\/jornadasfcs\/files\/2013\/10\/1404545_1405038923066062_1954219020_o-1.jpg\"><img loading=\"lazy\" decoding=\"async\" class=\"aligncenter size-full wp-image-156\" alt=\"1404545_1405038923066062_1954219020_o (1)\" src=\"https:\/\/blogs.ua.es\/jornadasfcs\/files\/2013\/10\/1404545_1405038923066062_1954219020_o-1.jpg\" width=\"1401\" height=\"1079\" srcset=\"https:\/\/blogs.ua.es\/jornadasfcs\/files\/2013\/10\/1404545_1405038923066062_1954219020_o-1.jpg 1401w, https:\/\/blogs.ua.es\/jornadasfcs\/files\/2013\/10\/1404545_1405038923066062_1954219020_o-1-300x231.jpg 300w, https:\/\/blogs.ua.es\/jornadasfcs\/files\/2013\/10\/1404545_1405038923066062_1954219020_o-1-1024x788.jpg 1024w, https:\/\/blogs.ua.es\/jornadasfcs\/files\/2013\/10\/1404545_1405038923066062_1954219020_o-1-389x300.jpg 389w\" sizes=\"auto, (max-width: 1401px) 100vw, 1401px\" \/><\/a><\/p>\n","protected":false},"excerpt":{"rendered":"<p>COMIT\u00c9 CIENT\u00cdFICO Presidenta:\u00a0Eva Maria Gabald\u00f3n Bravo Miembros comit\u00e9 cient\u00edfico: Ana M\u00aa Laguna P\u00e9rez Cristina Garc\u00eda Cabanes Jos\u00e9 Antonio Hurtado S\u00e1nchez Jos\u00e9 Miguel Mart\u00ednez Sanz Juan Diego Ramos Pichardo Mar\u00eda Jos\u00e9 Caba\u00f1ero Mart\u00ednez Mar\u00eda Teresa Ruiz Cantero Marisa Velasco \u00c1lvarez Rosa &hellip; <a href=\"https:\/\/blogs.ua.es\/jornadasfcs\/quienes-somos\/\">Continue reading <span class=\"meta-nav\">&rarr;<\/span><\/a><\/p>\n","protected":false},"author":3217,"featured_media":0,"parent":0,"menu_order":0,"comment_status":"open","ping_status":"open","template":"","meta":{"footnotes":""},"class_list":["post-44","page","type-page","status-publish","hentry"],"_links":{"self":[{"href":"https:\/\/blogs.ua.es\/jornadasfcs\/wp-json\/wp\/v2\/pages\/44","targetHints":{"allow":["GET"]}}],"collection":[{"href":"https:\/\/blogs.ua.es\/jornadasfcs\/wp-json\/wp\/v2\/pages"}],"about":[{"href":"https:\/\/blogs.ua.es\/jornadasfcs\/wp-json\/wp\/v2\/types\/page"}],"author":[{"embeddable":true,"href":"https:\/\/blogs.ua.es\/jornadasfcs\/wp-json\/wp\/v2\/users\/3217"}],"replies":[{"embeddable":true,"href":"https:\/\/blogs.ua.es\/jornadasfcs\/wp-json\/wp\/v2\/comments?post=44"}],"version-history":[{"count":22,"href":"https:\/\/blogs.ua.es\/jornadasfcs\/wp-json\/wp\/v2\/pages\/44\/revisions"}],"predecessor-version":[{"id":200,"href":"https:\/\/blogs.ua.es\/jornadasfcs\/wp-json\/wp\/v2\/pages\/44\/revisions\/200"}],"wp:attachment":[{"href":"https:\/\/blogs.ua.es\/jornadasfcs\/wp-json\/wp\/v2\/media?parent=44"}],"curies":[{"name":"wp","href":"https:\/\/api.w.org\/{rel}","templated":true}]}}