{"id":47,"date":"2013-10-19T08:34:28","date_gmt":"2013-10-19T08:34:28","guid":{"rendered":"https:\/\/blogs.ua.es\/jornadasfcs\/?page_id=47"},"modified":"2013-11-28T12:35:34","modified_gmt":"2013-11-28T11:35:34","slug":"colaboradores","status":"publish","type":"page","link":"https:\/\/blogs.ua.es\/jornadasfcs\/colaboradores\/","title":{"rendered":"Colaboradores"},"content":{"rendered":"<p style=\"text-align: center\"><a href=\"http:\/\/www.satse.es\/\"><img loading=\"lazy\" decoding=\"async\" class=\"aligncenter size-full wp-image-201\" alt=\"ZSFG\" src=\"https:\/\/blogs.ua.es\/jornadasfcs\/files\/2013\/10\/ZSFG.png\" width=\"354\" height=\"74\" srcset=\"https:\/\/blogs.ua.es\/jornadasfcs\/files\/2013\/10\/ZSFG.png 354w, https:\/\/blogs.ua.es\/jornadasfcs\/files\/2013\/10\/ZSFG-300x62.png 300w\" sizes=\"auto, (max-width: 354px) 100vw, 354px\" \/><\/a><a href=\"http:\/\/www.institutobernabeu.com\/\"><img loading=\"lazy\" decoding=\"async\" class=\"aligncenter size-full wp-image-202\" alt=\"SZFGRFSD\" src=\"https:\/\/blogs.ua.es\/jornadasfcs\/files\/2013\/10\/SZFGRFSD.png\" width=\"355\" height=\"177\" srcset=\"https:\/\/blogs.ua.es\/jornadasfcs\/files\/2013\/10\/SZFGRFSD.png 355w, https:\/\/blogs.ua.es\/jornadasfcs\/files\/2013\/10\/SZFGRFSD-300x149.png 300w\" sizes=\"auto, (max-width: 355px) 100vw, 355px\" \/><\/a><a href=\"http:\/\/www.academiamir.com\/index.php\"><img loading=\"lazy\" decoding=\"async\" class=\"aligncenter size-full wp-image-218\" alt=\"SFDGSC\" src=\"https:\/\/blogs.ua.es\/jornadasfcs\/files\/2013\/10\/SFDGSC.png\" width=\"354\" height=\"82\" srcset=\"https:\/\/blogs.ua.es\/jornadasfcs\/files\/2013\/10\/SFDGSC.png 354w, https:\/\/blogs.ua.es\/jornadasfcs\/files\/2013\/10\/SFDGSC-300x69.png 300w\" sizes=\"auto, (max-width: 354px) 100vw, 354px\" \/><\/a><\/p>\n<p style=\"text-align: center\"><a href=\"http:\/\/www.portalcecova.es\"><img loading=\"lazy\" decoding=\"async\" class=\"aligncenter size-full wp-image-227\" alt=\"dfxgfrt\" src=\"https:\/\/blogs.ua.es\/jornadasfcs\/files\/2013\/10\/dfxgfrt.png\" width=\"352\" height=\"45\" srcset=\"https:\/\/blogs.ua.es\/jornadasfcs\/files\/2013\/10\/dfxgfrt.png 352w, https:\/\/blogs.ua.es\/jornadasfcs\/files\/2013\/10\/dfxgfrt-300x38.png 300w\" sizes=\"auto, (max-width: 352px) 100vw, 352px\" \/><\/a><\/p>\n<p style=\"text-align: center\"><a href=\"http:\/\/www.codinucova.es\/\"><img loading=\"lazy\" decoding=\"async\" class=\"aligncenter size-full wp-image-228\" alt=\"xdfgxxdr\" src=\"https:\/\/blogs.ua.es\/jornadasfcs\/files\/2013\/10\/xdfgxxdr.png\" width=\"352\" height=\"48\" srcset=\"https:\/\/blogs.ua.es\/jornadasfcs\/files\/2013\/10\/xdfgxxdr.png 352w, https:\/\/blogs.ua.es\/jornadasfcs\/files\/2013\/10\/xdfgxxdr-300x40.png 300w\" sizes=\"auto, (max-width: 352px) 100vw, 352px\" \/><\/a><\/p>\n<p style=\"text-align: center\"><a href=\"http:\/\/www.altorendimiento.com\"><img loading=\"lazy\" decoding=\"async\" class=\"aligncenter size-full wp-image-235\" alt=\"cfghftgyh\" src=\"https:\/\/blogs.ua.es\/jornadasfcs\/files\/2013\/10\/cfghftgyh.png\" width=\"352\" height=\"48\" srcset=\"https:\/\/blogs.ua.es\/jornadasfcs\/files\/2013\/10\/cfghftgyh.png 352w, https:\/\/blogs.ua.es\/jornadasfcs\/files\/2013\/10\/cfghftgyh-300x40.png 300w\" sizes=\"auto, (max-width: 352px) 100vw, 352px\" \/><\/a><\/p>\n<p style=\"text-align: center\"><a href=\"https:\/\/www.radiosanvicente.com\"><img loading=\"lazy\" decoding=\"async\" class=\"aligncenter  wp-image-211\" alt=\"Captura\" src=\"https:\/\/blogs.ua.es\/jornadasfcs\/files\/2013\/10\/Captura1.png\" width=\"333\" height=\"61\" srcset=\"https:\/\/blogs.ua.es\/jornadasfcs\/files\/2013\/10\/Captura1.png 411w, https:\/\/blogs.ua.es\/jornadasfcs\/files\/2013\/10\/Captura1-300x55.png 300w\" sizes=\"auto, (max-width: 333px) 100vw, 333px\" \/><\/a><a href=\"http:\/\/www.mercalicante.com\/\"><img loading=\"lazy\" decoding=\"async\" class=\"aligncenter size-full wp-image-213\" alt=\"SXGDDRFG\" src=\"https:\/\/blogs.ua.es\/jornadasfcs\/files\/2013\/10\/SXGDDRFG.png\" width=\"354\" height=\"80\" srcset=\"https:\/\/blogs.ua.es\/jornadasfcs\/files\/2013\/10\/SXGDDRFG.png 354w, https:\/\/blogs.ua.es\/jornadasfcs\/files\/2013\/10\/SXGDDRFG-300x67.png 300w\" sizes=\"auto, (max-width: 354px) 100vw, 354px\" \/><\/a><\/p>\n<p style=\"text-align: center\"><img loading=\"lazy\" decoding=\"async\" class=\"aligncenter size-full wp-image-203\" alt=\"DTHXGTYGCR\" src=\"https:\/\/blogs.ua.es\/jornadasfcs\/files\/2013\/10\/DTHXGTYGCR.png\" width=\"355\" height=\"100\" srcset=\"https:\/\/blogs.ua.es\/jornadasfcs\/files\/2013\/10\/DTHXGTYGCR.png 355w, https:\/\/blogs.ua.es\/jornadasfcs\/files\/2013\/10\/DTHXGTYGCR-300x84.png 300w\" sizes=\"auto, (max-width: 355px) 100vw, 355px\" \/><a href=\"https:\/\/www.facebook.com\/DELE.FCSALUD.UA\"><img loading=\"lazy\" decoding=\"async\" class=\"aligncenter size-full wp-image-204\" alt=\"KHLKHL\" src=\"https:\/\/blogs.ua.es\/jornadasfcs\/files\/2013\/10\/KHLKHL.png\" width=\"355\" height=\"90\" srcset=\"https:\/\/blogs.ua.es\/jornadasfcs\/files\/2013\/10\/KHLKHL.png 355w, https:\/\/blogs.ua.es\/jornadasfcs\/files\/2013\/10\/KHLKHL-300x76.png 300w\" sizes=\"auto, (max-width: 355px) 100vw, 355px\" \/><\/a><a href=\"www.albertojphotography.com\"><img loading=\"lazy\" decoding=\"async\" class=\"aligncenter size-full wp-image-207\" alt=\"JJJJJJJJJJJ\" src=\"https:\/\/blogs.ua.es\/jornadasfcs\/files\/2013\/10\/JJJJJJJJJJJ.png\" width=\"354\" height=\"38\" srcset=\"https:\/\/blogs.ua.es\/jornadasfcs\/files\/2013\/10\/JJJJJJJJJJJ.png 354w, https:\/\/blogs.ua.es\/jornadasfcs\/files\/2013\/10\/JJJJJJJJJJJ-300x32.png 300w\" sizes=\"auto, (max-width: 354px) 100vw, 354px\" \/><\/a><a href=\"https:\/\/blogs.ua.es\/alinua\/\"><img loading=\"lazy\" decoding=\"async\" class=\"aligncenter size-full wp-image-222\" alt=\"D\u00d1LFXGJ\u00d1DORGJ\" src=\"https:\/\/blogs.ua.es\/jornadasfcs\/files\/2013\/10\/D\u00d1LFXGJ\u00d1DORGJ.png\" width=\"353\" height=\"63\" srcset=\"https:\/\/blogs.ua.es\/jornadasfcs\/files\/2013\/10\/D\u00d1LFXGJ\u00d1DORGJ.png 353w, https:\/\/blogs.ua.es\/jornadasfcs\/files\/2013\/10\/D\u00d1LFXGJ\u00d1DORGJ-300x53.png 300w\" sizes=\"auto, (max-width: 353px) 100vw, 353px\" \/><\/a><\/p>\n<p style=\"text-align: center\">\n<p style=\"text-align: center\"><a href=\"https:\/\/blogs.ua.es\/intervencioncrisis\/\"><img loading=\"lazy\" decoding=\"async\" class=\"aligncenter size-full wp-image-241\" alt=\"LSDFJZOSJOFIJDO\" src=\"https:\/\/blogs.ua.es\/jornadasfcs\/files\/2013\/10\/LSDFJZOSJOFIJDO.png\" width=\"354\" height=\"44\" srcset=\"https:\/\/blogs.ua.es\/jornadasfcs\/files\/2013\/10\/LSDFJZOSJOFIJDO.png 354w, https:\/\/blogs.ua.es\/jornadasfcs\/files\/2013\/10\/LSDFJZOSJOFIJDO-300x37.png 300w\" sizes=\"auto, (max-width: 354px) 100vw, 354px\" \/><\/a><\/p>\n<h2>Agradecimientos<\/h2>\n<ul>\n<li>Paloma Barrio Rinc\u00f3n. Secretaria de Decanato de la Facultad Ciencias de la Salud<\/li>\n<li>Victor Castillo Baeza. DISE\u00d1ADOR GR\u00c1FICO<\/li>\n<li>Jes\u00fas Cutillas Vives. Presidente delegacion Derecho<\/li>\n<\/ul>\n","protected":false},"excerpt":{"rendered":"<p>Agradecimientos Paloma Barrio Rinc\u00f3n. Secretaria de Decanato de la Facultad Ciencias de la Salud Victor Castillo Baeza. DISE\u00d1ADOR GR\u00c1FICO Jes\u00fas Cutillas Vives. Presidente delegacion Derecho<\/p>\n","protected":false},"author":3217,"featured_media":0,"parent":0,"menu_order":0,"comment_status":"open","ping_status":"open","template":"","meta":{"footnotes":""},"class_list":["post-47","page","type-page","status-publish","hentry"],"_links":{"self":[{"href":"https:\/\/blogs.ua.es\/jornadasfcs\/wp-json\/wp\/v2\/pages\/47","targetHints":{"allow":["GET"]}}],"collection":[{"href":"https:\/\/blogs.ua.es\/jornadasfcs\/wp-json\/wp\/v2\/pages"}],"about":[{"href":"https:\/\/blogs.ua.es\/jornadasfcs\/wp-json\/wp\/v2\/types\/page"}],"author":[{"embeddable":true,"href":"https:\/\/blogs.ua.es\/jornadasfcs\/wp-json\/wp\/v2\/users\/3217"}],"replies":[{"embeddable":true,"href":"https:\/\/blogs.ua.es\/jornadasfcs\/wp-json\/wp\/v2\/comments?post=47"}],"version-history":[{"count":28,"href":"https:\/\/blogs.ua.es\/jornadasfcs\/wp-json\/wp\/v2\/pages\/47\/revisions"}],"predecessor-version":[{"id":242,"href":"https:\/\/blogs.ua.es\/jornadasfcs\/wp-json\/wp\/v2\/pages\/47\/revisions\/242"}],"wp:attachment":[{"href":"https:\/\/blogs.ua.es\/jornadasfcs\/wp-json\/wp\/v2\/media?parent=47"}],"curies":[{"name":"wp","href":"https:\/\/api.w.org\/{rel}","templated":true}]}}