{"id":2,"date":"2012-11-16T08:22:24","date_gmt":"2012-11-16T08:22:24","guid":{"rendered":"https:\/\/blogs.ua.es\/josegadea\/?page_id=2"},"modified":"2012-12-20T00:17:51","modified_gmt":"2012-12-20T00:17:51","slug":"pagina-ejemplo","status":"publish","type":"page","link":"https:\/\/blogs.ua.es\/josegadea\/pagina-ejemplo\/","title":{"rendered":"Personaje de Fernando de Loazes."},"content":{"rendered":"<p><strong>Fernando es un personaje hist\u00f3rico cuya vida estuvo repleta de acontecimientos muy relevantes para la sociedad de su n\u00facleo urbano, familiar, pol\u00edtico, etc.<\/strong><\/p>\n<p><strong>Este blog no s\u00f3lo os invita a conocerlo a \u00e9l sino que tambi\u00e9n os invita a descubrir varias curiosidades de esta \u00e9poca hist\u00f3rica tan compleja como es la transici\u00f3n de la Edad Media a la Moderna.<\/strong><\/p>\n<p><strong>Por otra parte queremos creer que podemos ser capaces de transmitiros una informaci\u00f3n que puede resultar algo problem\u00e1tica de comprender, especialmente desde el punto de vista ideol\u00f3gico actual que predomina en nuestra sociedad de hoy d\u00eda.<\/strong><\/p>\n<p><strong>Esperamos que sea de vuestro agrado y que despierte vuestra curiosidad sobre el mundo medieval. <\/strong><\/p>\n<p><strong>^^<\/strong><\/p>\n","protected":false},"excerpt":{"rendered":"<p>Fernando es un personaje hist\u00f3rico cuya vida estuvo repleta de acontecimientos muy relevantes para la sociedad de su n\u00facleo urbano, familiar, pol\u00edtico, etc. Este blog no s\u00f3lo os invita a conocerlo a \u00e9l sino que tambi\u00e9n os invita a descubrir varias curiosidades de esta \u00e9poca hist\u00f3rica tan compleja como es la transici\u00f3n de la Edad [&hellip;]<\/p>\n","protected":false},"author":2807,"featured_media":0,"parent":0,"menu_order":0,"comment_status":"open","ping_status":"open","template":"","meta":{"footnotes":""},"class_list":["post-2","page","type-page","status-publish","hentry"],"_links":{"self":[{"href":"https:\/\/blogs.ua.es\/josegadea\/wp-json\/wp\/v2\/pages\/2","targetHints":{"allow":["GET"]}}],"collection":[{"href":"https:\/\/blogs.ua.es\/josegadea\/wp-json\/wp\/v2\/pages"}],"about":[{"href":"https:\/\/blogs.ua.es\/josegadea\/wp-json\/wp\/v2\/types\/page"}],"author":[{"embeddable":true,"href":"https:\/\/blogs.ua.es\/josegadea\/wp-json\/wp\/v2\/users\/2807"}],"replies":[{"embeddable":true,"href":"https:\/\/blogs.ua.es\/josegadea\/wp-json\/wp\/v2\/comments?post=2"}],"version-history":[{"count":2,"href":"https:\/\/blogs.ua.es\/josegadea\/wp-json\/wp\/v2\/pages\/2\/revisions"}],"predecessor-version":[{"id":44,"href":"https:\/\/blogs.ua.es\/josegadea\/wp-json\/wp\/v2\/pages\/2\/revisions\/44"}],"wp:attachment":[{"href":"https:\/\/blogs.ua.es\/josegadea\/wp-json\/wp\/v2\/media?parent=2"}],"curies":[{"name":"wp","href":"https:\/\/api.w.org\/{rel}","templated":true}]}}