{"id":80,"date":"2010-05-31T06:56:59","date_gmt":"2010-05-31T06:56:59","guid":{"rendered":"https:\/\/blogs.ua.es\/juancalvino\/?page_id=80"},"modified":"2010-09-08T09:43:15","modified_gmt":"2010-09-08T09:43:15","slug":"epoca","status":"publish","type":"page","link":"https:\/\/blogs.ua.es\/juancalvino\/epoca\/","title":{"rendered":"\u00c9poca"},"content":{"rendered":"<p style=\"text-align: justify\"><strong><span style=\"text-decoration: underline\">LA \u00c9POCA EN QUE VIVI\u00d3 JEAN<\/span><\/strong><\/p>\n<p style=\"text-align: justify\">El siglo XVI en el que vivi\u00f3 Calvino fue una \u00e9poca marcada por el Renacimiento en Europa. Este momento supuso una renovaci\u00f3n en el pensamiento, las artes, las ciencias y la religi\u00f3n, en un continente que despertaba de un largo letargo de siglos medievales caracterizados por una mayor continuidad.<img loading=\"lazy\" decoding=\"async\" class=\"alignleft\" src=\"http:\/\/laeff.inta.es\/users\/barrado\/weblog\/MapWorldOrtelius.jpg\" alt=\"\" width=\"431\" height=\"297\" \/><\/p>\n<p style=\"text-align: justify\">El Renacimiento es fruto de la difusi\u00f3n de las ideas del humanismo, que determinaron una nueva concepci\u00f3n del hombre y del mundo.<\/p>\n<p style=\"text-align: justify\">El nombre &#8220;renacimiento&#8221; se utiliz\u00f3 porque \u00e9ste retomaba los elementos de la cultura cl\u00e1sica. El t\u00e9rmino simboliza la reactivaci\u00f3n del conocimiento y el progreso tras siglos de predominio de un tipo de mentalidad dogm\u00e1tica establecida en la Europa de la Edad Media. Esta nueva etapa plante\u00f3 una nueva forma de ver el mundo y al ser humano, el inter\u00e9s por las artes, la pol\u00edtica y las ciencias, revisando el teocentrismo medieval y sustituy\u00e9ndolo por cierto antropocentrismo.<\/p>\n<p style=\"text-align: justify\">El historiador y artista Giorgio Vasari hab\u00eda formulado una idea determinante, el nuevo nacimiento del arte antiguo, que presupon\u00eda una marcada conciencia hist\u00f3rica individual, fen\u00f3meno completamente nuevo en la actitud espiritual del artista.<\/p>\n<p style=\"text-align: justify\">De hecho, el Renacimiento rompi\u00f3, conscientemente, con la tradici\u00f3n art\u00edstica de la Edad Media, a la que calific\u00f3 como un estilo de b\u00e1rbaros, que m\u00e1s tarde recibir\u00e1 el calificativo de g\u00f3tico. Con la misma consciencia, el movimiento renacentista se opuso al arte contempor\u00e1neo del norte de Europa.<\/p>\n<p style=\"text-align: justify\">Desde una perspectiva de la evoluci\u00f3n art\u00edstica general de Europa, el Renacimiento signific\u00f3 una \u00abruptura\u00bb con la unidad estil\u00edstica que hasta ese momento hab\u00eda sido \u00absupranacional\u00bb.<\/p>\n<p style=\"text-align: justify\">Sobre el significado del concepto de Renacimiento y sobre su cronolog\u00eda se ha discutido much\u00edsimo; generalmente, con el t\u00e9rmino &#8220;humanismo&#8221; se indica el proceso innovador, inspirado en la Antig\u00fcedad cl\u00e1sica y en la consolidaci\u00f3n de la importancia del hombre en la organizaci\u00f3n de las realidades hist\u00f3rica y natural que se aplic\u00f3 en los siglos XIV y XV.<\/p>\n<p style=\"text-align: justify\">El Renacimiento no fue un fen\u00f3meno unitario desde los puntos de vista cronol\u00f3gico y geogr\u00e1fico. Su \u00e1mbito se limit\u00f3 a la cultura europea y a los territorios americanos reci\u00e9n descubiertos, a los que las novedades renacentistas llegaron tard\u00edamente. Su desarrollo coincidi\u00f3 con el inicio de la Edad Moderna, marcada por la consolidaci\u00f3n de los Estados europeos, los viajes transoce\u00e1nicos que pusieron en contacto a Europa y Am\u00e9rica, la descomposici\u00f3n del feudalismo, el asenso de la burgues\u00eda y la afirmaci\u00f3n del capitalismo. Sin embargo, muchos de estos fen\u00f3menos rebasan por su magnitud y mayor extensi\u00f3n en el tiempo el \u00e1mbito renacentista.<\/p>\n<p><iframe loading=\"lazy\" title=\"Historia del Renacimiento\" width=\"580\" height=\"435\" src=\"https:\/\/www.youtube.com\/embed\/6_ItA9Nkc0c?feature=oembed\" frameborder=\"0\" allow=\"accelerometer; autoplay; clipboard-write; encrypted-media; gyroscope; picture-in-picture; web-share\" referrerpolicy=\"strict-origin-when-cross-origin\" allowfullscreen><\/iframe><\/p>\n","protected":false},"excerpt":{"rendered":"<p>LA \u00c9POCA EN QUE VIVI\u00d3 JEAN El siglo XVI en el que vivi\u00f3 Calvino fue una \u00e9poca marcada por el Renacimiento en Europa. Este momento supuso una renovaci\u00f3n en el pensamiento, las artes, las ciencias y la religi\u00f3n, en un continente que despertaba de un largo letargo de siglos medievales caracterizados por una mayor continuidad. [&hellip;]<\/p>\n","protected":false},"author":1674,"featured_media":0,"parent":0,"menu_order":0,"comment_status":"open","ping_status":"open","template":"","meta":{"footnotes":""},"class_list":["post-80","page","type-page","status-publish","hentry"],"_links":{"self":[{"href":"https:\/\/blogs.ua.es\/juancalvino\/wp-json\/wp\/v2\/pages\/80","targetHints":{"allow":["GET"]}}],"collection":[{"href":"https:\/\/blogs.ua.es\/juancalvino\/wp-json\/wp\/v2\/pages"}],"about":[{"href":"https:\/\/blogs.ua.es\/juancalvino\/wp-json\/wp\/v2\/types\/page"}],"author":[{"embeddable":true,"href":"https:\/\/blogs.ua.es\/juancalvino\/wp-json\/wp\/v2\/users\/1674"}],"replies":[{"embeddable":true,"href":"https:\/\/blogs.ua.es\/juancalvino\/wp-json\/wp\/v2\/comments?post=80"}],"version-history":[{"count":8,"href":"https:\/\/blogs.ua.es\/juancalvino\/wp-json\/wp\/v2\/pages\/80\/revisions"}],"predecessor-version":[{"id":82,"href":"https:\/\/blogs.ua.es\/juancalvino\/wp-json\/wp\/v2\/pages\/80\/revisions\/82"}],"wp:attachment":[{"href":"https:\/\/blogs.ua.es\/juancalvino\/wp-json\/wp\/v2\/media?parent=80"}],"curies":[{"name":"wp","href":"https:\/\/api.w.org\/{rel}","templated":true}]}}