{"id":32,"date":"2013-01-15T20:31:06","date_gmt":"2013-01-15T20:31:06","guid":{"rendered":"https:\/\/blogs.ua.es\/juaniiaragon\/?page_id=32"},"modified":"2013-01-15T20:34:26","modified_gmt":"2013-01-15T20:34:26","slug":"biografia","status":"publish","type":"page","link":"https:\/\/blogs.ua.es\/juaniiaragon\/biografia\/","title":{"rendered":"Biograf\u00eda"},"content":{"rendered":"<p>Juan II de Arag\u00f3n naci\u00f3 en 1398 y\u00a0 falleci\u00f3 en 1479. \u00a0Fue rey de Navarra, de Arag\u00f3n, de Mallorca, de Valencia, de Cerde\u00f1a y de Sicilia. Su padre es Fernando I de Antequera y su madre es Leonor Urraca de Castilla. \u00a0Ten\u00eda 6 hermanos.<\/p>\n<p>En 1415, Juan tuvo su primer \u201ctrabajo\u201d, tuvo que representar a su padre y a su familia en Sicilia y despu\u00e9s en Cerde\u00f1a.<\/p>\n<p>En\u00a0 1420 se cas\u00f3 con Blanca \u00a0de Navarra, tuvieron 3 ni\u00f1os. En 1425, el padre de Blanca, Carlos III rey de Navarra, muri\u00f3 por eso Blanca y Juan fueron proclamados reyes de Navarra. Algunos a\u00f1os despu\u00e9s, a la muerte de Blanca, Juan usurp\u00f3 el trono de Navarra. En 1445, Juan se cas\u00f3 con Juana Enr\u00edquez. Tuvieron 2 ni\u00f1os cuyo Fernando <em>el Cat\u00f3lico<\/em>.<\/p>\n<p>A la muerte de su hermano Fernando V en 1458, Juan fue proclamado rey de Arag\u00f3n. Por eso, tuvo que conceder el gobierno de Catalu\u00f1a a su hermano Carlos. Sin embargo como su padre era alguien muy orgulloso, no querr\u00eda realmente dar Catalu\u00f1a. Estos conflictos activaron una guerra civil. Al fin de esta guerra Carlos fue arrestado y muri\u00f3 en c\u00e1rcel 2 a\u00f1os despu\u00e9s.<\/p>\n<p>En 1462, Juan tuvo que luchar en la revuelta del campesinado, tambi\u00e9n llamada la revuelta de los payeses de remensa.<\/p>\n<p><a href=\"https:\/\/blogs.ua.es\/juaniiaragon\/files\/2013\/01\/juanII_aragon.jpg\"><img loading=\"lazy\" decoding=\"async\" class=\"aligncenter size-full wp-image-37\" src=\"https:\/\/blogs.ua.es\/juaniiaragon\/files\/2013\/01\/juanII_aragon.jpg\" alt=\"\" width=\"219\" height=\"267\" \/><\/a><\/p>\n","protected":false},"excerpt":{"rendered":"<p>Juan II de Arag\u00f3n naci\u00f3 en 1398 y\u00a0 falleci\u00f3 en 1479. \u00a0Fue rey de Navarra, de Arag\u00f3n, de Mallorca, de Valencia, de Cerde\u00f1a y de Sicilia. Su padre es Fernando I de Antequera y su madre es Leonor Urraca de &hellip; <a href=\"https:\/\/blogs.ua.es\/juaniiaragon\/biografia\/\">Continue reading <span class=\"meta-nav\">&rarr;<\/span><\/a><\/p>\n","protected":false},"author":2926,"featured_media":0,"parent":0,"menu_order":0,"comment_status":"open","ping_status":"open","template":"","meta":{"footnotes":""},"class_list":["post-32","page","type-page","status-publish","hentry"],"_links":{"self":[{"href":"https:\/\/blogs.ua.es\/juaniiaragon\/wp-json\/wp\/v2\/pages\/32","targetHints":{"allow":["GET"]}}],"collection":[{"href":"https:\/\/blogs.ua.es\/juaniiaragon\/wp-json\/wp\/v2\/pages"}],"about":[{"href":"https:\/\/blogs.ua.es\/juaniiaragon\/wp-json\/wp\/v2\/types\/page"}],"author":[{"embeddable":true,"href":"https:\/\/blogs.ua.es\/juaniiaragon\/wp-json\/wp\/v2\/users\/2926"}],"replies":[{"embeddable":true,"href":"https:\/\/blogs.ua.es\/juaniiaragon\/wp-json\/wp\/v2\/comments?post=32"}],"version-history":[{"count":3,"href":"https:\/\/blogs.ua.es\/juaniiaragon\/wp-json\/wp\/v2\/pages\/32\/revisions"}],"predecessor-version":[{"id":36,"href":"https:\/\/blogs.ua.es\/juaniiaragon\/wp-json\/wp\/v2\/pages\/32\/revisions\/36"}],"wp:attachment":[{"href":"https:\/\/blogs.ua.es\/juaniiaragon\/wp-json\/wp\/v2\/media?parent=32"}],"curies":[{"name":"wp","href":"https:\/\/api.w.org\/{rel}","templated":true}]}}