{"id":96,"date":"2013-01-11T08:20:50","date_gmt":"2013-01-11T08:20:50","guid":{"rendered":"https:\/\/blogs.ua.es\/juanpastor\/?page_id=96"},"modified":"2013-01-24T20:17:53","modified_gmt":"2013-01-24T20:17:53","slug":"valoracion","status":"publish","type":"page","link":"https:\/\/blogs.ua.es\/juanpastor\/valoracion\/","title":{"rendered":"Valoraci\u00f3n"},"content":{"rendered":"<p>La localizaci\u00f3n de la mayor\u00eda de la informaci\u00f3n en Internet y en adem\u00e1s un escaso n\u00famero de p\u00e1ginas (que no ha sido\u00a0 demasiado dif\u00edcil localizarlas), es sorprendente e inexplicable (al menos de forma racional), habi\u00e9ndose\u00a0necesitado incluso extraer una gran cantidad\u00a0 de\u00a0datos\u00a0tanto del teatro y blog de donde es director Juan Pastor, como desde sus respectivas\u00a0redes sociales (que ha habido que recopilar y seleccionar cuidadosamente), por lo que se da el caso consistente en que en las referencias web,\u00a0al llamarse la p\u00e1gina igual que el autor\u00a0aparece por tanto\u00a0el nombre de este como es tristemente l\u00f3gico\u00a0duplicado\u00a0o triplicado, aspecto que no se daria si hubiera m\u00e1s informaci\u00f3n en la red e instituciones acad\u00e9micas y culturales correspondientes.<\/p>\n<p>As\u00ed estos hechos nos llevan\u00a0 a la conclusi\u00f3n de que hay muy poco inter\u00e9s por Juan Pastor Millet y su obra, al menos fuera de la gente de su profesi\u00f3n, a pesar de ser este un director de teatro y haber instruido a diversos alumnos para el oficio de actor, porque sino fuera as\u00ed se dispond\u00eda (como deberia ser l\u00f3gico) de mucha m\u00e1s informaci\u00f3n en los\u00a0archivos municipales de Alicante y las Bibliotecas correspondientes y el personal de estos\u00a0lugares lo conoceria, pudiendo recomendar su mejor biografia que incluira sus mejores obras dirigidas y sus\u00a0montajes teatrales, adem\u00e1s de\u00a0actuaciones, logros personales y ense\u00f1anzas a otras personas tanto laborales como sociales. As\u00ed que por lo tanto a este dramaturgo no se le valora como deberia y por ello\u00a0si no se difunde m\u00e1s todo lo relativo a su\u00a0persona y su trabajo,\u00a0problamente no\u00a0ser\u00e1 recordado en el futuro por el p\u00fablico en general ni incluso por algunos de su profesi\u00f3n.<\/p>\n","protected":false},"excerpt":{"rendered":"<p>La localizaci\u00f3n de la mayor\u00eda de la informaci\u00f3n en Internet y en adem\u00e1s un escaso n\u00famero de p\u00e1ginas (que no ha sido\u00a0 demasiado dif\u00edcil localizarlas), es sorprendente e inexplicable (al menos de forma racional), habi\u00e9ndose\u00a0necesitado incluso extraer una gran cantidad\u00a0 de\u00a0datos\u00a0tanto del teatro y blog de donde es director Juan Pastor, como desde sus respectivas\u00a0redes [&hellip;]<\/p>\n","protected":false},"author":2956,"featured_media":0,"parent":0,"menu_order":0,"comment_status":"open","ping_status":"open","template":"","meta":{"footnotes":""},"class_list":["post-96","page","type-page","status-publish","hentry"],"_links":{"self":[{"href":"https:\/\/blogs.ua.es\/juanpastor\/wp-json\/wp\/v2\/pages\/96","targetHints":{"allow":["GET"]}}],"collection":[{"href":"https:\/\/blogs.ua.es\/juanpastor\/wp-json\/wp\/v2\/pages"}],"about":[{"href":"https:\/\/blogs.ua.es\/juanpastor\/wp-json\/wp\/v2\/types\/page"}],"author":[{"embeddable":true,"href":"https:\/\/blogs.ua.es\/juanpastor\/wp-json\/wp\/v2\/users\/2956"}],"replies":[{"embeddable":true,"href":"https:\/\/blogs.ua.es\/juanpastor\/wp-json\/wp\/v2\/comments?post=96"}],"version-history":[{"count":7,"href":"https:\/\/blogs.ua.es\/juanpastor\/wp-json\/wp\/v2\/pages\/96\/revisions"}],"predecessor-version":[{"id":396,"href":"https:\/\/blogs.ua.es\/juanpastor\/wp-json\/wp\/v2\/pages\/96\/revisions\/396"}],"wp:attachment":[{"href":"https:\/\/blogs.ua.es\/juanpastor\/wp-json\/wp\/v2\/media?parent=96"}],"curies":[{"name":"wp","href":"https:\/\/api.w.org\/{rel}","templated":true}]}}