{"id":47,"date":"2011-12-27T15:18:30","date_gmt":"2011-12-27T15:18:30","guid":{"rendered":"https:\/\/blogs.ua.es\/juegosrolhistoria\/?page_id=47"},"modified":"2011-12-27T19:32:51","modified_gmt":"2011-12-27T19:32:51","slug":"fuentes-de-informacion","status":"publish","type":"page","link":"https:\/\/blogs.ua.es\/juegosrolhistoria\/fuentes-de-informacion\/","title":{"rendered":"Metodolog\u00eda."},"content":{"rendered":"<blockquote>\n<p style=\"text-align: justify\"><em>Nuestras principales fuentes de informaci\u00f3n han sido los manuales de los juegos, p\u00e1ginas de internet, y vistas a tiendas de juegos de rol.<\/em><\/p>\n<p style=\"text-align: justify\"><em>Para la redacci\u00f3n de la bibliograf\u00eda hemos seguido la \u00faltima edici\u00f3n de la Norma ISO(sobre todo\u00a0unas plantillas facilitadas por el profesor de la asignatura).<\/em><\/p>\n<\/blockquote>\n","protected":false},"excerpt":{"rendered":"<p>Nuestras principales fuentes de informaci\u00f3n han sido los manuales de los juegos, p\u00e1ginas de internet, y vistas a tiendas de juegos de rol. Para la redacci\u00f3n de la bibliograf\u00eda hemos seguido la \u00faltima edici\u00f3n de la Norma ISO(sobre todo\u00a0unas plantillas &hellip; <a href=\"https:\/\/blogs.ua.es\/juegosrolhistoria\/fuentes-de-informacion\/\">Continue reading <span class=\"meta-nav\">&rarr;<\/span><\/a><\/p>\n","protected":false},"author":2458,"featured_media":0,"parent":0,"menu_order":2,"comment_status":"open","ping_status":"open","template":"","meta":{"footnotes":""},"class_list":["post-47","page","type-page","status-publish","hentry"],"_links":{"self":[{"href":"https:\/\/blogs.ua.es\/juegosrolhistoria\/wp-json\/wp\/v2\/pages\/47","targetHints":{"allow":["GET"]}}],"collection":[{"href":"https:\/\/blogs.ua.es\/juegosrolhistoria\/wp-json\/wp\/v2\/pages"}],"about":[{"href":"https:\/\/blogs.ua.es\/juegosrolhistoria\/wp-json\/wp\/v2\/types\/page"}],"author":[{"embeddable":true,"href":"https:\/\/blogs.ua.es\/juegosrolhistoria\/wp-json\/wp\/v2\/users\/2458"}],"replies":[{"embeddable":true,"href":"https:\/\/blogs.ua.es\/juegosrolhistoria\/wp-json\/wp\/v2\/comments?post=47"}],"version-history":[{"count":5,"href":"https:\/\/blogs.ua.es\/juegosrolhistoria\/wp-json\/wp\/v2\/pages\/47\/revisions"}],"predecessor-version":[{"id":57,"href":"https:\/\/blogs.ua.es\/juegosrolhistoria\/wp-json\/wp\/v2\/pages\/47\/revisions\/57"}],"wp:attachment":[{"href":"https:\/\/blogs.ua.es\/juegosrolhistoria\/wp-json\/wp\/v2\/media?parent=47"}],"curies":[{"name":"wp","href":"https:\/\/api.w.org\/{rel}","templated":true}]}}