{"id":20,"date":"2017-12-04T11:21:11","date_gmt":"2017-12-04T11:21:11","guid":{"rendered":"https:\/\/blogs.ua.es\/laconstrucciondel23f\/?page_id=20"},"modified":"2017-12-05T17:42:48","modified_gmt":"2017-12-05T17:42:48","slug":"analisis-morfologico","status":"publish","type":"page","link":"https:\/\/blogs.ua.es\/laconstrucciondel23f\/analisis-morfologico\/","title":{"rendered":"An\u00e1lisis morfol\u00f3gico."},"content":{"rendered":"<p style=\"text-align: center\">Nos encontramos con una serie de elementos con el fin de llevar a cabo el an\u00e1lisis morfol\u00f3gico del peri\u00f3dico. Podemos mencionar, los elementos de estructura, de los cuales mencionamos, los siguientes puntos a destacar: la publicidad y el espacio de redacci\u00f3n, de lo cual, mencionamos tres puntos, que son los t\u00edtulos, las ilustraciones, los textos. Por otro lado, mencionamos la clasificaci\u00f3n de las materias y aqu\u00ed nos encontramos una serie de tipos entre ellos, podemos mencionar la clasificaci\u00f3n por g\u00e9neros. Por \u00faltimo, pasamos a mencionar el punto de los m\u00e9todos y las reglas, el cual mucho de los puntos tienen alcance general y otro puntos contemplan procedimientos de recuento y evaluaci\u00f3n.<\/p>\n<p style=\"text-align: center\"><a href=\"https:\/\/blogs.ua.es\/laconstrucciondel23f\/2017\/12\/03\/portada-abc\/\" target=\"_blank\" rel=\"noopener\">ABC<\/a><\/p>\n<p style=\"text-align: center\"><a href=\"https:\/\/blogs.ua.es\/laconstrucciondel23f\/2017\/12\/02\/portada-la-vanguardia\/\" target=\"_blank\" rel=\"noopener\">La Vanguardia<\/a><\/p>\n<p style=\"text-align: center\"><a href=\"https:\/\/blogs.ua.es\/laconstrucciondel23f\/2017\/12\/02\/portada-el-pais\/\" target=\"_blank\" rel=\"noopener\">El Pa\u00eds<\/a><\/p>\n<p style=\"text-align: center\"><a href=\"https:\/\/blogs.ua.es\/laconstrucciondel23f\/2017\/12\/03\/portada-la-stampa\/\" target=\"_blank\" rel=\"noopener\">La Stampa<\/a><\/p>\n","protected":false},"excerpt":{"rendered":"<p>Nos encontramos con una serie de elementos con el fin de llevar a cabo el an\u00e1lisis morfol\u00f3gico del peri\u00f3dico. Podemos mencionar, los elementos de estructura, de los cuales mencionamos, los siguientes puntos a destacar: la publicidad y el espacio de redacci\u00f3n, de lo cual, mencionamos tres puntos, que son los t\u00edtulos, las ilustraciones, los textos. [&hellip;]<\/p>\n","protected":false},"author":2548,"featured_media":0,"parent":0,"menu_order":4,"comment_status":"closed","ping_status":"closed","template":"","meta":{"footnotes":""},"class_list":["post-20","page","type-page","status-publish","hentry"],"_links":{"self":[{"href":"https:\/\/blogs.ua.es\/laconstrucciondel23f\/wp-json\/wp\/v2\/pages\/20","targetHints":{"allow":["GET"]}}],"collection":[{"href":"https:\/\/blogs.ua.es\/laconstrucciondel23f\/wp-json\/wp\/v2\/pages"}],"about":[{"href":"https:\/\/blogs.ua.es\/laconstrucciondel23f\/wp-json\/wp\/v2\/types\/page"}],"author":[{"embeddable":true,"href":"https:\/\/blogs.ua.es\/laconstrucciondel23f\/wp-json\/wp\/v2\/users\/2548"}],"replies":[{"embeddable":true,"href":"https:\/\/blogs.ua.es\/laconstrucciondel23f\/wp-json\/wp\/v2\/comments?post=20"}],"version-history":[{"count":10,"href":"https:\/\/blogs.ua.es\/laconstrucciondel23f\/wp-json\/wp\/v2\/pages\/20\/revisions"}],"predecessor-version":[{"id":115,"href":"https:\/\/blogs.ua.es\/laconstrucciondel23f\/wp-json\/wp\/v2\/pages\/20\/revisions\/115"}],"wp:attachment":[{"href":"https:\/\/blogs.ua.es\/laconstrucciondel23f\/wp-json\/wp\/v2\/media?parent=20"}],"curies":[{"name":"wp","href":"https:\/\/api.w.org\/{rel}","templated":true}]}}