{"id":159,"date":"2012-01-08T17:28:24","date_gmt":"2012-01-08T17:28:24","guid":{"rendered":"https:\/\/blogs.ua.es\/ladefensadelindio\/?page_id=159"},"modified":"2012-01-26T20:09:16","modified_gmt":"2012-01-26T20:09:16","slug":"bartolome-de-las-casas","status":"publish","type":"page","link":"https:\/\/blogs.ua.es\/ladefensadelindio\/bartolome-de-las-casas\/","title":{"rendered":"Bartolom\u00e9 de Las Casas"},"content":{"rendered":"<p style=\"text-align: justify\">Bartolom\u00e9 de Las Casas naci\u00f3 en Sevilla en 1484 y muri\u00f3 en Madrid en 1566. Siendo ni\u00f1o, conoci\u00f3 a los Reyes Cat\u00f3licos y al almirante Cristobal Col\u00f3n porque su padre, Pedro de Las Casas participi\u00f3 en los viajes hacia el Nuevo Mundo. En 1499, <strong>tuvo la oportunidad de conocer a un indio, el cual fue tra\u00eddo a Espa\u00f1a por Col\u00f3n y regalado a su padre como esclavo.<\/strong><\/p>\n<p style=\"text-align: justify\">El <strong>15 de abril de 1502<\/strong>, siguiendo los pasos de su padre,<strong> lleg\u00f3 a las Indias<\/strong>, a la isla de La Espa\u00f1ola. En 1503, participi\u00f3 en la b\u00fasqueda del oro con el gobernador Nicol\u00e1s de Ovando, y bajo los \u00f3rdenes de Diego Vel\u00e1squez. Por este motivo, recibi\u00f3 <strong>una encomienda<\/strong> en la Villa de la Conceptci\u00f3n de la Vega, la cual administr\u00f3 hasta 1506. Tuvo que dejar La Espa\u00f1ola para Roma, donde se orden\u00f3 de sacerdote. Regres\u00f3 en La Espa\u00f1ola en 1508. Fue en 1511 cuando escuch\u00f3 <strong>el serm\u00f3n de Montesinos<\/strong>. Poco tiempo despu\u00e9s, en 1512, fue translado en Cuba donde sucedi\u00f3 seg\u00fan las cr\u00f3nicas de Bartolom\u00e9, la matanza de Caonao. Se dio cuenta muy r\u00e1pidamente de lo injusto que ocurr\u00eda. En agosto de 1514, pronunci\u00f3 un serm\u00f3n en Sancti Spiritus en el cual renunci\u00f3 p\u00fablicamente a todos sus repartimientos. <strong>Desde entonces, Bartolom\u00e9 de Las Casas no ser\u00e1 el mismo que antes.<\/strong><\/p>\n<div id=\"attachment_161\" style=\"width: 233px\" class=\"wp-caption aligncenter\"><a href=\"https:\/\/blogs.ua.es\/ladefensadelindio\/files\/2012\/01\/AMF1049511.jpg\"><img loading=\"lazy\" decoding=\"async\" aria-describedby=\"caption-attachment-161\" class=\"size-medium wp-image-161\" src=\"https:\/\/blogs.ua.es\/ladefensadelindio\/files\/2012\/01\/AMF1049511-223x300.jpg\" alt=\"\" width=\"223\" height=\"300\" srcset=\"https:\/\/blogs.ua.es\/ladefensadelindio\/files\/2012\/01\/AMF1049511-223x300.jpg 223w, https:\/\/blogs.ua.es\/ladefensadelindio\/files\/2012\/01\/AMF1049511.jpg 298w\" sizes=\"auto, (max-width: 223px) 100vw, 223px\" \/><\/a><p id=\"caption-attachment-161\" class=\"wp-caption-text\">Imagen de Bartolom\u00e9 de Las Casas<\/p><\/div>\n<p style=\"text-align: justify\"><strong>Bartolom\u00e9 de Las Casas empez\u00f3 entonces a actuar en defensa de los indios.<\/strong> Viaj\u00f3 a Espa\u00f1a a contar a Fernando el Cat\u00f3lico todo lo que ocurr\u00eda en Cuba. A la muerte del rey, se entrevis\u00f3 con el Cardenal Cisneros a quien expuso el<em> Memorial de remedios <\/em>para las Indias en 1516. Esta obra fue considerada como una utop\u00eda y comparada a la de Tom\u00e1s Moro, publicada el mismo a\u00f1o. <strong>Las Casas propon\u00eda la formaci\u00f3n de comunidades<\/strong> <strong>ind\u00edgenas administradas por espa\u00f1oles dispuestos a educar y evangelizar a los indios, y no a explotarlos en su propio benefico.<\/strong> Pero a la muerte del cardenal, tuvo que proponer el poyecto a Carlos I, de quien s\u00f3lo consigui\u00f3 que se le dio tierras en la actual Venezuela. All\u00ed en 1518, intent\u00f3 poner en pr\u00e1ctica sus ideas, pero las tribus se rebelaron y el proyecto fracas\u00f3. Desde entonces, cada vez que propon\u00eda nuevas cosas para humanizar el trato hacia los ind\u00edgenas, sus detractores lo recordaron el episodio de fracaso en Venezuela.<\/p>\n<p style=\"text-align: justify\"><strong>Bartolom\u00e9 de Las Casas entr\u00f3 en la orden dominicana en Santo Domingo en 1522<\/strong>. A partir de este momento no actuaba directamente en los asuntos de los indios pero s\u00ed que mantuvo correspondencia con la Corte espa\u00f1ola sobre asuntos relacionados con la defensa del indio. Estudi\u00f3 leyes y teolog\u00eda, y emprendi\u00f3 una carrera de historiador al empezar a escribir <em><strong>La Historia de las Indias<\/strong>. <\/em>Efectu\u00f3 misiones en 1534 para evangelizar a los nativos del Per\u00fa, en Nicaragua y Guatemala.<\/p>\n<p style=\"text-align: justify\">La conquista del Per\u00fa que engendr\u00f3 muchas matanzas oblig\u00f3 a <strong>Carlos I<\/strong> buscar soluciones frente a tanto descontrol. Bartolom\u00e9 de Las Casas, en 1542, empez\u00f3 a influir politicamente en Valladolid. Ley\u00f3 ante el <strong>Consejo de las Indias<\/strong>, una versi\u00f3n previa de su famosa obra <em><strong>Brev\u00edsima relaci\u00f3n de la destrucci\u00f3n de las Indias<\/strong>.<\/em> Trata de las atrocidades cometidas por los espa\u00f1oles desde la conquista hasta entonces. Contribuy\u00f3 as\u00ed a la promulgaci\u00f3n de las <strong>Leyes Nuevas<\/strong> en 1542. Se fue despu\u00e9s a Am\u00e9rica en calidad de obispo de Chiaspas, con el encargo de poner en pr\u00e1cticas sus teor\u00edas.<\/p>\n<p style=\"text-align: justify\"><strong>Bartolom\u00e9 de Las Casas fue un fraile dominico espa\u00f1ol, un cron\u00edsta, un te\u00f3logo, obispo de Chiaspas, un fil\u00f3sofo, un jusrista y apologista de los indios. El Cardenal Cisneros le otorg\u00f3 el t\u00edtulo de \u00ab\u00a0Protector de los indios \u00bb.<\/strong><\/p>\n<p style=\"text-align: justify\">Los\u00a0aspectos m\u00e1s\u00a0importantes de la actuaci\u00f3n de Bartolom\u00e9 de Las Casas son analizadas en las distintas entradas tal como la <a href=\"https:\/\/blogs.ua.es\/ladefensadelindio\/2012\/01\/08\/la-controversia-de-valladolid\/\" target=\"_blank\">Controvers\u00eda de Valladolid<\/a>, la <a href=\"https:\/\/blogs.ua.es\/ladefensadelindio\/2012\/01\/09\/brevisima-relacion-de-la-destruccion-de-las-indias\/\" target=\"_blank\">Brev\u00edsima relaci\u00f3n de la destrucci\u00f3n de las Indias<\/a>, <a href=\"https:\/\/blogs.ua.es\/ladefensadelindio\/2012\/01\/08\/leyes-en-cuanto-al-nuevo-mundo\/\" target=\"_blank\">las leyes en cuanto al\u00a0Nuevo Mundo<\/a>, y\u00a0<a href=\"https:\/\/blogs.ua.es\/ladefensadelindio\/2012\/01\/09\/la-leyenda-negra\/\" target=\"_blank\">la leyenda negra<\/a>.<\/p>\n","protected":false},"excerpt":{"rendered":"<p>Bartolom\u00e9 de Las Casas naci\u00f3 en Sevilla en 1484 y muri\u00f3 en Madrid en 1566. Siendo ni\u00f1o, conoci\u00f3 a los Reyes Cat\u00f3licos y al almirante Cristobal Col\u00f3n porque su padre, Pedro de Las Casas participi\u00f3 en los viajes hacia el &hellip; <a href=\"https:\/\/blogs.ua.es\/ladefensadelindio\/bartolome-de-las-casas\/\">Continue reading <span class=\"meta-nav\">&rarr;<\/span><\/a><\/p>\n","protected":false},"author":2245,"featured_media":0,"parent":0,"menu_order":5,"comment_status":"open","ping_status":"open","template":"","meta":{"footnotes":""},"class_list":["post-159","page","type-page","status-publish","hentry"],"_links":{"self":[{"href":"https:\/\/blogs.ua.es\/ladefensadelindio\/wp-json\/wp\/v2\/pages\/159","targetHints":{"allow":["GET"]}}],"collection":[{"href":"https:\/\/blogs.ua.es\/ladefensadelindio\/wp-json\/wp\/v2\/pages"}],"about":[{"href":"https:\/\/blogs.ua.es\/ladefensadelindio\/wp-json\/wp\/v2\/types\/page"}],"author":[{"embeddable":true,"href":"https:\/\/blogs.ua.es\/ladefensadelindio\/wp-json\/wp\/v2\/users\/2245"}],"replies":[{"embeddable":true,"href":"https:\/\/blogs.ua.es\/ladefensadelindio\/wp-json\/wp\/v2\/comments?post=159"}],"version-history":[{"count":18,"href":"https:\/\/blogs.ua.es\/ladefensadelindio\/wp-json\/wp\/v2\/pages\/159\/revisions"}],"predecessor-version":[{"id":199,"href":"https:\/\/blogs.ua.es\/ladefensadelindio\/wp-json\/wp\/v2\/pages\/159\/revisions\/199"}],"wp:attachment":[{"href":"https:\/\/blogs.ua.es\/ladefensadelindio\/wp-json\/wp\/v2\/media?parent=159"}],"curies":[{"name":"wp","href":"https:\/\/api.w.org\/{rel}","templated":true}]}}