{"id":78,"date":"2012-01-06T19:52:44","date_gmt":"2012-01-06T19:52:44","guid":{"rendered":"https:\/\/blogs.ua.es\/ladefensadelindio\/?page_id=78"},"modified":"2012-01-26T20:03:29","modified_gmt":"2012-01-26T20:03:29","slug":"contexto-historico","status":"publish","type":"page","link":"https:\/\/blogs.ua.es\/ladefensadelindio\/contexto-historico\/","title":{"rendered":"Contexto hist\u00f3rico"},"content":{"rendered":"<p style=\"text-align: justify\">La fecha del 12 de octubre marca un gran cambio en la Humanidad : es el encuentro de dos culturas que habian coexistido en el mismo planeta durante siglos y sin conocerse.<\/p>\n<p style=\"text-align: justify\">El descubrimiento de Am\u00e9rica gener\u00f3 las distintas <strong>conquistas<\/strong> y la <strong>colonizaci\u00f3n<\/strong> del Nuevo Mundo : desde entonces europeos e indios cohabitaron en la misma tierra.<\/p>\n<p style=\"text-align: justify\">La Corona de Espa\u00f1a no actuaba mucho en la gesti\u00f3n del Nuevo Mundo, y otorgaba el poder a virreyes. Sin embargo, vali\u00e9ndose del sitema de <strong>la encomienda<\/strong>, los colonos criollos y los encomenderos se aprovechaban de los indios haciendo de ellos, sus esclavos.<\/p>\n<p style=\"text-align: justify\">Esto fue\u00a0lo que sucit\u00f3 la reacci\u00f3n de muchos eclesi\u00e1sticos tales como <strong>Antonio de\u00a0Montesinos y Bartolom\u00e9 de Las Casas<\/strong>. La protesta de los dominicos y su influencia en la Corte fueron determinantes para que se publicasen leyes que garantizaran la libertad del indio.<\/p>\n<p style=\"text-align: justify\">Os aconsejo para entender mejor el contexto hist\u00f3rico las siguientes entradas:<\/p>\n<ol style=\"text-align: justify\">\n<li>\n<div style=\"text-align: justify\"><a href=\"https:\/\/blogs.ua.es\/ladefensadelindio\/2012\/01\/06\/el-descubrimiento-de-america\/\" target=\"_blank\">El descubrimiento de Am\u00e9rica<\/a><\/div>\n<\/li>\n<li>\n<div style=\"text-align: justify\"><a href=\"https:\/\/blogs.ua.es\/ladefensadelindio\/2012\/01\/06\/quien-era-cristobal-colon\/\" target=\"_blank\">\u00bfQui\u00e9n era Cristobal Col\u00f3n?<\/a><\/div>\n<\/li>\n<li>\n<div style=\"text-align: justify\"><a href=\"https:\/\/blogs.ua.es\/ladefensadelindio\/2012\/01\/06\/la-conquista-de-america\/\" target=\"_blank\">La conquista de Am\u00e9rica<\/a><\/div>\n<\/li>\n<li>\n<div style=\"text-align: justify\"><a href=\"https:\/\/blogs.ua.es\/ladefensadelindio\/2012\/01\/06\/la-colonizacion-de-america\/\" target=\"_blank\">La colonizaci\u00f3n de Am\u00e9rica<\/a><\/div>\n<\/li>\n<li>\n<div><a href=\"https:\/\/blogs.ua.es\/ladefensadelindio\/2012\/01\/06\/las-consecuencias-de-la-conquista-y-de-la-colonizacion\/\" target=\"_blank\">Las consecuencias de la conquista y de la colonizaci\u00f3n<\/a><\/div>\n<\/li>\n<\/ol>\n<p style=\"text-align: justify\">Este video ilustra el contexto hist\u00f3rico\u00a0e introduce el tema de la defensa de los indios :<\/p>\n<p style=\"text-align: justify\"><code>[kml_flashembed movie=\"http:\/\/www.youtube.com\/v\/jqDCfui5Qxw\" width=\"425\" height=\"350\" wmode=\"transparent\" \/]<\/code><\/p>\n<p>&nbsp;<\/p>\n<p style=\"text-align: justify\">\n","protected":false},"excerpt":{"rendered":"<p>La fecha del 12 de octubre marca un gran cambio en la Humanidad : es el encuentro de dos culturas que habian coexistido en el mismo planeta durante siglos y sin conocerse. El descubrimiento de Am\u00e9rica gener\u00f3 las distintas conquistas &hellip; <a href=\"https:\/\/blogs.ua.es\/ladefensadelindio\/contexto-historico\/\">Continue reading <span class=\"meta-nav\">&rarr;<\/span><\/a><\/p>\n","protected":false},"author":2245,"featured_media":0,"parent":0,"menu_order":3,"comment_status":"open","ping_status":"open","template":"","meta":{"footnotes":""},"class_list":["post-78","page","type-page","status-publish","hentry"],"_links":{"self":[{"href":"https:\/\/blogs.ua.es\/ladefensadelindio\/wp-json\/wp\/v2\/pages\/78","targetHints":{"allow":["GET"]}}],"collection":[{"href":"https:\/\/blogs.ua.es\/ladefensadelindio\/wp-json\/wp\/v2\/pages"}],"about":[{"href":"https:\/\/blogs.ua.es\/ladefensadelindio\/wp-json\/wp\/v2\/types\/page"}],"author":[{"embeddable":true,"href":"https:\/\/blogs.ua.es\/ladefensadelindio\/wp-json\/wp\/v2\/users\/2245"}],"replies":[{"embeddable":true,"href":"https:\/\/blogs.ua.es\/ladefensadelindio\/wp-json\/wp\/v2\/comments?post=78"}],"version-history":[{"count":16,"href":"https:\/\/blogs.ua.es\/ladefensadelindio\/wp-json\/wp\/v2\/pages\/78\/revisions"}],"predecessor-version":[{"id":83,"href":"https:\/\/blogs.ua.es\/ladefensadelindio\/wp-json\/wp\/v2\/pages\/78\/revisions\/83"}],"wp:attachment":[{"href":"https:\/\/blogs.ua.es\/ladefensadelindio\/wp-json\/wp\/v2\/media?parent=78"}],"curies":[{"name":"wp","href":"https:\/\/api.w.org\/{rel}","templated":true}]}}