{"id":2,"date":"2011-09-20T13:34:28","date_gmt":"2011-09-20T13:34:28","guid":{"rendered":"https:\/\/blogs.ua.es\/lamonarquiahispanicayportugal\/?page_id=2"},"modified":"2011-11-20T11:52:47","modified_gmt":"2011-11-20T11:52:47","slug":"pagina-ejemplo","status":"publish","type":"page","link":"https:\/\/blogs.ua.es\/lamonarquiahispanicayportugal\/pagina-ejemplo\/","title":{"rendered":"Biblograf\u00eda"},"content":{"rendered":"<p>Rafael valladares: <em>Portugal y la Monarqu\u00eda Hisp\u00e1nica,1580-1688<\/em><\/p>\n<p>Rafael valladares:\u00a0<em>La Rebeli\u00f3n de Portugal 1640-1680 Guerra,conflicto y poderes en la monarqu\u00eda hisp\u00e1nica<\/em><\/p>\n<p>Fernando Jes\u00fas Bouza \u00c1lvarez<em>: Portugal en la monarqu\u00eda hisp\u00e1nica (1580-1640)<\/em>:Felipe II,las Cortes de Tomar y la g\u00e9nesis del Portugal cat\u00f3lico<\/p>\n<p>Alicia Alted Vigil:\u00a0<em>Espa\u00f1a y Portugal, s. IX-XX: vivencias hist\u00f3ricas<\/em><\/p>\n<p dir=\"ltr\">Auguste Bouchot:\u00a0<em>Historia de Portugal y de sus colonias<\/em><\/p>\n<p dir=\"ltr\">Alphonse Rabbe:\u00a0<em>Compendio de la historia de Portugal: desde el principio de su monarqu\u00eda,hasta el a\u00f1o de 1823<\/em><\/p>\n<p dir=\"ltr\">David Birmingham:<em>Historia de Portugal<\/em><\/p>\n<p dir=\"ltr\">\n<p>&nbsp;<\/p>\n<p>&nbsp;<\/p>\n<div><span style=\"color: #0000ee;font-size: 12px;line-height: normal\"><br \/>\n<\/span><\/div>\n","protected":false},"excerpt":{"rendered":"<p>Rafael valladares: Portugal y la Monarqu\u00eda Hisp\u00e1nica,1580-1688 Rafael valladares:\u00a0La Rebeli\u00f3n de Portugal 1640-1680 Guerra,conflicto y poderes en la monarqu\u00eda hisp\u00e1nica Fernando Jes\u00fas Bouza \u00c1lvarez: Portugal en la monarqu\u00eda hisp\u00e1nica (1580-1640):Felipe II,las Cortes de Tomar y la g\u00e9nesis del Portugal cat\u00f3lico Alicia Alted Vigil:\u00a0Espa\u00f1a y Portugal, s. IX-XX: vivencias hist\u00f3ricas Auguste Bouchot:\u00a0Historia de Portugal y de [&hellip;]<\/p>\n","protected":false},"author":2170,"featured_media":0,"parent":0,"menu_order":2,"comment_status":"open","ping_status":"open","template":"","meta":{"footnotes":""},"class_list":["post-2","page","type-page","status-publish","hentry"],"_links":{"self":[{"href":"https:\/\/blogs.ua.es\/lamonarquiahispanicayportugal\/wp-json\/wp\/v2\/pages\/2","targetHints":{"allow":["GET"]}}],"collection":[{"href":"https:\/\/blogs.ua.es\/lamonarquiahispanicayportugal\/wp-json\/wp\/v2\/pages"}],"about":[{"href":"https:\/\/blogs.ua.es\/lamonarquiahispanicayportugal\/wp-json\/wp\/v2\/types\/page"}],"author":[{"embeddable":true,"href":"https:\/\/blogs.ua.es\/lamonarquiahispanicayportugal\/wp-json\/wp\/v2\/users\/2170"}],"replies":[{"embeddable":true,"href":"https:\/\/blogs.ua.es\/lamonarquiahispanicayportugal\/wp-json\/wp\/v2\/comments?post=2"}],"version-history":[{"count":18,"href":"https:\/\/blogs.ua.es\/lamonarquiahispanicayportugal\/wp-json\/wp\/v2\/pages\/2\/revisions"}],"predecessor-version":[{"id":330,"href":"https:\/\/blogs.ua.es\/lamonarquiahispanicayportugal\/wp-json\/wp\/v2\/pages\/2\/revisions\/330"}],"wp:attachment":[{"href":"https:\/\/blogs.ua.es\/lamonarquiahispanicayportugal\/wp-json\/wp\/v2\/media?parent=2"}],"curies":[{"name":"wp","href":"https:\/\/api.w.org\/{rel}","templated":true}]}}