{"id":77,"date":"2011-10-11T13:52:07","date_gmt":"2011-10-11T13:52:07","guid":{"rendered":"https:\/\/blogs.ua.es\/lamonarquiahispanicayportugal\/?page_id=77"},"modified":"2011-11-20T11:00:32","modified_gmt":"2011-11-20T11:00:32","slug":"portugal","status":"publish","type":"page","link":"https:\/\/blogs.ua.es\/lamonarquiahispanicayportugal\/portugal\/","title":{"rendered":"\u300aPortugal y la Monarqu\u00eda Hisp\u00e1nica, 1580-1668\u300b"},"content":{"rendered":"<p>&nbsp;<\/p>\n<p><a title=\"casadelibro\" href=\"http:\/\/www.casadellibro.com\/libro-portugal-y-la-monarquia-hispanica-1580-1668\/9788476354063\/696579\" target=\"_blank\"><span style=\"color: #000000\">http:\/\/www.casadellibro.com<\/span><\/a><\/p>\n<p><span style=\"color: #000000\"><strong>Portugal y la Monarqu\u00eda Hisp\u00e1nica, 1580-1668<\/strong> trata sobre uno de los acontecimientos m\u00e1s fascinantes de la Edad Moderna<a href=\"https:\/\/blogs.ua.es\/lamonarquiahispanicayportugal\/files\/2011\/10\/var_www_web.popularlibros.com_public_html_imagenes_9788476_978847635406.jpg\"><img loading=\"lazy\" decoding=\"async\" class=\"alignright size-full wp-image-192\" src=\"https:\/\/blogs.ua.es\/lamonarquiahispanicayportugal\/files\/2011\/10\/var_www_web.popularlibros.com_public_html_imagenes_9788476_978847635406.jpg\" alt=\"\" width=\"98\" height=\"150\" \/><\/a> Europea: <span style=\"text-decoration: underline;color: #0000ff\">la agregaci\u00f3n de la corona de Portugal a la Monarqu\u00eda de los Austrias. <\/span>Fue entre 1580 y la paz hispano-portuguesa de 1668 cuando se decidi\u00f3 la actual conformaci\u00f3n pol\u00edtica de la Pen\u00ednsula Ib\u00e9rica, esto es, se divisi\u00f3n en dos estados soberanos. Entre la fecha de la uni\u00f3n y el triunfo de la escisi\u00f3n, transcurrieron casi cien a\u00f1os de intensas relaciones y, por tanto, de agudos conflictos tambi\u00e9n. La obra pretende analizar, pues, las bases sobre las que se estableci\u00f3 la uni\u00f3n din\u00e1stica de 1530: <span style=\"text-decoration: underline\">el territorio, la poblaci\u00f3n, los ritmos econ\u00f3micos, las corrientes culturales y las coyunturas pol\u00edticas del Portugal de los Austrias<\/span>. De este modo, se abre paso el estudio pormenorizado del proceso de escisi\u00f3.<\/span><\/p>\n<p>&nbsp;<\/p>\n<p>&nbsp;<\/p>\n","protected":false},"excerpt":{"rendered":"<p>&nbsp; http:\/\/www.casadellibro.com Portugal y la Monarqu\u00eda Hisp\u00e1nica, 1580-1668 trata sobre uno de los acontecimientos m\u00e1s fascinantes de la Edad Moderna Europea: la agregaci\u00f3n de la corona de Portugal a la Monarqu\u00eda de los Austrias. Fue entre 1580 y la paz hispano-portuguesa de 1668 cuando se decidi\u00f3 la actual conformaci\u00f3n pol\u00edtica de la Pen\u00ednsula Ib\u00e9rica, esto [&hellip;]<\/p>\n","protected":false},"author":2170,"featured_media":0,"parent":0,"menu_order":3,"comment_status":"open","ping_status":"open","template":"","meta":{"footnotes":""},"class_list":["post-77","page","type-page","status-publish","hentry"],"_links":{"self":[{"href":"https:\/\/blogs.ua.es\/lamonarquiahispanicayportugal\/wp-json\/wp\/v2\/pages\/77","targetHints":{"allow":["GET"]}}],"collection":[{"href":"https:\/\/blogs.ua.es\/lamonarquiahispanicayportugal\/wp-json\/wp\/v2\/pages"}],"about":[{"href":"https:\/\/blogs.ua.es\/lamonarquiahispanicayportugal\/wp-json\/wp\/v2\/types\/page"}],"author":[{"embeddable":true,"href":"https:\/\/blogs.ua.es\/lamonarquiahispanicayportugal\/wp-json\/wp\/v2\/users\/2170"}],"replies":[{"embeddable":true,"href":"https:\/\/blogs.ua.es\/lamonarquiahispanicayportugal\/wp-json\/wp\/v2\/comments?post=77"}],"version-history":[{"count":12,"href":"https:\/\/blogs.ua.es\/lamonarquiahispanicayportugal\/wp-json\/wp\/v2\/pages\/77\/revisions"}],"predecessor-version":[{"id":311,"href":"https:\/\/blogs.ua.es\/lamonarquiahispanicayportugal\/wp-json\/wp\/v2\/pages\/77\/revisions\/311"}],"wp:attachment":[{"href":"https:\/\/blogs.ua.es\/lamonarquiahispanicayportugal\/wp-json\/wp\/v2\/media?parent=77"}],"curies":[{"name":"wp","href":"https:\/\/api.w.org\/{rel}","templated":true}]}}