{"id":155,"date":"2011-12-26T00:34:19","date_gmt":"2011-12-26T00:34:19","guid":{"rendered":"https:\/\/blogs.ua.es\/lanavegaciontransatlantica\/?page_id=155"},"modified":"2012-01-20T12:03:01","modified_gmt":"2012-01-20T12:03:01","slug":"contexto-historico","status":"publish","type":"page","link":"https:\/\/blogs.ua.es\/lanavegaciontransatlantica\/contexto-historico\/","title":{"rendered":"Contexto hist\u00f3rico"},"content":{"rendered":"<p>Hasta finales del siglo XV,los europeos sab\u00edan muy poco del resto del mundo.Pero en el transcurso de unos cien a\u00f1os m\u00faltiples expediciones,casi todas mar\u00edtimas,pusieron en conexi\u00f3n los mundos y continentes aislados,excepto Australia,y a todas partes llegaron misioneros,comerciantes y conquistadores europeos.A comienzos del siglo XVII hab\u00eda asentamientos europeos en toda Am\u00e9rica y la red de la civilizaci\u00f3n y del comercio occidental se hab\u00eda extendido a todas las costas africanas,a la India,a las islas de las Especias(actual Indonesia),a Filipinas,a China y a Jap\u00f3n.<\/p>\n<p><img loading=\"lazy\" decoding=\"async\" src=\"http:\/\/4.bp.blogspot.com\/_ratSv2jML1Q\/SbbCuQFiPhI\/AAAAAAAABEU\/flEneP8RdmU\/s320\/galeon.jpg\" alt=\"\" width=\"320\" height=\"313\" \/><\/p>\n","protected":false},"excerpt":{"rendered":"<p>Hasta finales del siglo XV,los europeos sab\u00edan muy poco del resto del mundo.Pero en el transcurso de unos cien a\u00f1os m\u00faltiples expediciones,casi todas mar\u00edtimas,pusieron en conexi\u00f3n los mundos y continentes aislados,excepto Australia,y a todas partes llegaron misioneros,comerciantes y conquistadores europeos.A comienzos del siglo XVII hab\u00eda asentamientos europeos en toda Am\u00e9rica y la red de la [&hellip;]<\/p>\n","protected":false},"author":2178,"featured_media":0,"parent":0,"menu_order":0,"comment_status":"open","ping_status":"closed","template":"","meta":{"footnotes":""},"class_list":["post-155","page","type-page","status-publish","hentry"],"_links":{"self":[{"href":"https:\/\/blogs.ua.es\/lanavegaciontransatlantica\/wp-json\/wp\/v2\/pages\/155","targetHints":{"allow":["GET"]}}],"collection":[{"href":"https:\/\/blogs.ua.es\/lanavegaciontransatlantica\/wp-json\/wp\/v2\/pages"}],"about":[{"href":"https:\/\/blogs.ua.es\/lanavegaciontransatlantica\/wp-json\/wp\/v2\/types\/page"}],"author":[{"embeddable":true,"href":"https:\/\/blogs.ua.es\/lanavegaciontransatlantica\/wp-json\/wp\/v2\/users\/2178"}],"replies":[{"embeddable":true,"href":"https:\/\/blogs.ua.es\/lanavegaciontransatlantica\/wp-json\/wp\/v2\/comments?post=155"}],"version-history":[{"count":4,"href":"https:\/\/blogs.ua.es\/lanavegaciontransatlantica\/wp-json\/wp\/v2\/pages\/155\/revisions"}],"predecessor-version":[{"id":201,"href":"https:\/\/blogs.ua.es\/lanavegaciontransatlantica\/wp-json\/wp\/v2\/pages\/155\/revisions\/201"}],"wp:attachment":[{"href":"https:\/\/blogs.ua.es\/lanavegaciontransatlantica\/wp-json\/wp\/v2\/media?parent=155"}],"curies":[{"name":"wp","href":"https:\/\/api.w.org\/{rel}","templated":true}]}}