{"id":237,"date":"2012-01-20T15:12:45","date_gmt":"2012-01-20T15:12:45","guid":{"rendered":"https:\/\/blogs.ua.es\/lasfilipinas\/?page_id=237"},"modified":"2012-01-20T16:18:26","modified_gmt":"2012-01-20T16:18:26","slug":"i","status":"publish","type":"page","link":"https:\/\/blogs.ua.es\/lasfilipinas\/i\/","title":{"rendered":"Introducci\u00f3n general del tema"},"content":{"rendered":"<p style=\"text-align: center\">\n<p style=\"text-align: center\"><strong>Filipinas es un Estado insular del sureste asi\u00e1tico, constituido por un archipi\u00e9lago de m\u00e1s de 7 000 islas. Est\u00e1 ba\u00f1ado por el mar de China Meridional, el mar de C\u00e9l\u00e8bes, el mar de Sul\u00f9 y el mar de Filipinas, es decir el oc\u00e9ano Pacifico. Las islas m\u00e1s importantes son: Luz\u00f3n y Mindanao, y despu\u00e9s el archipi\u00e9lago de las Visayas<\/strong><\/p>\n<p style=\"text-align: center\"><strong>Estas islas fueron descubiertas por Hernando de Magallanes en 1521. El nombre de Filipinas les fue dado por otro navegante espa\u00f1ol llamado Villalobos, en honor del pr\u00edncipe de Asturias, que hab\u00eda de ser Felipe II. Su capital, Manila, fue fundada en 1572.<\/strong><\/p>\n<p style=\"text-align: center\"><strong>En este blog, voy a hacer una cronolog\u00eda de las etapas m\u00e1s importantes en la historia de las Filipinas, desde su descubrimiento \u00a0hasta el fin del dominio espa\u00f1ol, tratando del proceso de colonizaci\u00f3n y de las diferentes consecuencias provocadas por esta mezcla de culturas.<\/strong><\/p>\n<p style=\"text-align: center\"><strong><br \/>\n<\/strong><\/p>\n<p style=\"text-align: center\"><a href=\"https:\/\/blogs.ua.es\/lasfilipinas\/files\/2012\/01\/blog3.jpg\"><img loading=\"lazy\" decoding=\"async\" class=\"aligncenter size-medium wp-image-260\" src=\"https:\/\/blogs.ua.es\/lasfilipinas\/files\/2012\/01\/blog3-250x300.jpg\" alt=\"\" width=\"250\" height=\"300\" srcset=\"https:\/\/blogs.ua.es\/lasfilipinas\/files\/2012\/01\/blog3-250x300.jpg 250w, https:\/\/blogs.ua.es\/lasfilipinas\/files\/2012\/01\/blog3-855x1024.jpg 855w, https:\/\/blogs.ua.es\/lasfilipinas\/files\/2012\/01\/blog3.jpg 1346w\" sizes=\"auto, (max-width: 250px) 100vw, 250px\" \/><\/a><\/p>\n","protected":false},"excerpt":{"rendered":"<p>Filipinas es un Estado insular del sureste asi\u00e1tico, constituido por un archipi\u00e9lago de m\u00e1s de 7 000 islas. Est\u00e1 ba\u00f1ado por el mar de China Meridional, el mar de C\u00e9l\u00e8bes, el mar de Sul\u00f9 y el mar de Filipinas, es decir el oc\u00e9ano Pacifico. Las islas m\u00e1s importantes son: Luz\u00f3n y Mindanao, y despu\u00e9s el [&hellip;]<\/p>\n","protected":false},"author":2185,"featured_media":0,"parent":0,"menu_order":2,"comment_status":"open","ping_status":"closed","template":"","meta":{"footnotes":""},"class_list":["post-237","page","type-page","status-publish","hentry"],"_links":{"self":[{"href":"https:\/\/blogs.ua.es\/lasfilipinas\/wp-json\/wp\/v2\/pages\/237","targetHints":{"allow":["GET"]}}],"collection":[{"href":"https:\/\/blogs.ua.es\/lasfilipinas\/wp-json\/wp\/v2\/pages"}],"about":[{"href":"https:\/\/blogs.ua.es\/lasfilipinas\/wp-json\/wp\/v2\/types\/page"}],"author":[{"embeddable":true,"href":"https:\/\/blogs.ua.es\/lasfilipinas\/wp-json\/wp\/v2\/users\/2185"}],"replies":[{"embeddable":true,"href":"https:\/\/blogs.ua.es\/lasfilipinas\/wp-json\/wp\/v2\/comments?post=237"}],"version-history":[{"count":8,"href":"https:\/\/blogs.ua.es\/lasfilipinas\/wp-json\/wp\/v2\/pages\/237\/revisions"}],"predecessor-version":[{"id":262,"href":"https:\/\/blogs.ua.es\/lasfilipinas\/wp-json\/wp\/v2\/pages\/237\/revisions\/262"}],"wp:attachment":[{"href":"https:\/\/blogs.ua.es\/lasfilipinas\/wp-json\/wp\/v2\/media?parent=237"}],"curies":[{"name":"wp","href":"https:\/\/api.w.org\/{rel}","templated":true}]}}