{"id":73,"date":"2012-01-20T11:04:36","date_gmt":"2012-01-20T11:04:36","guid":{"rendered":"https:\/\/blogs.ua.es\/lasmujeresdefelipeii\/?page_id=73"},"modified":"2012-01-21T16:00:20","modified_gmt":"2012-01-21T16:00:20","slug":"introduccion-general-del-tema-3","status":"publish","type":"page","link":"https:\/\/blogs.ua.es\/lasmujeresdefelipeii\/introduccion-general-del-tema-3\/","title":{"rendered":"Introducci\u00f3n general del tema"},"content":{"rendered":"<p>Mi blog tratar\u00e1 sobre Las Mujeres de Felipe II.<\/p>\n<p>En primer lugar, har\u00e9 una breve descripci\u00f3n de la vida de Felipe II de Austria, rey de Espa\u00f1a. Explicar\u00e9 quien era Felipe II y porqu\u00e9 jug\u00f3 un papel muy importante en la historia de Espa\u00f1a.<\/p>\n<p>En segundo lugar, har\u00e9 una descripci\u00f3n de todas las mujeres en el entorno de Felipe II. Empezar\u00e9 con una mujer muy importante en su vida, su madre Isabel de Portugal y sus dos hermanas: Mar\u00eda de Austria y Portugal y Juana de Austria. Despu\u00e9s, hablar\u00e9 de de las cuatro mujeres con las que estuvo casado: Mar\u00eda Manuela de Portugal, Mar\u00eda I de Inglaterra, Isabel de Valois y Ana de Austria. Explicar\u00e9 quienes fueron y las distintas razones del matrimonio con cada mujeres. Luego desarrollar\u00e9 sobre sus hijos, en particular las dos hijas que \u00e9l tuvo con sus mujeres. Finalmente, terminar\u00e9 con otra mujer que estuvo muy presente en la vida de Felipe II, una mujer que \u00e9l ve\u00eda a escondidas, su amante, Ana de Mendoza de la Cerda tambi\u00e9n llamada Princesa de \u00c9boli.<\/p>\n","protected":false},"excerpt":{"rendered":"<p>Mi blog tratar\u00e1 sobre Las Mujeres de Felipe II. En primer lugar, har\u00e9 una breve descripci\u00f3n de la vida de Felipe II de Austria, rey de Espa\u00f1a. Explicar\u00e9 quien era Felipe II y porqu\u00e9 jug\u00f3 un papel muy importante en la historia de Espa\u00f1a. En segundo lugar, har\u00e9 una descripci\u00f3n de todas las mujeres en [&hellip;]<\/p>\n","protected":false},"author":2182,"featured_media":0,"parent":0,"menu_order":0,"comment_status":"open","ping_status":"open","template":"","meta":{"footnotes":""},"class_list":["post-73","page","type-page","status-publish","hentry"],"_links":{"self":[{"href":"https:\/\/blogs.ua.es\/lasmujeresdefelipeii\/wp-json\/wp\/v2\/pages\/73","targetHints":{"allow":["GET"]}}],"collection":[{"href":"https:\/\/blogs.ua.es\/lasmujeresdefelipeii\/wp-json\/wp\/v2\/pages"}],"about":[{"href":"https:\/\/blogs.ua.es\/lasmujeresdefelipeii\/wp-json\/wp\/v2\/types\/page"}],"author":[{"embeddable":true,"href":"https:\/\/blogs.ua.es\/lasmujeresdefelipeii\/wp-json\/wp\/v2\/users\/2182"}],"replies":[{"embeddable":true,"href":"https:\/\/blogs.ua.es\/lasmujeresdefelipeii\/wp-json\/wp\/v2\/comments?post=73"}],"version-history":[{"count":3,"href":"https:\/\/blogs.ua.es\/lasmujeresdefelipeii\/wp-json\/wp\/v2\/pages\/73\/revisions"}],"predecessor-version":[{"id":118,"href":"https:\/\/blogs.ua.es\/lasmujeresdefelipeii\/wp-json\/wp\/v2\/pages\/73\/revisions\/118"}],"wp:attachment":[{"href":"https:\/\/blogs.ua.es\/lasmujeresdefelipeii\/wp-json\/wp\/v2\/media?parent=73"}],"curies":[{"name":"wp","href":"https:\/\/api.w.org\/{rel}","templated":true}]}}