{"id":40,"date":"2009-11-26T21:21:07","date_gmt":"2009-11-26T19:21:07","guid":{"rendered":"https:\/\/blogs.ua.es\/lasreinashispanicas\/?page_id=40"},"modified":"2009-12-28T17:43:26","modified_gmt":"2009-12-28T15:43:26","slug":"isabel-i-de-castilla","status":"publish","type":"page","link":"https:\/\/blogs.ua.es\/lasreinashispanicas\/isabel-i-de-castilla\/","title":{"rendered":"Isabel I de Castilla"},"content":{"rendered":"<p>Isabel I de Castilla (22 de abril de 1451 \u2013 26 de noviembre de 1504), hija de Isabel de Portugal y Juan II de Castilla fue reina de Castilla y Le\u00f3n entre 1474 y 1504.<img loading=\"lazy\" decoding=\"async\" class=\"alignright size-full wp-image-41\" src=\"https:\/\/blogs.ua.es\/lasreinashispanicas\/files\/2009\/11\/417px-Isabeldecastilla-208x3001.jpg\" alt=\"417px-Isabeldecastilla-208x300\" width=\"208\" height=\"300\" \/><\/p>\n<p>Despu\u00e9s de su nacimiento, Alfons\u00f3, su hermano naci\u00f3 el 17 de noviembre de 1451. Los dos hijos y su madre se retirieron a la villa de Ar\u00e9valo cuando su padre, Juan se muri\u00f3 en 1454. Su vida all\u00e1 no fue tan f\u00e1cil como los problemas y la locura de Isabel de Portugal pronto empezaron. Tambi\u00e9n hab\u00eda muchos problemas en el pa\u00eds durante el reino de Enrique IV el Impotente qui\u00e9n ocupaba al trono despu\u00e9s del muerte de Juan II de Castilla.<\/p>\n<p>Aunque Enrique prometi\u00f3 a Juan II que iba a apoyar Isabel y su familia, no lo cumpli\u00f3. Sin embargo Isabel encontr\u00f3 felicidad y esfuerza en libros y obras religiosas.<\/p>\n<p>M\u00e1s tarde, en 1461 cuando Juana naci\u00f3, la hija de Enrique y su esposa, Juana de Portugal, Isabel y Alfonso ten\u00edan que ir a Segovia. Tambi\u00e9n hab\u00eda un contrato, llamado el Tratado de los Toros de Guisando en que Enrique y el rey se pusieron de acuerdo que Isabel iba a ser la heredera de la Corona de Castilla. Sin embargo la nobleza y la gente en general se pusieron al lado de Juana en cambio de Isabel. Pero por final, aunque el rey prometi\u00f3 a Alfonso V de Portugal, su t\u00edo que se casar\u00eda con Juana, nada occuri\u00f3 como Enrique se muri\u00f3 en 1474 y nadie se tom\u00f3 la sola Juana en serio. Por eso Isabel se convirti\u00f3 en la reina del pa\u00eds al 10 diciembre de 1474.<\/p>\n<p>Despu\u00e9s de los problemas de la inherencia resolvieron, Isabel y Fernando empezaron a consolidar su reino y ampliar su poder real. <span><span title=\"To this they strengthened the economy and also the catholic faith.\">Por eso se ha fortalecido la econom\u00eda y tambi\u00e9n la fe cat\u00f3lica. En 1476 <\/span><span style=\"background-color: #ffffff\" title=\"Isabel introduced the institution of Holy Brotherhood que garantiz\u00f3 la estabilidad del orden p\u00fablico y la administraci\u00f3n de justicia.\">Isabel introdujo la instituci\u00f3n de la Santa Hermandad que garantiz\u00f3 la estabilidad del orden p\u00fablico y la administraci\u00f3n de justicia y en 1480 <\/span><\/span>aboli\u00f3 las prerrogativas de la nobleza que Enrique hubo introducido antes. <span><span style=\"background-color: #ffffff\" title=\"Isabel also organized a strict tax system to strengthen the economy\">Isabel tambi\u00e9n organiz\u00f3 un sistema fiscal estricta para fortalecer la econom\u00eda pero su logro m\u00e1s grande fue<\/span><\/span> la financiaci\u00f3n de la expedici\u00f3n de Crist\u00f3bal Col\u00f3n y su descubrimiento de Am\u00e9rica en 1492.<\/p>\n<p><span><span style=\"background-color: #ffffff\" title=\"as far as the religion is concerned\">Por lo que se refiere a la religi\u00f3n<\/span><\/span>, Isabel llev\u00f3 a cabo una profunda reforma con la ayuda del cardenal Cisneros con que el tribunal de la Inquisi\u00f3n fue creado para velar por la ortodoxia cat\u00f3lica y por la unificaci\u00f3n religiosa con la expulsi\u00f3n de los jud\u00edos(el Decreto de la Alhambra tambi\u00e9n tiene gran importancia en este) y los mud\u00e9jares.<strong><br \/>\n<\/strong><\/p>\n<p><span><span title=\"she died on 26 November 1504 and her daughter, juana, llamada la loca followed her on the throne.\">Isabel muri\u00f3 el 26 de noviembre 1504 y su hija, Juana, llamada la loca sigui\u00f3 en el trono.<\/span><\/span><\/p>\n<p><span><span title=\"she died on 26 November 1504 and her daughter, juana, llamada la loca followed her on the throne.\">Fuentes:<\/span><\/span><\/p>\n<p>Gran enciclopedia Larousse. Ed.: Editorial Planeta, Barcelona 1990.<\/p>\n<p>http:\/\/es.wikipedia.org\/wiki\/Isabel_I_de_Castilla<\/p>\n<p>http:\/\/www.answers.com\/topic\/isabella-of-castile<\/p>\n","protected":false},"excerpt":{"rendered":"<p>Isabel I de Castilla (22 de abril de 1451 \u2013 26 de noviembre de 1504), hija de Isabel de Portugal y Juan II de Castilla fue reina de Castilla y Le\u00f3n entre 1474 y 1504. Despu\u00e9s de su nacimiento, Alfons\u00f3, su hermano naci\u00f3 el 17 de noviembre de 1451. Los dos hijos y su madre [&hellip;]<\/p>\n","protected":false},"author":1353,"featured_media":0,"parent":0,"menu_order":2,"comment_status":"open","ping_status":"open","template":"","meta":{"footnotes":""},"class_list":["post-40","page","type-page","status-publish","hentry"],"_links":{"self":[{"href":"https:\/\/blogs.ua.es\/lasreinashispanicas\/wp-json\/wp\/v2\/pages\/40","targetHints":{"allow":["GET"]}}],"collection":[{"href":"https:\/\/blogs.ua.es\/lasreinashispanicas\/wp-json\/wp\/v2\/pages"}],"about":[{"href":"https:\/\/blogs.ua.es\/lasreinashispanicas\/wp-json\/wp\/v2\/types\/page"}],"author":[{"embeddable":true,"href":"https:\/\/blogs.ua.es\/lasreinashispanicas\/wp-json\/wp\/v2\/users\/1353"}],"replies":[{"embeddable":true,"href":"https:\/\/blogs.ua.es\/lasreinashispanicas\/wp-json\/wp\/v2\/comments?post=40"}],"version-history":[{"count":16,"href":"https:\/\/blogs.ua.es\/lasreinashispanicas\/wp-json\/wp\/v2\/pages\/40\/revisions"}],"predecessor-version":[{"id":50,"href":"https:\/\/blogs.ua.es\/lasreinashispanicas\/wp-json\/wp\/v2\/pages\/40\/revisions\/50"}],"wp:attachment":[{"href":"https:\/\/blogs.ua.es\/lasreinashispanicas\/wp-json\/wp\/v2\/media?parent=40"}],"curies":[{"name":"wp","href":"https:\/\/api.w.org\/{rel}","templated":true}]}}