{"id":95,"date":"2010-05-11T20:48:31","date_gmt":"2010-05-11T20:48:31","guid":{"rendered":"https:\/\/blogs.ua.es\/lautopiadetomasmoro\/?page_id=95"},"modified":"2010-06-04T15:08:00","modified_gmt":"2010-06-04T15:08:00","slug":"filmografia","status":"publish","type":"page","link":"https:\/\/blogs.ua.es\/lautopiadetomasmoro\/filmografia\/","title":{"rendered":"Filmograf\u00eda."},"content":{"rendered":"<p>Est\u00e1 p\u00e1gina contiene videos sobre la vida de Tom\u00e1s Moro.<\/p>\n<p>http:\/\/www.youtube.com\/watch?v=-RZKd1be05Q<\/p>\n<p>http:\/\/www.youtube.com\/watch?v=VT2YErAXrAs<\/p>\n","protected":false},"excerpt":{"rendered":"<p>Est\u00e1 p\u00e1gina contiene videos sobre la vida de Tom\u00e1s Moro. http:\/\/www.youtube.com\/watch?v=-RZKd1be05Q http:\/\/www.youtube.com\/watch?v=VT2YErAXrAs<\/p>\n","protected":false},"author":1680,"featured_media":0,"parent":0,"menu_order":0,"comment_status":"open","ping_status":"open","template":"","meta":{"footnotes":""},"class_list":["post-95","page","type-page","status-publish","hentry"],"_links":{"self":[{"href":"https:\/\/blogs.ua.es\/lautopiadetomasmoro\/wp-json\/wp\/v2\/pages\/95","targetHints":{"allow":["GET"]}}],"collection":[{"href":"https:\/\/blogs.ua.es\/lautopiadetomasmoro\/wp-json\/wp\/v2\/pages"}],"about":[{"href":"https:\/\/blogs.ua.es\/lautopiadetomasmoro\/wp-json\/wp\/v2\/types\/page"}],"author":[{"embeddable":true,"href":"https:\/\/blogs.ua.es\/lautopiadetomasmoro\/wp-json\/wp\/v2\/users\/1680"}],"replies":[{"embeddable":true,"href":"https:\/\/blogs.ua.es\/lautopiadetomasmoro\/wp-json\/wp\/v2\/comments?post=95"}],"version-history":[{"count":6,"href":"https:\/\/blogs.ua.es\/lautopiadetomasmoro\/wp-json\/wp\/v2\/pages\/95\/revisions"}],"predecessor-version":[{"id":98,"href":"https:\/\/blogs.ua.es\/lautopiadetomasmoro\/wp-json\/wp\/v2\/pages\/95\/revisions\/98"}],"wp:attachment":[{"href":"https:\/\/blogs.ua.es\/lautopiadetomasmoro\/wp-json\/wp\/v2\/media?parent=95"}],"curies":[{"name":"wp","href":"https:\/\/api.w.org\/{rel}","templated":true}]}}