{"id":25,"date":"2011-12-12T20:46:20","date_gmt":"2011-12-12T20:46:20","guid":{"rendered":"https:\/\/blogs.ua.es\/leyendanegradefelipeii\/?page_id=25"},"modified":"2011-12-12T21:03:34","modified_gmt":"2011-12-12T21:03:34","slug":"introduccion-general","status":"publish","type":"page","link":"https:\/\/blogs.ua.es\/leyendanegradefelipeii\/introduccion-general\/","title":{"rendered":"Introducci\u00f3n General"},"content":{"rendered":"<p>Felipe II \u2192\u00a0rey de Espa\u00f1a (1556-1598), casado 4 veces, fue considerado el monarca m\u00e1s poderoso de la Cristiandad<\/p>\n<p>Pr\u00edncipe Don Carlos \u2192\u00a0hijo de Felipe II y Mar\u00eda Manuela de Portugal, una de las piezas clave de la <em>Leyenda Negra<\/em><\/p>\n<p>Antonio Per\u00e9z \u2192\u00a0secretario de Felipe II, su novela <em>Relaciones <\/em>aliment\u00f3 la <em>Leyenda Negra <\/em><\/p>\n<p>Guillermo de Orange \u2192\u00a0con <em>Apolog\u00eda <\/em>alimento la <em>Leyenda Negra<\/em><\/p>\n<p>Bartolom\u00e9 de las Casas \u2192\u00a0<em>Brev\u00edsima relaci\u00f3n de la destrucci\u00f3n de las Indias,<\/em> origen de la <em>Leyenda Negra <\/em><\/p>\n<p>Friedrich Schiller y Giuseppe Verdi \u2192\u00a0<em>Don Karlos, Infant von Spanien, <\/em>y <em>Don Carlos, <\/em>obras que se basan en la historia de Orange<\/p>\n<p>Juli\u00e1n Juder\u00edas \u2192\u00a0escritor de la <em>Leyenda Negra\u00a0<\/em><\/p>\n","protected":false},"excerpt":{"rendered":"<p>Felipe II \u2192\u00a0rey de Espa\u00f1a (1556-1598), casado 4 veces, fue considerado el monarca m\u00e1s poderoso de la Cristiandad Pr\u00edncipe Don Carlos \u2192\u00a0hijo de Felipe II y Mar\u00eda Manuela de Portugal, una de las piezas clave de la Leyenda Negra Antonio Per\u00e9z \u2192\u00a0secretario de Felipe II, su novela Relaciones aliment\u00f3 la Leyenda Negra Guillermo de Orange [&hellip;]<\/p>\n","protected":false},"author":2189,"featured_media":0,"parent":0,"menu_order":0,"comment_status":"open","ping_status":"open","template":"","meta":{"footnotes":""},"class_list":["post-25","page","type-page","status-publish","hentry"],"_links":{"self":[{"href":"https:\/\/blogs.ua.es\/leyendanegradefelipeii\/wp-json\/wp\/v2\/pages\/25","targetHints":{"allow":["GET"]}}],"collection":[{"href":"https:\/\/blogs.ua.es\/leyendanegradefelipeii\/wp-json\/wp\/v2\/pages"}],"about":[{"href":"https:\/\/blogs.ua.es\/leyendanegradefelipeii\/wp-json\/wp\/v2\/types\/page"}],"author":[{"embeddable":true,"href":"https:\/\/blogs.ua.es\/leyendanegradefelipeii\/wp-json\/wp\/v2\/users\/2189"}],"replies":[{"embeddable":true,"href":"https:\/\/blogs.ua.es\/leyendanegradefelipeii\/wp-json\/wp\/v2\/comments?post=25"}],"version-history":[{"count":2,"href":"https:\/\/blogs.ua.es\/leyendanegradefelipeii\/wp-json\/wp\/v2\/pages\/25\/revisions"}],"predecessor-version":[{"id":35,"href":"https:\/\/blogs.ua.es\/leyendanegradefelipeii\/wp-json\/wp\/v2\/pages\/25\/revisions\/35"}],"wp:attachment":[{"href":"https:\/\/blogs.ua.es\/leyendanegradefelipeii\/wp-json\/wp\/v2\/media?parent=25"}],"curies":[{"name":"wp","href":"https:\/\/api.w.org\/{rel}","templated":true}]}}