{"id":506,"date":"2014-01-14T16:42:06","date_gmt":"2014-01-14T16:42:06","guid":{"rendered":"https:\/\/blogs.ua.es\/lips\/?page_id=506"},"modified":"2014-01-14T16:42:06","modified_gmt":"2014-01-14T16:42:06","slug":"trabajos","status":"publish","type":"page","link":"https:\/\/blogs.ua.es\/lips\/trabajos\/","title":{"rendered":"Trabajos"},"content":{"rendered":"<p><a href=\"https:\/\/blogs.ua.es\/lips\/files\/2012\/08\/NY-01.jpg\"><img loading=\"lazy\" decoding=\"async\" alt=\"\" src=\"https:\/\/blogs.ua.es\/lips\/files\/2012\/08\/NY-01.jpg\" width=\"600\" height=\"804\" \/><img decoding=\"async\" title=\"M\u00e1s...\" alt=\"\" src=\"https:\/\/blogs.ua.es\/lips\/wp-includes\/js\/tinymce\/plugins\/wordpress\/img\/trans.gif\" \/><\/a><\/p>\n<p><a href=\"https:\/\/blogs.ua.es\/lips\/files\/2012\/08\/Alex-2012-08-01-a-las-18.06.59.jpg\"><img loading=\"lazy\" decoding=\"async\" alt=\"\" src=\"https:\/\/blogs.ua.es\/lips\/files\/2012\/08\/Alex-2012-08-01-a-las-18.06.59.jpg\" width=\"600\" height=\"422\" \/><\/a><\/p>\n<p><a href=\"https:\/\/blogs.ua.es\/lips\/files\/2012\/08\/TS-02.jpg\"><img loading=\"lazy\" decoding=\"async\" alt=\"\" src=\"https:\/\/blogs.ua.es\/lips\/files\/2012\/08\/TS-02.jpg\" width=\"600\" height=\"480\" \/><\/a><\/p>\n<p>Jos\u00e9 Antonio Carrillo Andrada. Proyecto Final de Carrera<\/p>\n<p><a href=\"https:\/\/blogs.ua.es\/lips\/files\/2012\/08\/pepe1.jpg\"><img loading=\"lazy\" decoding=\"async\" alt=\"\" src=\"https:\/\/blogs.ua.es\/lips\/files\/2012\/08\/pepe1.jpg\" width=\"600\" height=\"403\" \/><\/a><\/p>\n<p><a href=\"https:\/\/blogs.ua.es\/lips\/files\/2012\/08\/pepe2.jpg\"><img loading=\"lazy\" decoding=\"async\" alt=\"\" src=\"https:\/\/blogs.ua.es\/lips\/files\/2012\/08\/pepe2.jpg\" width=\"600\" height=\"400\" \/><\/a><\/p>\n<p>Pepe Bernad Tor\u00e1.\u00a0\u00a0Proyecto Final de Carrera<\/p>\n<p><a href=\"https:\/\/blogs.ua.es\/lips\/files\/2012\/08\/jorge2.jpg\"><img loading=\"lazy\" decoding=\"async\" alt=\"\" src=\"https:\/\/blogs.ua.es\/lips\/files\/2012\/08\/jorge2.jpg\" width=\"600\" height=\"398\" \/><\/a><\/p>\n<p><a href=\"https:\/\/blogs.ua.es\/lips\/files\/2012\/08\/jorge1.jpg\"><img loading=\"lazy\" decoding=\"async\" alt=\"\" src=\"https:\/\/blogs.ua.es\/lips\/files\/2012\/08\/jorge1.jpg\" width=\"600\" height=\"430\" \/><\/a><\/p>\n<p><a href=\"https:\/\/blogs.ua.es\/lips\/files\/2012\/08\/jorge3.jpg\"><img loading=\"lazy\" decoding=\"async\" alt=\"\" src=\"https:\/\/blogs.ua.es\/lips\/files\/2012\/08\/jorge3.jpg\" width=\"600\" height=\"401\" \/><\/a><\/p>\n<p>Jorge Bermejo Pascual. Proyecto Final de Carrera<\/p>\n<p><a href=\"https:\/\/blogs.ua.es\/lips\/files\/2012\/08\/pilonga11.jpg\"><img loading=\"lazy\" decoding=\"async\" alt=\"\" src=\"https:\/\/blogs.ua.es\/lips\/files\/2012\/08\/pilonga11.jpg\" width=\"600\" height=\"573\" \/><\/a><\/p>\n<p><a href=\"https:\/\/blogs.ua.es\/lips\/files\/2012\/08\/pilonga22.jpg\"><img loading=\"lazy\" decoding=\"async\" alt=\"\" src=\"https:\/\/blogs.ua.es\/lips\/files\/2012\/08\/pilonga22.jpg\" width=\"600\" height=\"255\" \/><\/a><\/p>\n<p><a href=\"https:\/\/blogs.ua.es\/lips\/files\/2012\/08\/pilonga33.jpg\"><img loading=\"lazy\" decoding=\"async\" alt=\"\" src=\"https:\/\/blogs.ua.es\/lips\/files\/2012\/08\/pilonga33.jpg\" width=\"600\" height=\"428\" \/><\/a><\/p>\n<p>\u00c1ngeles Gil Reyes, Jes\u00fas Jimenez Hidalgo, Alejandro S\u00e1nchez Zaragoza. Proyectos4<\/p>\n<p><img loading=\"lazy\" decoding=\"async\" alt=\"\" src=\"https:\/\/blogs.ua.es\/tallerdemaquetas\/files\/2012\/08\/adeva22.jpg\" width=\"600\" height=\"829\" \/><\/p>\n<p><img loading=\"lazy\" decoding=\"async\" alt=\"\" src=\"https:\/\/blogs.ua.es\/tallerdemaquetas\/files\/2012\/08\/adeva11.jpg\" width=\"600\" height=\"399\" \/><\/p>\n<h2><img loading=\"lazy\" decoding=\"async\" alt=\"\" src=\"https:\/\/blogs.ua.es\/tallerdemaquetas\/files\/2012\/08\/adeva33.jpg\" width=\"600\" height=\"370\" \/><\/h2>\n<p>Ana Adeva, Ana Isabel Fuentes Soto, Jose Mar\u00eda Moyano. Proyectos 4<\/p>\n","protected":false},"excerpt":{"rendered":"<p>Jos\u00e9 Antonio Carrillo Andrada. Proyecto Final de Carrera Pepe Bernad Tor\u00e1.\u00a0\u00a0Proyecto Final de Carrera Jorge Bermejo Pascual. Proyecto Final de Carrera \u00c1ngeles Gil Reyes, Jes\u00fas Jimenez Hidalgo, Alejandro S\u00e1nchez Zaragoza. Proyectos4 Ana Adeva, Ana Isabel Fuentes Soto, Jose Mar\u00eda Moyano. Proyectos 4<\/p>\n","protected":false},"author":2550,"featured_media":0,"parent":0,"menu_order":0,"comment_status":"open","ping_status":"open","template":"","meta":{"footnotes":""},"class_list":["post-506","page","type-page","status-publish","hentry"],"_links":{"self":[{"href":"https:\/\/blogs.ua.es\/lips\/wp-json\/wp\/v2\/pages\/506","targetHints":{"allow":["GET"]}}],"collection":[{"href":"https:\/\/blogs.ua.es\/lips\/wp-json\/wp\/v2\/pages"}],"about":[{"href":"https:\/\/blogs.ua.es\/lips\/wp-json\/wp\/v2\/types\/page"}],"author":[{"embeddable":true,"href":"https:\/\/blogs.ua.es\/lips\/wp-json\/wp\/v2\/users\/2550"}],"replies":[{"embeddable":true,"href":"https:\/\/blogs.ua.es\/lips\/wp-json\/wp\/v2\/comments?post=506"}],"version-history":[{"count":1,"href":"https:\/\/blogs.ua.es\/lips\/wp-json\/wp\/v2\/pages\/506\/revisions"}],"predecessor-version":[{"id":507,"href":"https:\/\/blogs.ua.es\/lips\/wp-json\/wp\/v2\/pages\/506\/revisions\/507"}],"wp:attachment":[{"href":"https:\/\/blogs.ua.es\/lips\/wp-json\/wp\/v2\/media?parent=506"}],"curies":[{"name":"wp","href":"https:\/\/api.w.org\/{rel}","templated":true}]}}