{"id":148,"date":"2014-12-07T11:51:51","date_gmt":"2014-12-07T11:51:51","guid":{"rendered":"https:\/\/blogs.ua.es\/literaturaenelbarroco\/?page_id=148"},"modified":"2014-12-07T21:20:31","modified_gmt":"2014-12-07T21:20:31","slug":"poesia-2","status":"publish","type":"page","link":"https:\/\/blogs.ua.es\/literaturaenelbarroco\/5-espana\/poesia-2\/","title":{"rendered":"Poes\u00eda"},"content":{"rendered":"<p>Durante el Barroco la poes\u00eda alcanz\u00f3 su m\u00e1ximo auge. La poes\u00eda de este periodo refleja la conciencia de la crisis, el pesimismo y el desenga\u00f1o caracter\u00edsticos de esta corriente, aunque tambi\u00e9n alterna temas renacentistas. En la poes\u00eda barroca se llevaron al extremo los temas propios del petrarquismo como el amor, la naturaleza y la mitolog\u00eda, pero fueron enfocados desde otra perspectiva, ya que la conciencia de crisis aviv\u00f3 el inter\u00e9s por temas filos\u00f3ficos y morales como la vanidad de las cosas, el enga\u00f1o de las apariencias y la presencia de la muerte.<\/p>\n<p>Adem\u00e1s esta corriente cultural se caracteriza tambi\u00e9n por la oposici\u00f3n entre dos tendencias de gran importancia, el Conceptismo, donde destaca Francisco de Quevedo, que busca la comprensi\u00f3n del pensamiento en m\u00ednimos t\u00e9rminos conceptuales, utilizando para ello contrastes, elipsis y otras figuras literarias similares, pero utlizando siempre un lenguaje llano e incluso recurriendo\u00a0 un tono procaz y brutal. Entre sus poes\u00edas podemos destacar <i>Primera parte de las flores de poetas ilustres de Espa\u00f1a <\/i>y <i>El Parnaso espa\u00f1ol, <\/i>cuya publicaci\u00f3n fue p\u00f3stuma en 1648.<\/p>\n<p>Por otra parte, la tendencia culterana, representada por Luis de G\u00f3ngora, buscaba la apreciaci\u00f3n de una minor\u00eda culta utilizando met\u00e1foras, bruscos giros literarios e hip\u00e9rboles, llegando incluso a modificar las estructuras de la obra en busca de un m\u00e1ximo preciosismo. Su obra po\u00e9tica est\u00e1 dividida en los conocidos como poemas menores, con un car\u00e1cter m\u00e1s personal, en los que trataba temas amorosos, sat\u00edricos, morales y filos\u00f3ficos en los que fue definiendo su propio estilo. En su siguiente etapa, con los conocidos como poemas mayores, fue en la que se forjo finalmente su estilo culterano. Sus obras m\u00e1s destacadas son <i>F\u00e1bula de Polifemo y Galatea <\/i>y <i>Soledades.<\/i><i><\/i><\/p>\n","protected":false},"excerpt":{"rendered":"<p>Durante el Barroco la poes\u00eda alcanz\u00f3 su m\u00e1ximo auge. La poes\u00eda de este periodo refleja la conciencia de la crisis, el pesimismo y el desenga\u00f1o caracter\u00edsticos de esta corriente, aunque tambi\u00e9n alterna temas renacentistas. En la poes\u00eda barroca se llevaron al extremo los temas propios del petrarquismo como el amor, la naturaleza y la mitolog\u00eda, &hellip; <a href=\"https:\/\/blogs.ua.es\/literaturaenelbarroco\/5-espana\/poesia-2\/\" class=\"more-link\">Continue reading <span class=\"screen-reader-text\">Poes\u00eda<\/span> <span class=\"meta-nav\">&rarr;<\/span><\/a><\/p>\n","protected":false},"author":2338,"featured_media":0,"parent":92,"menu_order":0,"comment_status":"open","ping_status":"open","template":"","meta":{"footnotes":""},"class_list":["post-148","page","type-page","status-publish","hentry"],"_links":{"self":[{"href":"https:\/\/blogs.ua.es\/literaturaenelbarroco\/wp-json\/wp\/v2\/pages\/148","targetHints":{"allow":["GET"]}}],"collection":[{"href":"https:\/\/blogs.ua.es\/literaturaenelbarroco\/wp-json\/wp\/v2\/pages"}],"about":[{"href":"https:\/\/blogs.ua.es\/literaturaenelbarroco\/wp-json\/wp\/v2\/types\/page"}],"author":[{"embeddable":true,"href":"https:\/\/blogs.ua.es\/literaturaenelbarroco\/wp-json\/wp\/v2\/users\/2338"}],"replies":[{"embeddable":true,"href":"https:\/\/blogs.ua.es\/literaturaenelbarroco\/wp-json\/wp\/v2\/comments?post=148"}],"version-history":[{"count":3,"href":"https:\/\/blogs.ua.es\/literaturaenelbarroco\/wp-json\/wp\/v2\/pages\/148\/revisions"}],"predecessor-version":[{"id":248,"href":"https:\/\/blogs.ua.es\/literaturaenelbarroco\/wp-json\/wp\/v2\/pages\/148\/revisions\/248"}],"up":[{"embeddable":true,"href":"https:\/\/blogs.ua.es\/literaturaenelbarroco\/wp-json\/wp\/v2\/pages\/92"}],"wp:attachment":[{"href":"https:\/\/blogs.ua.es\/literaturaenelbarroco\/wp-json\/wp\/v2\/media?parent=148"}],"curies":[{"name":"wp","href":"https:\/\/api.w.org\/{rel}","templated":true}]}}

Poesía

<p>Durante el Barroco la poesía alcanzó su máximo auge. La poesía de este periodo refleja la conciencia de la crisis, el pesimismo y el desengaño característicos de esta corriente, aunque también alterna temas renacentistas. En la poesía barroca se llevaron al extremo los temas propios del petrarquismo como el amor, la naturaleza y la mitología, pero fueron enfocados desde otra perspectiva, ya que la conciencia de crisis avivó el interés por temas filosóficos y morales como la vanidad de las cosas, el engaño de las apariencias y la presencia de la muerte.</p>
<p>Además esta corriente cultural se caracteriza también por la oposición entre dos tendencias de gran importancia, el Conceptismo, donde destaca Francisco de Quevedo, que busca la comprensión del pensamiento en mínimos términos conceptuales, utilizando para ello contrastes, elipsis y otras figuras literarias similares, pero utlizando siempre un lenguaje llano e incluso recurriendo  un tono procaz y brutal. Entre sus poesías podemos destacar <i>Primera parte de las flores de poetas ilustres de España </i>y <i>El Parnaso español, </i>cuya publicación fue póstuma en 1648.</p>
<p>Por otra parte, la tendencia culterana, representada por Luis de Góngora, buscaba la apreciación de una minoría culta utilizando metáforas, bruscos giros literarios e hipérboles, llegando incluso a modificar las estructuras de la obra en busca de un máximo preciosismo. Su obra poética está dividida en los conocidos como poemas menores, con un carácter más personal, en los que trataba temas amorosos, satíricos, morales y filosóficos en los que fue definiendo su propio estilo. En su siguiente etapa, con los conocidos como poemas mayores, fue en la que se forjo finalmente su estilo culterano. Sus obras más destacadas son <i>Fábula de Polifemo y Galatea </i>y <i>Soledades.</i><i></i></p>

<p>Durante el Barroco la poesía alcanzó su máximo auge. La poesía de este periodo refleja la conciencia de la crisis, el pesimismo y el desengaño característicos de esta corriente, aunque también alterna temas renacentistas. En la poesía barroca se llevaron al extremo los temas propios del petrarquismo como el amor, la naturaleza y la mitología, &hellip; <a href="https://blogs.ua.es/literaturaenelbarroco/5-espana/poesia-2/" class="more-link">Continue reading <span class="screen-reader-text">Poesía</span> <span class="meta-nav">&rarr;</span></a></p>
