{"id":71,"date":"2014-12-05T18:21:40","date_gmt":"2014-12-05T18:21:40","guid":{"rendered":"https:\/\/blogs.ua.es\/literaturaenelbarroco\/?page_id=71"},"modified":"2014-12-06T11:13:02","modified_gmt":"2014-12-06T11:13:02","slug":"contexto","status":"publish","type":"page","link":"https:\/\/blogs.ua.es\/literaturaenelbarroco\/4-inglaterra\/contexto\/","title":{"rendered":"Contexto"},"content":{"rendered":"<p style=\"text-align: justify\">Con la introducci\u00f3n en 1476 de la imprenta en Inglaterra por William Caxton la literatura en este territorio comenz\u00f3 a florecer, pero es a finales del siglo XVI y sobre todo a lo largo del siglo XVII cuando transcurre el barroco ingl\u00e9s. En este periodo Inglaterra est\u00e1 gobernada por los Tudor. Durante el siglo XVI gobernaron Enrique VIII y sus tres hijos, Eduardo VI, Mar\u00eda I e Isabel I. el siglo XVII en Inglaterra comenz\u00f3 con la sucesi\u00f3n del torno de Isabel I Tudor a su sobrino Jacobo I de Inglaterra. Fue el primer rey de Inglaterra, Escocia e Irlanda lo que signific\u00f3 que por primera vez hay un soberano sobre todo el territorio unificado, pese a esto no fue un rey muy popular tuvo problemas financieros en los que entre otras cosas aumento los impuestos y puso a la venta t\u00edtulos nobiliarios. En el plano religioso intenta acabar con los puritanos y decidi\u00f3 apoyar a los protestantes por encima de los cat\u00f3licos. Tambi\u00e9n debido a los peligros que representaba para su corona decidi\u00f3 mantener un gobierno absolutista hasta su muerte en 1625. Lo sucede Carlos I que intenta mantener la monarqu\u00eda absoluta. Durante este reinado se producen los a\u00f1os de la tiran\u00eda en los que no dejaba de tener problemas con el parlamento, al mismo tiempo en Escocia se produjo una revuelta en 1636, el rey no puede contener esta rebeli\u00f3n y se ve obligado a convocar al Parlamento el cual finalmente se pone en contra del rey llegando a votar la Gran Amonestaci\u00f3n, en contra de la pol\u00edtica del rey, lo que deriva en una guerra civil, por la que el rey debe huir de Londres en 1642. En esta guerra civil, el ej\u00e9rcito parlamentario comandado por Oliver Cromwell gana al ej\u00e9rcito real por lo que Carlos I es apresado y acusado de alta traici\u00f3n y ejecutado en 1649.<\/p>\n<p style=\"text-align: justify\">Tras estos conflictos se crea el r\u00e9gimen republicado donde Cromwell se nombra Lord Protector. Tras la muerte de Oliver aparece Carlos II que intenta restablecer de nuevo la monarqu\u00eda pero el parlamento le impide una estabilidad para gobernar. Carlos II es sucedido por Jacobo II pero la Gloriosa Revoluci\u00f3n llevada a cabo por Mar\u00eda II y Guillermo de Orange restauran el orden pol\u00edtico de Inglaterra devolviendo\u00a0 al todo el territorio el sistema de monarqu\u00eda constitucional.\u00a0Es en este siglo, cuando Londres se convierte en el puerto m\u00e1s activo del mundo y se funda el Banco de Londres.<\/p>\n<p style=\"text-align: justify\">A pesar de estos cambios pol\u00edticos y de las guerras civiles, este periodo es una verdadera etapa dorada para la literatura inglesa que experimenta un impresionante auge del teatro destacando autores como Chistopher Marlowe o William Shakespeare y de la poes\u00eda donde destacan entre otros John Donne o John Milton. El punto de inflexi\u00f3n en el transcurso entre el renacimiento ingl\u00e9s y el barroco vino marcado por la obra <i>Euphues o la anatom\u00eda del ingenio <\/i>escrita por John Lyly. Esta obra introdujo un nuevo lenguaje, preciosista y elegante, ingenioso y preocupado de la belleza formal.<\/p>\n","protected":false},"excerpt":{"rendered":"<p>Con la introducci\u00f3n en 1476 de la imprenta en Inglaterra por William Caxton la literatura en este territorio comenz\u00f3 a florecer, pero es a finales del siglo XVI y sobre todo a lo largo del siglo XVII cuando transcurre el barroco ingl\u00e9s. En este periodo Inglaterra est\u00e1 gobernada por los Tudor. Durante el siglo XVI &hellip; <a href=\"https:\/\/blogs.ua.es\/literaturaenelbarroco\/4-inglaterra\/contexto\/\" class=\"more-link\">Continue reading <span class=\"screen-reader-text\">Contexto<\/span> <span class=\"meta-nav\">&rarr;<\/span><\/a><\/p>\n","protected":false},"author":2338,"featured_media":0,"parent":29,"menu_order":0,"comment_status":"open","ping_status":"open","template":"","meta":{"footnotes":""},"class_list":["post-71","page","type-page","status-publish","hentry"],"_links":{"self":[{"href":"https:\/\/blogs.ua.es\/literaturaenelbarroco\/wp-json\/wp\/v2\/pages\/71","targetHints":{"allow":["GET"]}}],"collection":[{"href":"https:\/\/blogs.ua.es\/literaturaenelbarroco\/wp-json\/wp\/v2\/pages"}],"about":[{"href":"https:\/\/blogs.ua.es\/literaturaenelbarroco\/wp-json\/wp\/v2\/types\/page"}],"author":[{"embeddable":true,"href":"https:\/\/blogs.ua.es\/literaturaenelbarroco\/wp-json\/wp\/v2\/users\/2338"}],"replies":[{"embeddable":true,"href":"https:\/\/blogs.ua.es\/literaturaenelbarroco\/wp-json\/wp\/v2\/comments?post=71"}],"version-history":[{"count":3,"href":"https:\/\/blogs.ua.es\/literaturaenelbarroco\/wp-json\/wp\/v2\/pages\/71\/revisions"}],"predecessor-version":[{"id":105,"href":"https:\/\/blogs.ua.es\/literaturaenelbarroco\/wp-json\/wp\/v2\/pages\/71\/revisions\/105"}],"up":[{"embeddable":true,"href":"https:\/\/blogs.ua.es\/literaturaenelbarroco\/wp-json\/wp\/v2\/pages\/29"}],"wp:attachment":[{"href":"https:\/\/blogs.ua.es\/literaturaenelbarroco\/wp-json\/wp\/v2\/media?parent=71"}],"curies":[{"name":"wp","href":"https:\/\/api.w.org\/{rel}","templated":true}]}}