{"id":42,"date":"2011-10-18T14:47:10","date_gmt":"2011-10-18T14:47:10","guid":{"rendered":"https:\/\/blogs.ua.es\/lopedeaguirre\/?page_id=42"},"modified":"2011-12-20T15:19:46","modified_gmt":"2011-12-20T15:19:46","slug":"bibliografia","status":"publish","type":"page","link":"https:\/\/blogs.ua.es\/lopedeaguirre\/bibliografia\/","title":{"rendered":"Bibliograf\u00eda"},"content":{"rendered":"<p>\u273f\u00a0Blas Matamoro:<em><a href=\"http:\/\/www.iesfelixburgos.es\/Plan-lectura\/Fichas%20Bach\/lopeaguirre.pdf\"> Lope de Aguirre: La aventura de El Dorado<\/a><\/em>. Madrid, 1986. Editorial: Historia 16. ISBN 84-7679-032-5.<\/p>\n<p>\u273fJos\u00e9 de Arteche: <em>Lope de Aguirre, traidor. La tragedia del Fuerte Caudillo de los Invencibles Mara\u00f1ones<\/em>, San Sebasti\u00e1n, 1974. Editorial: Caja de ahorros provincial de Guip\u00fazcoa. ISBN 84-500-6.356-6.<\/p>\n<p>\u273fRam\u00f3n Jos\u00e9 Sender: <em>La aventura equinoccial de Lope de Aguirre<\/em>. Espa\u00f1a, 1998. Editorial: Magisterio. ISBN: 978-842-181-840-4.<\/p>\n<p>\u273fGalster, Ingrid:\u00a0<em>Aguirre o La posteridad arbitraria. La rebeli\u00f3n del conquistador vasco Lope de Aguirre en historiograf\u00eda y ficci\u00f3n hist\u00f3rica (1561-1992)<\/em>, Bogot\u00e1, 2011,\u00a0ISBN 978-958-738-204-4.<\/p>\n<p>\u273fV\u00e1zquez, Francisco:\u00a0<em>El Dorado. Cr\u00f3nica de la expedici\u00f3n de Pedro de Urs\u00faa y Lope de Aguirre<\/em>, Madrid, 2007, Alianza Editorial.\u00a0ISBN 978-84-206-6694-5.<\/p>\n<p>\u273fJos\u00e9 Sanchis Sinisterra:<em> Trilog\u00eda americana: El Retable de Eldorado, Lope de Aguirre, traidor y naufragios de \u00c1lvar N\u00da\u00d1EZ<\/em>, Madrid, 1992. Editorial: Centro de documentaci\u00f3n teatral. ISBN 84-87075-26-6.<\/p>\n<p>&nbsp;<\/p>\n<p>&nbsp;<\/p>\n<p style=\"text-align: center\"><img loading=\"lazy\" decoding=\"async\" class=\"size-full wp-image-266 alignleft\" src=\"https:\/\/blogs.ua.es\/lopedeaguirre\/files\/2011\/10\/\u4e661.jpg\" alt=\"\" width=\"182\" height=\"288\" srcset=\"https:\/\/blogs.ua.es\/lopedeaguirre\/files\/2011\/10\/\u4e661.jpg 304w, https:\/\/blogs.ua.es\/lopedeaguirre\/files\/2011\/10\/\u4e661-190x300.jpg 190w\" sizes=\"auto, (max-width: 182px) 100vw, 182px\" \/><img loading=\"lazy\" decoding=\"async\" class=\"aligncenter size-full wp-image-267\" src=\"https:\/\/blogs.ua.es\/lopedeaguirre\/files\/2011\/10\/\u4e662.jpg\" alt=\"\" width=\"120\" height=\"192\" srcset=\"https:\/\/blogs.ua.es\/lopedeaguirre\/files\/2011\/10\/\u4e662.jpg 200w, https:\/\/blogs.ua.es\/lopedeaguirre\/files\/2011\/10\/\u4e662-187x300.jpg 187w\" sizes=\"auto, (max-width: 120px) 100vw, 120px\" \/><\/p>\n<p>&nbsp;<\/p>\n","protected":false},"excerpt":{"rendered":"<p>\u273f\u00a0Blas Matamoro: Lope de Aguirre: La aventura de El Dorado. Madrid, 1986. Editorial: Historia 16. ISBN 84-7679-032-5. \u273fJos\u00e9 de Arteche: Lope de Aguirre, traidor. La tragedia del Fuerte Caudillo de los Invencibles Mara\u00f1ones, San Sebasti\u00e1n, 1974. Editorial: Caja de ahorros provincial de Guip\u00fazcoa. ISBN 84-500-6.356-6. \u273fRam\u00f3n Jos\u00e9 Sender: La aventura equinoccial de Lope de Aguirre. [&hellip;]<\/p>\n","protected":false},"author":2169,"featured_media":0,"parent":0,"menu_order":0,"comment_status":"open","ping_status":"open","template":"","meta":{"footnotes":""},"class_list":["post-42","page","type-page","status-publish","hentry"],"_links":{"self":[{"href":"https:\/\/blogs.ua.es\/lopedeaguirre\/wp-json\/wp\/v2\/pages\/42","targetHints":{"allow":["GET"]}}],"collection":[{"href":"https:\/\/blogs.ua.es\/lopedeaguirre\/wp-json\/wp\/v2\/pages"}],"about":[{"href":"https:\/\/blogs.ua.es\/lopedeaguirre\/wp-json\/wp\/v2\/types\/page"}],"author":[{"embeddable":true,"href":"https:\/\/blogs.ua.es\/lopedeaguirre\/wp-json\/wp\/v2\/users\/2169"}],"replies":[{"embeddable":true,"href":"https:\/\/blogs.ua.es\/lopedeaguirre\/wp-json\/wp\/v2\/comments?post=42"}],"version-history":[{"count":7,"href":"https:\/\/blogs.ua.es\/lopedeaguirre\/wp-json\/wp\/v2\/pages\/42\/revisions"}],"predecessor-version":[{"id":265,"href":"https:\/\/blogs.ua.es\/lopedeaguirre\/wp-json\/wp\/v2\/pages\/42\/revisions\/265"}],"wp:attachment":[{"href":"https:\/\/blogs.ua.es\/lopedeaguirre\/wp-json\/wp\/v2\/media?parent=42"}],"curies":[{"name":"wp","href":"https:\/\/api.w.org\/{rel}","templated":true}]}}