{"id":44,"date":"2011-10-18T14:47:40","date_gmt":"2011-10-18T14:47:40","guid":{"rendered":"https:\/\/blogs.ua.es\/lopedeaguirre\/?page_id=44"},"modified":"2011-12-20T15:20:42","modified_gmt":"2011-12-20T15:20:42","slug":"lista-de-direcciones","status":"publish","type":"page","link":"https:\/\/blogs.ua.es\/lopedeaguirre\/lista-de-direcciones\/","title":{"rendered":"Lista de direcciones"},"content":{"rendered":"<p>&nbsp;<\/p>\n<p>He aqu\u00ed los enlaces que he utilizado o me interesan sobre mi tema Lope de Aguirre. Ojal\u00e1 os interesen tambi\u00e9n y os ayuden para conocer mejor el tema. \u00a0 \ud83d\ude42<\/p>\n<p>&nbsp;<\/p>\n<p>&nbsp;<\/p>\n<p><a href=\"http:\/\/www.misapellidos.com\/ver_datos.phtml?cod=15122&amp;apellido=Lope%20de%20aguirre\">http:\/\/www.misapellidos.com\/ver_datos.phtml?cod=15122&amp;apellido=Lope%20de%20aguirre<\/a><\/p>\n<p>Esta p\u00e1gina presenta la definici\u00f3n o la evaluaci\u00f3n de Lope de Aguirre.<\/p>\n<p><a href=\"http:\/\/www.artehistoria.jcyl.es\/\">http:\/\/www.artehistoria.jcyl.es\/<\/a><\/p>\n<p><a href=\"http:\/\/es.wikipedia.org\/wiki\/Lope_de_Aguirre\">http:\/\/es.wikipedia.org\/wiki\/Lope_de_Aguirre<\/a><\/p>\n<p>&nbsp;<\/p>\n<p><a href=\"http:\/\/www.elortiba.org\/aguirre.html\">http:\/\/www.elortiba.org\/aguirre.html<\/a><\/p>\n<p>Esta p\u00e1gina trata c\u00f3mo era Lope de Aguirre en los ojos de algunos historiadores o cronistas.<\/p>\n<p><a href=\"http:\/\/www.surnames.org\/apellidos\/aguirre.htm\">http:\/\/www.surnames.org\/apellidos\/aguirre.htm<\/a><\/p>\n<p>Esta p\u00e1gina presenta el origen y la historia del apellido, Aguirre.<\/p>\n<p><a href=\"http:\/\/www.fluvium.org\/textos\/cultura\/cul23.htm\">http:\/\/www.fluvium.org\/textos\/cultura\/cul23.htm<\/a><\/p>\n<p>Esta p\u00e1gina trata c\u00f3mo era Lope de Aguirre como el traidor.<\/p>\n<p><a href=\"http:\/\/dadaisforever.wordpress.com\/2009\/05\/31\/la-aventura-amazonica-de-lope-de-aguirre-el-maldito\/\">http:\/\/dadaisforever.wordpress.com\/2009\/05\/31\/la-aventura-amazonica-de-lope-de-aguirre-el-maldito\/<\/a><\/p>\n<p>Esta p\u00e1gina trata la aventura amaz\u00f3nica de Lope, como el maldito.<\/p>\n<p><a href=\"http:\/\/www.erroreshistoricos.com\/curiosidades-historicas\/muerte\/1287-los-mas-sanguinarios-de-la-historia-lope-de-aguirre.html\">http:\/\/www.erroreshistoricos.com\/curiosidades-historicas\/muerte\/1287-los-mas-sanguinarios-de-la-historia-lope-de-aguirre.html<\/a><\/p>\n<p>Esta p\u00e1gina trata c\u00f3mo era Lope de Aguirre como el sanguinario.<\/p>\n<p><a href=\"http:\/\/www.planetasapiens.com\/?p=548\">http:\/\/www.planetasapiens.com\/?p=548<\/a><\/p>\n<p>Esta p\u00e1gina trata c\u00f3mo era Lope de Aguirre como el tirano.<\/p>\n<p><a href=\"http:\/\/losmasgrandesdelahistoria.blogspot.com\/2008\/07\/lope-de-aguirre-la-ira-de-dios-el.html\">http:\/\/losmasgrandesdelahistoria.blogspot.com\/2008\/07\/lope-de-aguirre-la-ira-de-dios-el.html<\/a><\/p>\n<p>Esta p\u00e1gina trata lo que ha hecho Lope para la independencia americana.<\/p>\n<p><a href=\"http:\/\/histocliop.blogspot.com\/2009\/09\/lope-de-aguirre-el-loco-un-rebelde.html\">http:\/\/histocliop.blogspot.com\/2009\/09\/lope-de-aguirre-el-loco-un-rebelde.html<\/a><\/p>\n<p>Esta p\u00e1gina presenta qu\u00e9 hac\u00eda Lope de Aguirre contra la monarqu\u00eda espa\u00f1ola.<\/p>\n<p><a href=\"http:\/\/es.wikipedia.org\/wiki\/Fuente_de_la_juventud#Ponce_de_Le.C3.B3n_y_Florida\">http:\/\/es.wikipedia.org\/wiki\/Fuente_de_la_juventud#Ponce_de_Le.C3.B3n_y_Florida<\/a><\/p>\n<p>Esta p\u00e1gina nos ayudar\u00e1 a conocer m\u00e1s el mito de la fuente de la juventud.<\/p>\n","protected":false},"excerpt":{"rendered":"<p>&nbsp; He aqu\u00ed los enlaces que he utilizado o me interesan sobre mi tema Lope de Aguirre. Ojal\u00e1 os interesen tambi\u00e9n y os ayuden para conocer mejor el tema. \u00a0 \ud83d\ude42 &nbsp; &nbsp; http:\/\/www.misapellidos.com\/ver_datos.phtml?cod=15122&amp;apellido=Lope%20de%20aguirre Esta p\u00e1gina presenta la definici\u00f3n o la evaluaci\u00f3n de Lope de Aguirre. http:\/\/www.artehistoria.jcyl.es\/ http:\/\/es.wikipedia.org\/wiki\/Lope_de_Aguirre &nbsp; http:\/\/www.elortiba.org\/aguirre.html Esta p\u00e1gina trata c\u00f3mo era [&hellip;]<\/p>\n","protected":false},"author":2169,"featured_media":0,"parent":0,"menu_order":0,"comment_status":"open","ping_status":"closed","template":"","meta":{"footnotes":""},"class_list":["post-44","page","type-page","status-publish","hentry"],"_links":{"self":[{"href":"https:\/\/blogs.ua.es\/lopedeaguirre\/wp-json\/wp\/v2\/pages\/44","targetHints":{"allow":["GET"]}}],"collection":[{"href":"https:\/\/blogs.ua.es\/lopedeaguirre\/wp-json\/wp\/v2\/pages"}],"about":[{"href":"https:\/\/blogs.ua.es\/lopedeaguirre\/wp-json\/wp\/v2\/types\/page"}],"author":[{"embeddable":true,"href":"https:\/\/blogs.ua.es\/lopedeaguirre\/wp-json\/wp\/v2\/users\/2169"}],"replies":[{"embeddable":true,"href":"https:\/\/blogs.ua.es\/lopedeaguirre\/wp-json\/wp\/v2\/comments?post=44"}],"version-history":[{"count":5,"href":"https:\/\/blogs.ua.es\/lopedeaguirre\/wp-json\/wp\/v2\/pages\/44\/revisions"}],"predecessor-version":[{"id":299,"href":"https:\/\/blogs.ua.es\/lopedeaguirre\/wp-json\/wp\/v2\/pages\/44\/revisions\/299"}],"wp:attachment":[{"href":"https:\/\/blogs.ua.es\/lopedeaguirre\/wp-json\/wp\/v2\/media?parent=44"}],"curies":[{"name":"wp","href":"https:\/\/api.w.org\/{rel}","templated":true}]}}