{"id":14,"date":"2011-12-11T11:24:49","date_gmt":"2011-12-11T11:24:49","guid":{"rendered":"https:\/\/blogs.ua.es\/lopedeaguirrejd\/?page_id=14"},"modified":"2011-12-11T13:20:53","modified_gmt":"2011-12-11T13:20:53","slug":"el-peru-espanol-del-siglo-xvi","status":"publish","type":"page","link":"https:\/\/blogs.ua.es\/lopedeaguirrejd\/el-peru-espanol-del-siglo-xvi\/","title":{"rendered":"El Per\u00fa del Siglo XVI"},"content":{"rendered":"<p><a href=\"https:\/\/blogs.ua.es\/lopedeaguirrejd\/files\/2011\/12\/inca_map.jpg\"><img loading=\"lazy\" decoding=\"async\" class=\"alignleft size-medium wp-image-18\" src=\"https:\/\/blogs.ua.es\/lopedeaguirrejd\/files\/2011\/12\/inca_map-300x268.jpg\" alt=\"\" width=\"300\" height=\"268\" srcset=\"https:\/\/blogs.ua.es\/lopedeaguirrejd\/files\/2011\/12\/inca_map-300x268.jpg 300w, https:\/\/blogs.ua.es\/lopedeaguirrejd\/files\/2011\/12\/inca_map.jpg 601w\" sizes=\"auto, (max-width: 300px) 100vw, 300px\" \/><\/a>Una mapa del Imperio Inca a trav\u00e9s de su historia antes de la conquista espa\u00f1ol (University of North Carolina at Penbrook).<\/p>\n<p>&nbsp;<\/p>\n<p>&nbsp;<\/p>\n<p>&nbsp;<\/p>\n<p>&nbsp;<\/p>\n<p>&nbsp;<\/p>\n<p>&nbsp;<\/p>\n<p>&nbsp;<\/p>\n<p>&nbsp;<\/p>\n<p>&nbsp;<\/p>\n<p>En 1532 un grupo de 150 conquistadores dirigidos por Francisco Pizarro capturaron el emperador Inca Atahualpa. La captura de Atahualpa caus\u00f3 la ca\u00edda eventual de su imperio que a su apogeo se extendi\u00f3 desde el centro de Ecuador hasta la capital moderna de Chile. Diez a\u00f1os despu\u00e9s la corona de Espa\u00f1a estableci\u00f3 el Virreinato de Per\u00fa. Este Virreinato incluy\u00f3 la mayor\u00eda de todas las colonias espa\u00f1oles en Sudam\u00e9rica.<\/p>\n<p>En la mitad de la d\u00e9cada de 1550 el virrey de Per\u00fa fue el marqu\u00e9s de Ca\u00f1ete. En esa \u00e9poca la mayor\u00eda del poblaci\u00f3n Inca estimada de 12 mill\u00f3n se hab\u00edan matado por enfermedades europeos como viruela o los m\u00e9todos crueles empleado por la miner\u00eda de plata. La poblaci\u00f3n espa\u00f1ol todav\u00eda era peque\u00f1a, s\u00f3lo un par de mil de personas. Entre ellos la mayor\u00eda fueron hombres. Ven\u00edan de todas partes de la pen\u00ednsula Ib\u00e9rica y de todos clases sociales. Fueron sacerdotes, marineros, abogados, campesinos, artesanos y hidalgos entre otros. Muchas fueron hijos menores quien no hab\u00eda heredado nada en el viejo mundo.<\/p>\n<p>Las dos ciudades mas importantes en esa \u00e9poca fueron Cuzco y Lima. Cuzco se encuentra en las alturas de las Andes. Ser\u00eda una viaje muy duro y largo entre ella y la nueva capital espa\u00f1ol en Lima. Antes de la conquista espa\u00f1ol fue la capital del Imperio Inca y durante el reino del marqu\u00e9s de Ca\u00f1ete la mayor\u00eda de la poblaci\u00f3n todav\u00eda era Inca. Pizarro decidi\u00f3 que Cuzco estaba demasiado lejos del mar para que fuera la capital. Lima por otro lado es justo en la costa Peruano, mil kil\u00f3metros al noroeste de Cuzco. En 1550 Lima s\u00f3lo era una puerta peque\u00f1a pero la mayor\u00eda de la poblaci\u00f3n espa\u00f1ol viv\u00eda all\u00ed. La ciudad s\u00f3lo fue trece cuadras de largo y trece de ancho y su econom\u00eda como la econom\u00eda de todo el Per\u00fa espa\u00f1ol se bas\u00f3 en la exportaci\u00f3n de plata.<\/p>\n<p>Hab\u00eda mucho conflicto en el Peru del siglo XVI. Desde 1544 hasta 1548 el hermano de Francisco Pizarro, Gonzalo Pizarra luch\u00f3 contra las fuerzas de la corona en las Am\u00e9ricas. Lope de Aguirre har\u00eda su propio rebeli\u00f3n algunos a\u00f1os despu\u00e9s.<\/p>\n<p>&nbsp;<\/p>\n","protected":false},"excerpt":{"rendered":"<p>Una mapa del Imperio Inca a trav\u00e9s de su historia antes de la conquista espa\u00f1ol (University of North Carolina at Penbrook). &nbsp; &nbsp; &nbsp; &nbsp; &nbsp; &nbsp; &nbsp; &nbsp; &nbsp; En 1532 un grupo de 150 conquistadores dirigidos por Francisco Pizarro capturaron el emperador Inca Atahualpa. La captura de Atahualpa caus\u00f3 la ca\u00edda eventual de [&hellip;]<\/p>\n","protected":false},"author":2201,"featured_media":0,"parent":0,"menu_order":0,"comment_status":"open","ping_status":"open","template":"","meta":{"footnotes":""},"class_list":["post-14","page","type-page","status-publish","hentry"],"_links":{"self":[{"href":"https:\/\/blogs.ua.es\/lopedeaguirrejd\/wp-json\/wp\/v2\/pages\/14","targetHints":{"allow":["GET"]}}],"collection":[{"href":"https:\/\/blogs.ua.es\/lopedeaguirrejd\/wp-json\/wp\/v2\/pages"}],"about":[{"href":"https:\/\/blogs.ua.es\/lopedeaguirrejd\/wp-json\/wp\/v2\/types\/page"}],"author":[{"embeddable":true,"href":"https:\/\/blogs.ua.es\/lopedeaguirrejd\/wp-json\/wp\/v2\/users\/2201"}],"replies":[{"embeddable":true,"href":"https:\/\/blogs.ua.es\/lopedeaguirrejd\/wp-json\/wp\/v2\/comments?post=14"}],"version-history":[{"count":7,"href":"https:\/\/blogs.ua.es\/lopedeaguirrejd\/wp-json\/wp\/v2\/pages\/14\/revisions"}],"predecessor-version":[{"id":17,"href":"https:\/\/blogs.ua.es\/lopedeaguirrejd\/wp-json\/wp\/v2\/pages\/14\/revisions\/17"}],"wp:attachment":[{"href":"https:\/\/blogs.ua.es\/lopedeaguirrejd\/wp-json\/wp\/v2\/media?parent=14"}],"curies":[{"name":"wp","href":"https:\/\/api.w.org\/{rel}","templated":true}]}}