{"id":26,"date":"2011-12-11T13:17:47","date_gmt":"2011-12-11T13:17:47","guid":{"rendered":"https:\/\/blogs.ua.es\/lopedeaguirrejd\/?page_id=26"},"modified":"2011-12-12T09:05:08","modified_gmt":"2011-12-12T09:05:08","slug":"lope-de-aguirre","status":"publish","type":"page","link":"https:\/\/blogs.ua.es\/lopedeaguirrejd\/lope-de-aguirre\/","title":{"rendered":"Lope de Aguirre"},"content":{"rendered":"<p><a href=\"https:\/\/blogs.ua.es\/lopedeaguirrejd\/files\/2011\/12\/Lope_de_Aguirre_2.jpg\"><img loading=\"lazy\" decoding=\"async\" class=\"alignleft size-medium wp-image-41\" src=\"https:\/\/blogs.ua.es\/lopedeaguirrejd\/files\/2011\/12\/Lope_de_Aguirre_2-237x300.jpg\" alt=\"\" width=\"237\" height=\"300\" srcset=\"https:\/\/blogs.ua.es\/lopedeaguirrejd\/files\/2011\/12\/Lope_de_Aguirre_2-237x300.jpg 237w, https:\/\/blogs.ua.es\/lopedeaguirrejd\/files\/2011\/12\/Lope_de_Aguirre_2.jpg 350w\" sizes=\"auto, (max-width: 237px) 100vw, 237px\" \/><\/a><\/p>\n<p>&nbsp;<\/p>\n<p>&nbsp;<\/p>\n<p>&nbsp;<\/p>\n<p>&nbsp;<\/p>\n<p>&nbsp;<\/p>\n<p>&nbsp;<\/p>\n<p>&nbsp;<\/p>\n<p>&nbsp;<\/p>\n<p>&nbsp;<\/p>\n<p>&nbsp;<\/p>\n<p>Una retrato de Lope de Aguirre<\/p>\n<p>&nbsp;<\/p>\n<p>Lope de Aguirre, como su comandante naci\u00f3 en el regi\u00f3n Vasco de Espa\u00f1a. Naci\u00f3 entre 1511 y 1516 a una familia pobre. Como Aguirre era un hombre pobre y no conocido, no existen muchas cuantas de su vida antes de sus actos de traici\u00f3n en la expedici\u00f3n por el Mara\u00f1\u00f3n. Se estima que lleg\u00f3 a Cartagena en Colombia en la d\u00e9cada de 1530. Entonces, durante mas de veinte a\u00f1os se puede adivinar que Aguirre iba por Sudam\u00e9rica, luchando com lo hac\u00eda Urs\u00faa pero sin ganar ninguna fama.<\/p>\n<p>Algunas de los narradores de la vida de Aguirre hacen suposiciones sobre su vida antes de la expedici\u00f3n. Escriben que era feo, de estatura media, lisiado, grosero y ruidoso. Ademas escriben sobre su hija mestiza quien iba a acompa\u00f1arle en la expedici\u00f3n.<\/p>\n<p>El Inca Garcilaso cuanta de un evento que podr\u00eda involucrar el Lope de Aguirre de la expedici\u00f3n. En esta cuento \u00e9l es parte de una banda de soldados explorando la tierra de Bolivia moderna. Estos soldados mandaban a porteros Indignas llevar sus pertenencias, que seg\u00fan los leyes de la corona fue ilegal. El representante de la corona en el regi\u00f3n quiso hacer un ejemplo de uno de los soldados. Aguirre tuvo la mala suerte ser escogido. Se conden\u00f3 a 200 de latigazos en una plaza publica. 200 de latigazo es un numero rid\u00edculamente grande as\u00ed que tal vez este castigo explica un poco la siguiente traici\u00f3n de Aguirre.<\/p>\n<p>Los hechos rebeldes de Aguirre comenzaron cerca de 1550 cuando se hacen parte de varias revueltas y delitos por todo el centro de Per\u00fa. Al fines de esta misma d\u00e9cada se sabe que Pedro de Urs\u00faa estaba buscando hombres para su expedici\u00f3n con desesperaci\u00f3n creciente y fondos disminuyendo. Esto es lo que probablemente llev\u00f3 a Pedro de Urs\u00faa reclutar Lope de Aguirre..<\/p>\n<p>En 1560 cuando la expedici\u00f3n la expedici\u00f3n se puso en marcha de su campamento peque\u00f1o de Santa Cruz el retrato que se hubo pintado de Aguirre ya es oscuro. Es un retrato de un mercenario y criminal endurecido cuyo vida, dura y sin recompensa, lo hab\u00eda dejado sin lealtad a la corona ni cualquier mayor potencia.<\/p>\n","protected":false},"excerpt":{"rendered":"<p>&nbsp; &nbsp; &nbsp; &nbsp; &nbsp; &nbsp; &nbsp; &nbsp; &nbsp; &nbsp; Una retrato de Lope de Aguirre &nbsp; Lope de Aguirre, como su comandante naci\u00f3 en el regi\u00f3n Vasco de Espa\u00f1a. Naci\u00f3 entre 1511 y 1516 a una familia pobre. Como Aguirre era un hombre pobre y no conocido, no existen muchas cuantas de su vida [&hellip;]<\/p>\n","protected":false},"author":2201,"featured_media":0,"parent":0,"menu_order":0,"comment_status":"open","ping_status":"open","template":"","meta":{"footnotes":""},"class_list":["post-26","page","type-page","status-publish","hentry"],"_links":{"self":[{"href":"https:\/\/blogs.ua.es\/lopedeaguirrejd\/wp-json\/wp\/v2\/pages\/26","targetHints":{"allow":["GET"]}}],"collection":[{"href":"https:\/\/blogs.ua.es\/lopedeaguirrejd\/wp-json\/wp\/v2\/pages"}],"about":[{"href":"https:\/\/blogs.ua.es\/lopedeaguirrejd\/wp-json\/wp\/v2\/types\/page"}],"author":[{"embeddable":true,"href":"https:\/\/blogs.ua.es\/lopedeaguirrejd\/wp-json\/wp\/v2\/users\/2201"}],"replies":[{"embeddable":true,"href":"https:\/\/blogs.ua.es\/lopedeaguirrejd\/wp-json\/wp\/v2\/comments?post=26"}],"version-history":[{"count":5,"href":"https:\/\/blogs.ua.es\/lopedeaguirrejd\/wp-json\/wp\/v2\/pages\/26\/revisions"}],"predecessor-version":[{"id":49,"href":"https:\/\/blogs.ua.es\/lopedeaguirrejd\/wp-json\/wp\/v2\/pages\/26\/revisions\/49"}],"wp:attachment":[{"href":"https:\/\/blogs.ua.es\/lopedeaguirrejd\/wp-json\/wp\/v2\/media?parent=26"}],"curies":[{"name":"wp","href":"https:\/\/api.w.org\/{rel}","templated":true}]}}