{"id":59,"date":"2011-11-22T15:04:48","date_gmt":"2011-11-22T15:04:48","guid":{"rendered":"https:\/\/blogs.ua.es\/losaztecas\/?page_id=59"},"modified":"2012-01-06T21:44:14","modified_gmt":"2012-01-06T21:44:14","slug":"cultura","status":"publish","type":"page","link":"https:\/\/blogs.ua.es\/losaztecas\/cultura\/","title":{"rendered":"Contexto hist\u00f3rico y geogr\u00e1fico"},"content":{"rendered":"<p style=\"text-align: justify\">Diversos pueblos convivieron en la etapa final del desarrollo mesoamericano, conocido arqueol\u00f3gicamente como <a title=\"Periodo poscl\u00e1sico mesoamericano\" href=\"http:\/\/es.wikipedia.org\/wiki\/Periodo_poscl%C3%A1sico_mesoamericano\">Poscl\u00e1sico<\/a> tard\u00edo, que comprendi\u00f3 de los siglos VIII a XV.<a href=\"https:\/\/blogs.ua.es\/losaztecas\/files\/2011\/11\/contexto.png\"><img loading=\"lazy\" decoding=\"async\" class=\"aligncenter size-full wp-image-395\" src=\"https:\/\/blogs.ua.es\/losaztecas\/files\/2011\/11\/contexto.png\" alt=\"\" width=\"800\" height=\"587\" srcset=\"https:\/\/blogs.ua.es\/losaztecas\/files\/2011\/11\/contexto.png 800w, https:\/\/blogs.ua.es\/losaztecas\/files\/2011\/11\/contexto-300x220.png 300w\" sizes=\"auto, (max-width: 800px) 100vw, 800px\" \/><\/a><\/p>\n<p style=\"text-align: justify\">En este tiempo la entidad pol\u00edtica de mayor complejidad fue M\u00e9xico-Tenochtitlan, cuyo origen hist\u00f3rico se remonta a una coalici\u00f3n militar conocida como la <a title=\"Triple Alianza (M\u00e9xico)\" href=\"http:\/\/es.wikipedia.org\/wiki\/Triple_Alianza_%28M%C3%A9xico%29\">Triple Alianza<\/a>, que vincul\u00f3 a tres estados emergentes: los mexicas, cuya ciudad capital fue M\u00e9xico-Tenochtitlan, famosa urbe de su \u00e9poca; los Acolhua con <a title=\"Tetzcuco\" href=\"http:\/\/es.wikipedia.org\/wiki\/Tetzcuco\">Texcoco<\/a> como ciudad primordial, considerada el centro cultural por excelencia; y <a title=\"Tlacopan\" href=\"http:\/\/es.wikipedia.org\/wiki\/Tlacopan\">Tlacopan<\/a>, que reuni\u00f3 a los sobrevivientes del antiguo se\u00f1or\u00edo que alguna vez domin\u00f3 el valle de M\u00e9xico. Los Aztecas impusieron con astucia su jerarqu\u00eda sobre sus aliados, y extendieron su dominio hasta las costas del Oc\u00e9ano Pac\u00edfico y del Golfo de M\u00e9xico. Adquirieron riqueza y poder a partir de la imposici\u00f3n de un estricto sistema de tributaci\u00f3n, de tal manera que a la llegada de los espa\u00f1oles en los inicios del siglo XVI, su capital era considerada la urbe m\u00e1s importante y magnificente de su \u00e9poca. La lengua dominante entre los aliados fue el <a title=\"N\u00e1huatl\" href=\"http:\/\/es.wikipedia.org\/wiki\/N%C3%A1huatl\">n\u00e1huatl<\/a>, que se convirti\u00f3 en la \u201clingua franca\u201d de gran parte de Mesoam\u00e9rica, utilizada para nombrar la geograf\u00eda del M\u00e9xico antiguo, sustituyendo inclusive las voces de otros ancestrales idiomas. En cuanto al otro estado ind\u00edgena, el Imperio <a title=\"Tarasco\" href=\"http:\/\/es.wikipedia.org\/wiki\/Tarasco\">Tarasco<\/a>, conocido tambi\u00e9n como Pur\u00e9pecha, cuya ciudad principal fue Tzintzuntzan, que al final de su periodo hist\u00f3rico funcion\u00f3 como su capital pol\u00edtica, impuso su dominio militar en una amplia zona que comprendi\u00f3 el centro-norte y occidente de M\u00e9xico. El idioma de este pueblo era el Porhe o Tarasco, fundamentalmente diferente al N\u00e1huatl y que no se vincula con ninguna otra lengua del M\u00e9xico antiguo.<\/p>\n<p style=\"text-align: justify\">La expansi\u00f3n de los <a title=\"Mexica\" href=\"http:\/\/es.wikipedia.org\/wiki\/Mexica\">mexicas<\/a> coincidi\u00f3 con el florecimiento de una tradici\u00f3n ideol\u00f3gica de car\u00e1cter inter\u00e9tnico que vincul\u00f3 a pueblos que hablaban lenguas e idiomas diferentes, Este lenguaje art\u00edstico comunic\u00f3 historias, deidades y ritos en los que coincidieron ancestrales mitos y tradiciones.<\/p>\n","protected":false},"excerpt":{"rendered":"<p>Diversos pueblos convivieron en la etapa final del desarrollo mesoamericano, conocido arqueol\u00f3gicamente como Poscl\u00e1sico tard\u00edo, que comprendi\u00f3 de los siglos VIII a XV. En este tiempo la entidad pol\u00edtica de mayor complejidad fue M\u00e9xico-Tenochtitlan, cuyo origen hist\u00f3rico se remonta a &hellip; <a href=\"https:\/\/blogs.ua.es\/losaztecas\/cultura\/\">Continue reading <span class=\"meta-nav\">&rarr;<\/span><\/a><\/p>\n","protected":false},"author":2180,"featured_media":0,"parent":0,"menu_order":3,"comment_status":"open","ping_status":"open","template":"","meta":{"footnotes":""},"class_list":["post-59","page","type-page","status-publish","hentry"],"_links":{"self":[{"href":"https:\/\/blogs.ua.es\/losaztecas\/wp-json\/wp\/v2\/pages\/59","targetHints":{"allow":["GET"]}}],"collection":[{"href":"https:\/\/blogs.ua.es\/losaztecas\/wp-json\/wp\/v2\/pages"}],"about":[{"href":"https:\/\/blogs.ua.es\/losaztecas\/wp-json\/wp\/v2\/types\/page"}],"author":[{"embeddable":true,"href":"https:\/\/blogs.ua.es\/losaztecas\/wp-json\/wp\/v2\/users\/2180"}],"replies":[{"embeddable":true,"href":"https:\/\/blogs.ua.es\/losaztecas\/wp-json\/wp\/v2\/comments?post=59"}],"version-history":[{"count":9,"href":"https:\/\/blogs.ua.es\/losaztecas\/wp-json\/wp\/v2\/pages\/59\/revisions"}],"predecessor-version":[{"id":100,"href":"https:\/\/blogs.ua.es\/losaztecas\/wp-json\/wp\/v2\/pages\/59\/revisions\/100"}],"wp:attachment":[{"href":"https:\/\/blogs.ua.es\/losaztecas\/wp-json\/wp\/v2\/media?parent=59"}],"curies":[{"name":"wp","href":"https:\/\/api.w.org\/{rel}","templated":true}]}}