{"id":61,"date":"2011-11-22T15:04:59","date_gmt":"2011-11-22T15:04:59","guid":{"rendered":"https:\/\/blogs.ua.es\/losaztecas\/?page_id=61"},"modified":"2012-01-04T22:23:10","modified_gmt":"2012-01-04T22:23:10","slug":"leyes","status":"publish","type":"page","link":"https:\/\/blogs.ua.es\/losaztecas\/leyes\/","title":{"rendered":"El imperio azteca"},"content":{"rendered":"<p style=\"text-align: justify\"><a href=\"https:\/\/blogs.ua.es\/losaztecas\/files\/2011\/11\/images11.jpg\"><img loading=\"lazy\" decoding=\"async\" class=\"alignleft size-full wp-image-105\" src=\"https:\/\/blogs.ua.es\/losaztecas\/files\/2011\/11\/images11.jpg\" alt=\"\" width=\"367\" height=\"223\" \/><\/a>\u00a0\u00a0\u00a0\u00a0\u00a0Seg\u00fan una leyenda, los aztecas fundar\u00edan una gran ciudad all\u00ed donde encontraran un \u00e1guila devorando a una serpiente posado sobre un nopal. En el a\u00f1o 1325, los sacerdotes aztecas descubrieron esta escena en un islote cerca del lago Texcoco, y all\u00ed erigieron la ciudad llamada Tecnochtitl\u00e1n. En el momento de su m\u00e1s alto desarrollo, el Imperio azteca se extendi\u00f3 por lo que hoy es la regi\u00f3n central del pa\u00eds, desde la costa del golfo de M\u00e9xico hasta la del Pac\u00edfico, y desde el Baj\u00edo hasta Oxaca.<\/p>\n<p style=\"text-align: justify\">El <strong>Estado mexica<\/strong> (en n\u00e1huatl: <em>\u0112xc\u0101n Tlahtol\u014dy\u0101n<\/em>), llamado com\u00fanmente <strong>Imperio azteca<\/strong>, fue la formaci\u00f3n pol\u00edtica <a title=\"Mexica\" href=\"http:\/\/es.wikipedia.org\/wiki\/Mexica\">mexica<\/a> derivada del proceso de expansi\u00f3n territorial del dominio econ\u00f3mico de la ciudad-estado M\u00e9xico-Tenochtitlan, que floreci\u00f3 en el siglo XIV en <a title=\"Mesoam\u00e9rica\" href=\"http:\/\/es.wikipedia.org\/wiki\/Mesoam%C3%A9rica\">Mesoam\u00e9rica<\/a>. Fue encabezado por los mexicas \u2014tambi\u00e9n conocidos como <em>aztecas<\/em>\u2014, un pueblo que, de acuerdo con algunos documentos hist\u00f3ricos como la <em><a title=\"Tira de la Peregrinaci\u00f3n\" href=\"http:\/\/es.wikipedia.org\/wiki\/Tira_de_la_Peregrinaci%C3%B3n\">Tira de la Peregrinaci\u00f3n<\/a><\/em>, era originario de un sitio m\u00edtico conocido como <a title=\"Aztl\u00e1n\" href=\"http:\/\/es.wikipedia.org\/wiki\/Aztl%C3%A1n\">Aztl\u00e1n<\/a>, al que se suele ubicar fuera de los confines de <a title=\"Mesoam\u00e9rica\" href=\"http:\/\/es.wikipedia.org\/wiki\/Mesoam%C3%A9rica\">Mesoam\u00e9rica<\/a>. Sin embargo, parece plausible que los mexicas fueran un pueblo de tradici\u00f3n cultural netamente mesoamericana y no los descendientes de grupos chichimecas dedicados a la cacer\u00eda y la recolecci\u00f3n.<\/p>\n<p style=\"text-align: justify\"><a href=\"https:\/\/blogs.ua.es\/losaztecas\/files\/2011\/11\/images.jpg\"><img loading=\"lazy\" decoding=\"async\" class=\"alignright size-full wp-image-103\" src=\"https:\/\/blogs.ua.es\/losaztecas\/files\/2011\/11\/images.jpg\" alt=\"\" width=\"410\" height=\"237\" \/><\/a><\/p>\n<h2 style=\"text-align: justify\">Ubicaci\u00f3n del Imperio azteca<\/h2>\n<p style=\"text-align: justify\">Los aztecas establecieron M\u00e9xico Tenochtitlan en el centro del Valle de M\u00e9xico, expandiendo su control hacia ciudades-estado ubicadas en los actuales estados de M\u00e9xico, Veracruz, Puebla, Oaxaca, Guerrero, la costa de Chiapas, Estado de Hidalgo, y parte de Guatemala. El territorio que se conquist\u00f3 no fue de un mon\u00f3tono clima, sino que abarc\u00f3 climas tan variados como el clima polar de alta monta\u00f1a hasta los climas c\u00e1lidos. Hubo una gran variedad de ecosistemas desde bosques de con\u00edferas, mixtos, caducifolios hasta los ecosistemas c\u00e1lidos como lo son las selvas tropicales, desiertos rocosos, selva caducifolia, manglares, bosque tropical, entre otros ecosistemas.<\/p>\n<h1 id=\"watch-headline-title\">La construcci\u00f3n de un Imperio &#8211; Los Aztecas<\/h1>\n<p style=\"text-align: justify\"><code>[kml_flashembed movie=\"http:\/\/www.youtube.com\/v\/nmgtUVHn14c\" width=\"425\" height=\"350\" wmode=\"transparent\" \/]<\/code><\/p>\n","protected":false},"excerpt":{"rendered":"<p>\u00a0\u00a0\u00a0\u00a0\u00a0Seg\u00fan una leyenda, los aztecas fundar\u00edan una gran ciudad all\u00ed donde encontraran un \u00e1guila devorando a una serpiente posado sobre un nopal. En el a\u00f1o 1325, los sacerdotes aztecas descubrieron esta escena en un islote cerca del lago Texcoco, y &hellip; <a href=\"https:\/\/blogs.ua.es\/losaztecas\/leyes\/\">Continue reading <span class=\"meta-nav\">&rarr;<\/span><\/a><\/p>\n","protected":false},"author":2180,"featured_media":0,"parent":0,"menu_order":4,"comment_status":"open","ping_status":"open","template":"","meta":{"footnotes":""},"class_list":["post-61","page","type-page","status-publish","hentry"],"_links":{"self":[{"href":"https:\/\/blogs.ua.es\/losaztecas\/wp-json\/wp\/v2\/pages\/61","targetHints":{"allow":["GET"]}}],"collection":[{"href":"https:\/\/blogs.ua.es\/losaztecas\/wp-json\/wp\/v2\/pages"}],"about":[{"href":"https:\/\/blogs.ua.es\/losaztecas\/wp-json\/wp\/v2\/types\/page"}],"author":[{"embeddable":true,"href":"https:\/\/blogs.ua.es\/losaztecas\/wp-json\/wp\/v2\/users\/2180"}],"replies":[{"embeddable":true,"href":"https:\/\/blogs.ua.es\/losaztecas\/wp-json\/wp\/v2\/comments?post=61"}],"version-history":[{"count":11,"href":"https:\/\/blogs.ua.es\/losaztecas\/wp-json\/wp\/v2\/pages\/61\/revisions"}],"predecessor-version":[{"id":102,"href":"https:\/\/blogs.ua.es\/losaztecas\/wp-json\/wp\/v2\/pages\/61\/revisions\/102"}],"wp:attachment":[{"href":"https:\/\/blogs.ua.es\/losaztecas\/wp-json\/wp\/v2\/media?parent=61"}],"curies":[{"name":"wp","href":"https:\/\/api.w.org\/{rel}","templated":true}]}}