{"id":24,"date":"2011-11-13T15:18:39","date_gmt":"2011-11-13T15:18:39","guid":{"rendered":"https:\/\/blogs.ua.es\/losaztecasjm\/?page_id=24"},"modified":"2011-12-18T14:17:54","modified_gmt":"2011-12-18T14:17:54","slug":"los-aztecas-y-la","status":"publish","type":"page","link":"https:\/\/blogs.ua.es\/losaztecasjm\/los-aztecas-y-la\/","title":{"rendered":"Los aztecas y la pen\u00ednsula ib\u00e9rica"},"content":{"rendered":"<p><strong><span style=\"text-decoration: underline\"><a title=\"1) La conquista azteca por los espa\u00f1oles.\" href=\"https:\/\/blogs.ua.es\/losaztecasjm\/1-la-conquista-azteca-por-los-espanoles\/\">1) La conquista azteca por los espa\u00f1oles.<\/a><\/span><\/strong><\/p>\n<p><strong><span style=\"text-decoration: underline\"><a title=\"2) El choque de la confrontaci\u00f3n de las dos culturas.\" href=\"https:\/\/blogs.ua.es\/losaztecasjm\/2-el-choque-de-la-confrontacion-de-las-dos-culturas\/\">2) El choque de la confrontaci\u00f3n de las dos culturas.<\/a><\/span><\/strong><\/p>\n<p><a title=\"3) Las huellas actuales que dejaron este pasado prehisp\u00e1nico.\" href=\"https:\/\/blogs.ua.es\/losaztecasjm\/3-las-huellas-actuales-que-dejaron-este-pasado-prehispanico\/\"><strong><span style=\"text-decoration: underline\">3) <\/span><\/strong><strong><span style=\"text-decoration: underline\">Las huellas actuales que dejaron este pasado prehisp\u00e1nico.<\/span><\/strong><\/a><\/p>\n<p><a href=\"https:\/\/blogs.ua.es\/losaztecasjm\/files\/2011\/11\/azt-enc_esp_mex1.jpg\"><img loading=\"lazy\" decoding=\"async\" class=\"aligncenter size-medium wp-image-226\" src=\"https:\/\/blogs.ua.es\/losaztecasjm\/files\/2011\/11\/azt-enc_esp_mex1-300x176.jpg\" alt=\"\" width=\"300\" height=\"176\" srcset=\"https:\/\/blogs.ua.es\/losaztecasjm\/files\/2011\/11\/azt-enc_esp_mex1-300x176.jpg 300w, https:\/\/blogs.ua.es\/losaztecasjm\/files\/2011\/11\/azt-enc_esp_mex1.jpg 340w\" sizes=\"auto, (max-width: 300px) 100vw, 300px\" \/><\/a><\/p>\n<p><strong><\/strong><a title=\"Los aztecas\" href=\"https:\/\/blogs.ua.es\/losaztecasjm\/\">Volver a la pagina principal. <\/a><\/p>\n","protected":false},"excerpt":{"rendered":"<p>1) La conquista azteca por los espa\u00f1oles. 2) El choque de la confrontaci\u00f3n de las dos culturas. 3) Las huellas actuales que dejaron este pasado prehisp\u00e1nico. Volver a la pagina principal.<\/p>\n","protected":false},"author":2244,"featured_media":0,"parent":0,"menu_order":0,"comment_status":"open","ping_status":"open","template":"","meta":{"footnotes":""},"class_list":["post-24","page","type-page","status-publish","hentry"],"_links":{"self":[{"href":"https:\/\/blogs.ua.es\/losaztecasjm\/wp-json\/wp\/v2\/pages\/24","targetHints":{"allow":["GET"]}}],"collection":[{"href":"https:\/\/blogs.ua.es\/losaztecasjm\/wp-json\/wp\/v2\/pages"}],"about":[{"href":"https:\/\/blogs.ua.es\/losaztecasjm\/wp-json\/wp\/v2\/types\/page"}],"author":[{"embeddable":true,"href":"https:\/\/blogs.ua.es\/losaztecasjm\/wp-json\/wp\/v2\/users\/2244"}],"replies":[{"embeddable":true,"href":"https:\/\/blogs.ua.es\/losaztecasjm\/wp-json\/wp\/v2\/comments?post=24"}],"version-history":[{"count":6,"href":"https:\/\/blogs.ua.es\/losaztecasjm\/wp-json\/wp\/v2\/pages\/24\/revisions"}],"predecessor-version":[{"id":75,"href":"https:\/\/blogs.ua.es\/losaztecasjm\/wp-json\/wp\/v2\/pages\/24\/revisions\/75"}],"wp:attachment":[{"href":"https:\/\/blogs.ua.es\/losaztecasjm\/wp-json\/wp\/v2\/media?parent=24"}],"curies":[{"name":"wp","href":"https:\/\/api.w.org\/{rel}","templated":true}]}}