{"id":31,"date":"2010-11-15T18:52:57","date_gmt":"2010-11-15T18:52:57","guid":{"rendered":"https:\/\/blogs.ua.es\/loshijosdelosreyescatolicos\/"},"modified":"2010-11-30T17:21:27","modified_gmt":"2010-11-30T17:21:27","slug":"juan","status":"publish","type":"page","link":"https:\/\/blogs.ua.es\/loshijosdelosreyescatolicos\/juan\/","title":{"rendered":"Juan"},"content":{"rendered":"<p><a href=\"https:\/\/blogs.ua.es\/loshijosdelosreyescatolicos\/files\/2010\/11\/juan-de-aragon-y-castilla.jpg\"><img loading=\"lazy\" decoding=\"async\" class=\"alignleft size-full wp-image-122\" src=\"https:\/\/blogs.ua.es\/loshijosdelosreyescatolicos\/files\/2010\/11\/juan-de-aragon-y-castilla.jpg\" alt=\"\" width=\"234\" height=\"300\" \/><\/a><\/p>\n<p>Juan de Arag\u00f3n y Castilla o de Trast\u00e1mara y Trast\u00e1mara (1478-1497) fue el segundo hijo de los Reyes Cat\u00f3licos y desde su nacimiento fue nombrado heredero de las dos coronas. Fue, por tanto, Pr\u00edncipe de Asturias y Gerona, t\u00edtulos que se daban \u00fanicamente al heredero de Castilla y Arag\u00f3n respectivamente.<\/p>\n<p>En 1497 sus padres, Isabel y Fernando, concertaron con Maximiliano I de Habsburgo que \u00e9l y su hermana Juana se casar\u00edan con los hijos de este, Margarita y Felipe. De este matrimonio entre Juan y Margarita de Austria solo naci\u00f3 una hija que muri\u00f3 en el parto.<\/p>\n<p>Seis meses despu\u00e9s de su boda muri\u00f3 en Salamanca, ciudad a la que hab\u00eda llegado de camino a la boda de su hermana, a causa de la tuberculosis. Tras su muerte, su hermana Isabel fue nombrada Princesa de Asturias y Gerona.<\/p>\n<p>Sus restos descansan en el Real Monasterio de Santo Tom\u00e1s (\u00c1vila) en un precioso sepulcro realizado por Domenico Fancelli por encargo de Fernando el Cat\u00f3lico. Su tumba fue profanada durante la Guerra de Independencia Espa\u00f1ola y actualmente se desconoce d\u00f3nde se encuentras sus restos.<\/p>\n","protected":false},"excerpt":{"rendered":"<p>Juan de Arag\u00f3n y Castilla o de Trast\u00e1mara y Trast\u00e1mara (1478-1497) fue el segundo hijo de los Reyes Cat\u00f3licos y desde su nacimiento fue nombrado heredero de las dos coronas. Fue, por tanto, Pr\u00edncipe de Asturias y Gerona, t\u00edtulos que se daban \u00fanicamente al heredero de Castilla y Arag\u00f3n respectivamente. En 1497 sus padres, Isabel [&hellip;]<\/p>\n","protected":false},"author":1877,"featured_media":0,"parent":0,"menu_order":0,"comment_status":"open","ping_status":"open","template":"","meta":{"footnotes":""},"class_list":["post-31","page","type-page","status-publish","hentry"],"_links":{"self":[{"href":"https:\/\/blogs.ua.es\/loshijosdelosreyescatolicos\/wp-json\/wp\/v2\/pages\/31","targetHints":{"allow":["GET"]}}],"collection":[{"href":"https:\/\/blogs.ua.es\/loshijosdelosreyescatolicos\/wp-json\/wp\/v2\/pages"}],"about":[{"href":"https:\/\/blogs.ua.es\/loshijosdelosreyescatolicos\/wp-json\/wp\/v2\/types\/page"}],"author":[{"embeddable":true,"href":"https:\/\/blogs.ua.es\/loshijosdelosreyescatolicos\/wp-json\/wp\/v2\/users\/1877"}],"replies":[{"embeddable":true,"href":"https:\/\/blogs.ua.es\/loshijosdelosreyescatolicos\/wp-json\/wp\/v2\/comments?post=31"}],"version-history":[{"count":6,"href":"https:\/\/blogs.ua.es\/loshijosdelosreyescatolicos\/wp-json\/wp\/v2\/pages\/31\/revisions"}],"predecessor-version":[{"id":124,"href":"https:\/\/blogs.ua.es\/loshijosdelosreyescatolicos\/wp-json\/wp\/v2\/pages\/31\/revisions\/124"}],"wp:attachment":[{"href":"https:\/\/blogs.ua.es\/loshijosdelosreyescatolicos\/wp-json\/wp\/v2\/media?parent=31"}],"curies":[{"name":"wp","href":"https:\/\/api.w.org\/{rel}","templated":true}]}}