{"id":124,"date":"2012-01-21T14:13:15","date_gmt":"2012-01-21T14:13:15","guid":{"rendered":"https:\/\/blogs.ua.es\/losmayas\/?page_id=124"},"modified":"2012-01-21T14:17:47","modified_gmt":"2012-01-21T14:17:47","slug":"contexto-historico","status":"publish","type":"page","link":"https:\/\/blogs.ua.es\/losmayas\/contexto-historico\/","title":{"rendered":"Contexto Hist\u00f3rico"},"content":{"rendered":"<h5><\/h5>\n<hr size=\"1\" \/>\n<p align=\"justify\">El florecimiento de la civilizaci\u00f3n maya fue la culminaci\u00f3n de un largo proceso de desarrollo econ\u00f3mico, pol\u00edtico, social y cultural, que se efectuaba desde siglos anteriores, y del cual marco de su diferencia con el resto de Mesoam\u00e9rica, al haber alcanzado un nivel de perfecci\u00f3n en los aspectos cient\u00edficos y art\u00edsticos.<\/p>\n<p align=\"justify\">Muestra de ellos son los siguientes ejemplos:<\/p>\n<ul>\n<li>Construcci\u00f3n de centros ceremoniales y de basamentos piramidales, en ocasiones bellamente adornadas con mascarones de estuco moldeado.<\/li>\n<li>Elaboraci\u00f3n de estelas y altares con personajes de inscripciones y jerogl\u00edficas<\/li>\n<li>Adelantados conocimientos astron\u00f3micos, matem\u00e1ticos y calendarios.<\/li>\n<li>Ofrendas en ricas tumbas que revelan notables adelantos t\u00e9cnicos de la alfarer\u00eda y la lapidaria.<\/li>\n<li>El uso de la llamada &#8220;b\u00f3veda falsa&#8221;, que se generaliz\u00f3 y permiti\u00f3 la sustituci\u00f3n de los techos de palma por los de mamposter\u00eda, ante los edificios destinados al culto, las residencias de las clases privilegiadas, y un notable avance en la escultura, el modelado de estuco y la pintura mural.<\/li>\n<\/ul>\n<p align=\"justify\">Las fuentes hist\u00f3ricas muestran que los mayas fueron b\u00e1sicamente agricultores. Los sistemas de cultivo comprendieron el de roza, la construcci\u00f3n de canales de irrigaci\u00f3n y el saneamiento de zonas pantanosas. Practicara la recolecci\u00f3n vegetal y casaban en selvas, montes, litorales y orillas de esteros.<\/p>\n<p align=\"justify\">La iconograf\u00eda maya, la escultura, el modelado, la pintura y la alfarer\u00eda confirmaron la existencia de una marcada divisi\u00f3n social. La sociedad se dividi\u00f3 en tres clases bien definidas. La c\u00faspide fue ocupada por el rey Uinic.; jefe del estado, tanto religioso, civil y militar. A la clase superior, la nobleza, se pertenec\u00eda por nacimiento y las personas se vinculaban por linajes. Por \u00faltimo, la clase plebeya agrupaba a toda la poblaci\u00f3n.<\/p>\n<p align=\"justify\">La regi\u00f3n maya estuvo dividida probablemente en estados independientes. Cada uno de ellos estar\u00eda dirigido por un gobierno central, con sede en la ciudad m\u00e1s importante, que eran centro pol\u00edtico y religioso.<\/p>\n<p align=\"justify\">Entre los grandes centros ceremoniales mayas del per\u00edodo cl\u00e1sico destacaron:<\/p>\n<ul>\n<li>\n<p align=\"justify\"><span style=\"font-family: Verdana\">Tikal<\/span><\/p>\n<\/li>\n<li>\n<p align=\"justify\"><span style=\"font-family: Verdana\">Cop\u00e1n y Quirigua<\/span><\/p>\n<\/li>\n<li>\n<p align=\"justify\"><span style=\"font-family: Verdana\">Bonampak<\/span><\/p>\n<\/li>\n<li>\n<p align=\"justify\"><span style=\"font-family: Verdana\">Palenque<\/span><\/p>\n<div><span style=\"font-family: Verdana\"><br \/>\n<\/span><\/div>\n<\/li>\n<\/ul>\n","protected":false},"excerpt":{"rendered":"<p>El florecimiento de la civilizaci\u00f3n maya fue la culminaci\u00f3n de un largo proceso de desarrollo econ\u00f3mico, pol\u00edtico, social y cultural, que se efectuaba desde siglos anteriores, y del cual marco de su diferencia con el resto de Mesoam\u00e9rica, al haber alcanzado un nivel de perfecci\u00f3n en los aspectos cient\u00edficos y art\u00edsticos. Muestra de ellos son [&hellip;]<\/p>\n","protected":false},"author":2204,"featured_media":0,"parent":0,"menu_order":0,"comment_status":"open","ping_status":"open","template":"","meta":{"footnotes":""},"class_list":["post-124","page","type-page","status-publish","hentry"],"_links":{"self":[{"href":"https:\/\/blogs.ua.es\/losmayas\/wp-json\/wp\/v2\/pages\/124","targetHints":{"allow":["GET"]}}],"collection":[{"href":"https:\/\/blogs.ua.es\/losmayas\/wp-json\/wp\/v2\/pages"}],"about":[{"href":"https:\/\/blogs.ua.es\/losmayas\/wp-json\/wp\/v2\/types\/page"}],"author":[{"embeddable":true,"href":"https:\/\/blogs.ua.es\/losmayas\/wp-json\/wp\/v2\/users\/2204"}],"replies":[{"embeddable":true,"href":"https:\/\/blogs.ua.es\/losmayas\/wp-json\/wp\/v2\/comments?post=124"}],"version-history":[{"count":2,"href":"https:\/\/blogs.ua.es\/losmayas\/wp-json\/wp\/v2\/pages\/124\/revisions"}],"predecessor-version":[{"id":130,"href":"https:\/\/blogs.ua.es\/losmayas\/wp-json\/wp\/v2\/pages\/124\/revisions\/130"}],"wp:attachment":[{"href":"https:\/\/blogs.ua.es\/losmayas\/wp-json\/wp\/v2\/media?parent=124"}],"curies":[{"name":"wp","href":"https:\/\/api.w.org\/{rel}","templated":true}]}}