{"id":32,"date":"2012-01-13T20:29:11","date_gmt":"2012-01-13T20:29:11","guid":{"rendered":"https:\/\/blogs.ua.es\/losmayas\/?page_id=32"},"modified":"2012-01-21T14:06:44","modified_gmt":"2012-01-21T14:06:44","slug":"blog-de-los-mayas","status":"publish","type":"page","link":"https:\/\/blogs.ua.es\/losmayas\/","title":{"rendered":"Presentaci\u00f3n Blog de los Mayas"},"content":{"rendered":"<p>Hola,<\/p>\n<p>Me llamo Camille, tengo 22 a\u00f1os, soy francesa, estudio la carrera de Traducci\u00f3n-Interpretaci\u00f3n y este a\u00f1o estoy de erasmus\u00a0en Alicante, he creado este blog porque me interesa mucho la cultura de los mayas, y me gusta compartirla;<\/p>\n<p><strong>\u00a0 \u00a0 \u00a0 \u00a0 \u00a0 \u00a0 \u00a0 \u00a0 \u00a0 \u00a0 \u00a0 \u00a0En este blog, podr\u00e1s descubrir el extraordinario mundo de los<\/strong><\/p>\n<p><strong> Mayas, trataremos de su historia, de su calendario excepcionalmente preciso,<\/strong><\/p>\n<p><strong> de la cultura maya, y de lo que han planeado para 2012 \u2026<\/strong><\/p>\n<p>Espero que os guste!! : &#8211; )<\/p>\n<p style=\"text-align: center\"><a href=\"https:\/\/blogs.ua.es\/losmayas\/files\/2012\/01\/mayas.jpg\"><img loading=\"lazy\" decoding=\"async\" class=\"size-medium wp-image-49 aligncenter\" src=\"https:\/\/blogs.ua.es\/losmayas\/files\/2012\/01\/mayas-300x199.jpg\" alt=\"\" width=\"300\" height=\"199\" srcset=\"https:\/\/blogs.ua.es\/losmayas\/files\/2012\/01\/mayas-300x199.jpg 300w, https:\/\/blogs.ua.es\/losmayas\/files\/2012\/01\/mayas.jpg 500w\" sizes=\"auto, (max-width: 300px) 100vw, 300px\" \/><\/a><\/p>\n<p><strong><br \/>\n<\/strong><\/p>\n","protected":false},"excerpt":{"rendered":"<p>Hola, Me llamo Camille, tengo 22 a\u00f1os, soy francesa, estudio la carrera de Traducci\u00f3n-Interpretaci\u00f3n y este a\u00f1o estoy de erasmus\u00a0en Alicante, he creado este blog porque me interesa mucho la cultura de los mayas, y me gusta compartirla; \u00a0 \u00a0 \u00a0 \u00a0 \u00a0 \u00a0 \u00a0 \u00a0 \u00a0 \u00a0 \u00a0 \u00a0En este blog, podr\u00e1s descubrir el [&hellip;]<\/p>\n","protected":false},"author":2204,"featured_media":0,"parent":0,"menu_order":0,"comment_status":"open","ping_status":"open","template":"","meta":{"footnotes":""},"class_list":["post-32","page","type-page","status-publish","hentry"],"_links":{"self":[{"href":"https:\/\/blogs.ua.es\/losmayas\/wp-json\/wp\/v2\/pages\/32","targetHints":{"allow":["GET"]}}],"collection":[{"href":"https:\/\/blogs.ua.es\/losmayas\/wp-json\/wp\/v2\/pages"}],"about":[{"href":"https:\/\/blogs.ua.es\/losmayas\/wp-json\/wp\/v2\/types\/page"}],"author":[{"embeddable":true,"href":"https:\/\/blogs.ua.es\/losmayas\/wp-json\/wp\/v2\/users\/2204"}],"replies":[{"embeddable":true,"href":"https:\/\/blogs.ua.es\/losmayas\/wp-json\/wp\/v2\/comments?post=32"}],"version-history":[{"count":9,"href":"https:\/\/blogs.ua.es\/losmayas\/wp-json\/wp\/v2\/pages\/32\/revisions"}],"predecessor-version":[{"id":116,"href":"https:\/\/blogs.ua.es\/losmayas\/wp-json\/wp\/v2\/pages\/32\/revisions\/116"}],"wp:attachment":[{"href":"https:\/\/blogs.ua.es\/losmayas\/wp-json\/wp\/v2\/media?parent=32"}],"curies":[{"name":"wp","href":"https:\/\/api.w.org\/{rel}","templated":true}]}}