{"id":14,"date":"2015-10-29T21:07:57","date_gmt":"2015-10-29T20:07:57","guid":{"rendered":"https:\/\/blogs.ua.es\/mappingame\/?page_id=14"},"modified":"2020-04-06T15:12:18","modified_gmt":"2020-04-06T14:12:18","slug":"related-publications","status":"publish","type":"page","link":"https:\/\/blogs.ua.es\/mappingame\/teaching-activities-2\/related-publications\/","title":{"rendered":"Related Publications"},"content":{"rendered":"<h3 style=\"text-align: justify\"><span style=\"color: #000000\">Teaching Reports<\/span><\/h3>\n<hr \/>\n<h5 style=\"text-align: justify\"><\/h5>\n<h5><span style=\"color: #000000\">2016\u00a0<a style=\"color: #000000\" href=\"https:\/\/drive.google.com\/open?id=0B9hpYuSM01-KaU5jdlVhY0ZOYmM\">La\u00a0Condesa Online y Offline<\/a><\/span><\/h5>\n<h5><span style=\"color: #808080\">Serrano-Estrada, L.; Gonz\u00e1lez-Flores, S; La Condesa Online y Offline. September 2016. \u00a0[Online Source: <a style=\"color: #808080\" href=\"https:\/\/drive.google.com\/open?id=0B9hpYuSM01-KaU5jdlVhY0ZOYmM\">https:\/\/drive.google.com\/open?id=0B9hpYuSM01-KaU5jdlVhY0ZOYmM<\/a> ]<\/span><\/h5>\n<h5 style=\"text-align: justify\">201<span style=\"color: #000000\">6 <a style=\"color: #000000\" href=\"https:\/\/drive.google.com\/open?id=0B9hpYuSM01-KMlBzaEJOZmh6MEk\">La Imagen P\u00fablica de la Ciudad Virtual<\/a><\/span><\/h5>\n<h5 style=\"text-align: left\"><span style=\"color: #808080\">Serrano-Estrada, L.; Nolasco-Cirugeda, A.; Mart\u00ed-Ciriqui\u00e1n, P; La Imagen P\u00fablica de la Ciudad Virtual. July 2016. ISBN 978-84-16393-70-1. [Online Source: <a style=\"color: #808080\" href=\"https:\/\/drive.google.com\/open?id=0B9hpYuSM01-KMlBzaEJOZmh6MEk\">https:\/\/drive.google.com\/open?id=0B9hpYuSM01-KMlBzaEJOZmh6MEk<\/a>]<\/span><\/h5>\n<h5><span style=\"color: #000000\">2015 <a style=\"color: #000000\" href=\"https:\/\/www.researchgate.net\/publication\/285582738_Mapping_Reykjavik_-_Workshop_report\" target=\"_blank\" rel=\"noopener noreferrer\">Mapping Reykiavik &#8211; Workshop Teaching Report [Leticia Serrano + Almudena Nolasco]<\/a><\/span><\/h5>\n<h5><span style=\"color: #808080\">Serrano-Estrada, L.; Nolasco-Cirugeda, A.; Mapping Reykiavik &#8211; Workshop Teaching report. November 2015. [Online Source: retrieved from https:\/\/www.researchgate.net\/publication\/285582738_Mapping_Reykjavik_-_Workshop_report]<\/span><\/h5>\n<h3 style=\"text-align: justify\"><span style=\"color: #000000\">Scholarly works<\/span><\/h3>\n<hr \/>\n<h5>2020 <span style=\"color: #000000\"><a style=\"color: #000000\" href=\"https:\/\/www.academia.edu\/42184366\/Social_Interaction_Within_The_Urban_Design_Of_Plazas\">Social Interaction Within TheUrban Design Of Plazas. Understanding People\u2019s Perception Of Urban Public Space, Using Location-Based Social Networks (LBSN)<\/a><\/span>*<\/h5>\n<h5><span style=\"color: #808080\">Yorgova, Kristina (2020) Interaction Within TheUrban Design Of Plazas. Understanding People\u2019s Perception Of Urban Public Space, Using Location-Based Social Networks (LBSN). Dissertation (Dir. Tonia Carless) Bristol: University of the West of England.\u00a0<\/span><\/h5>\n<h6><span style=\"color: #808080\">*The pre-processed Foursquare dataset was provided by Mappingame ResearchLab. Urban Design and Regional Planning Unit. University of Alicante<\/span><\/h6>\n<h5><span style=\"color: #000000\">2019 <a style=\"color: #000000\" href=\"http:\/\/rua.ua.es\/dspace\/handle\/10045\/86827\">Caracterizaci\u00f3n de la actividad urbana en espacios p\u00fablicos mar\u00edtimos a partir de las redes sociales geolocalizadas Foursquare e Instagram<\/a><\/span><\/h5>\n<h5><span style=\"color: #808080\">G\u00f3mez Mart\u00ednez, Jes\u00fas Gonzalo (2019) Caracterizaci\u00f3n de la actividad urbana en espacios p\u00fablicos mar\u00edtimos a partir de las redes sociales geolocalizadas Foursquare e Instagram. Trabajo Fin de Grado en Fundamentos de la Arquitectura (Dir. Leticia Serrano Estrada) Alicante: Universidad de Alicante.<\/span><\/h5>\n<h5>2019 Learning from la Mancha. La gasolinera como laboratorio de experiencias.<\/h5>\n<h5><span style=\"color: #808080\">Jaquero Pe\u00f1a, Bel\u00e9n y Salcedo G\u00f3mez-Pimpollo, Mar\u00eda Jes\u00fas (2019) Learning from la Mancha. La gasolinera como laboratorio de experiencias. Trabajo Fin de M\u00e1ster en M\u00e1ster en Arquitectura (Dir. Leticia Serrano Estrada) Alicante: Universidad de Alicante.<\/span><\/h5>\n<h5>2018 Murales en entornos urbanos. An\u00e1lisis a trav\u00e9s de redes sociales y otras herramientas digitales<\/h5>\n<h5><span style=\"color: #808080\">Saquero Gonz\u00e1lez Juan (2018) Murales en entornos urbanos. An\u00e1lisis a trav\u00e9s de redes sociales y otras herramientas digitales. Trabajo Fin de Grado en Fundamentos de la Arquitectura (Dir. Almudena Nolasco Cirugeda) Alicante: Universidad de Alicante.<\/span><\/h5>\n<h5>2018 Imagen urbana y percepci\u00f3n a trav\u00e9s de Instagram: Cuatro plazas de la Comunidad Valenciana<\/h5>\n<h5><span style=\"color: #808080\"> Albadalejo Rodr\u00edguez, \u00c1ngel (2018) Imagen urbana y percepci\u00f3n a trav\u00e9s de Instagram: Cuatro plazas de la Comunidad Valenciana. Trabajo Fin de Grado en Fundamentos de la Arquitectura (Dir. Almudena Nolasco Cirugeda) Alicante: Universidad de Alicante.<\/span><\/h5>\n<h5>2018 Haikyo City: el turismo de la ruina moderna.<\/h5>\n<h5><span style=\"color: #808080\">Bernabeu Bautista, \u00c1lvaro (2018) Haikyo City: el turismo de la ruina moderna. Trabajo Fin de M\u00e1ster en M\u00e1ster en Arquitectura (Dir. Pablo Mart\u00ed Ciriqui\u00e1n) Alicante: Universidad de Alicante.<\/span><\/h5>\n<h5><span style=\"color: #000000\">2017 <a style=\"color: #000000\" href=\"http:\/\/rua.ua.es\/dspace\/handle\/10045\/67771\">Caracterizaci\u00f3n de espacios p\u00fablicos de \u00e9xito a partir de las LBSNs (Location-Based Social Networks)<\/a><\/span><\/h5>\n<h5><span style=\"color: #808080\">Mu\u00f1oz L\u00f3pez, Juan (2017) Caracterizaci\u00f3n de espacios p\u00fablicos de \u00e9xito a partir de las LBSNs (Location-Based Social Networks). Trabajo Fin de Grado en Fundamentos de la Arquitectura. (Dir. Leticia Serrano Estrada) Alicante: Universidad de Alicante.<\/span><\/h5>\n<h5>2017 <span style=\"color: #000000\"><a style=\"color: #000000\" href=\"http:\/\/rua.ua.es\/dspace\/handle\/10045\/67769\">Preferencia de lugares y actividades en ejes urbanos a trav\u00e9s de Foursquare<\/a><\/span><\/h5>\n<h5><span style=\"color: #808080\">Molt\u00f3 Almendros, Natalia (2017) Preferencia de lugares y actividades en ejes urbanos a trav\u00e9s de Foursquare. Trabajo Fin de Grado en Fundamentos de la Arquitectura. (Dir. Pablo Mart\u00ed Ciriqui\u00e1n) Alicante: Universidad de Alicante.<\/span><\/h5>\n<h5><span style=\"color: #000000\">2017 <a style=\"color: #000000\" href=\"http:\/\/rua.ua.es\/dspace\/handle\/10045\/67768\">Patrones de presencia espacio-temporal en ejes urbanos a trav\u00e9s de Twitter<\/a><\/span><\/h5>\n<h5><span style=\"color: #808080\">Juan Prats, Mar\u00eda (2017) Patrones de presencia espacio-temporal en ejes urbanos a trav\u00e9s de Twitter. Trabajo Fin de Grado en Fundamentos de la Arquitectura (Dir. Almudena Nolasco Cirugeda) Alicante: Universidad de Alicante.<\/span><\/h5>\n<h5><span style=\"color: #000000\">2017 <a style=\"color: #000000\" href=\"http:\/\/rua.ua.es\/dspace\/handle\/10045\/67767\">Usos urbanos y actividades econ\u00f3micas a trav\u00e9s de Google Places<\/a><\/span><\/h5>\n<h5><span style=\"color: #808080\">Bernabeu Bautista, \u00c1lvaro (2017) Usos urbanos y actividades econ\u00f3micas a trav\u00e9s de Google Places. Trabajo Fin de Grado en Fundamentos de la Arquitectura (Dir. Leticia Serrano Estrada) Alicante: Universidad de Alicante.<\/span><\/h5>\n<h5><span style=\"color: #000000\">2017 <a style=\"color: #000000\" href=\"http:\/\/rua.ua.es\/dspace\/handle\/10045\/61927\">La clase creativa y la complejidad urbana de actividades en Barcelona. Un an\u00e1lisis a trav\u00e9s de datos de redes sociales<\/a><\/span><\/h5>\n<h5><span style=\"color: #808080\">Tom\u00e1s Castell\u00f3, Mariano Pablo (2017) La clase creativa y la complejidad urbana de actividades en Barcelona. Un an\u00e1lisis a trav\u00e9s de datos de redes sociales. <\/span><span style=\"color: #808080\">Trabajo Fin de Grado en Fundamentos de la Arquitectura <\/span><span style=\"color: #808080\">(Dir. Almudena Nolasco Cirugeda) Alicante: Universidad de Alicante.<\/span><\/h5>\n<h5>2016 Patrones de estacionalidad en el Arco Mediterr\u00e1neo. Los casos de Benidorm y Formentera.<\/h5>\n<h5><span style=\"color: #808080\">Socorro Pic\u00f3, Ana (2016) Patrones de estacionalidad en el Arco Mediterr\u00e1neo. Los casos de Benidorm y Formentera. Trabajo Fin de Grado en Fundamentos de la Arquitectura (Dir. Almudena Nolasco Cirugeda) Alicante: Universidad de Alicante. <strong>Este trabajo consigui\u00f3 el segundo premio en los Premios TFG y TFM sobre Turismo de la C\u00e1tedra Pedro Zaragoza Orts del IUIT en 2017<\/strong><\/span><\/h5>\n<h5 style=\"text-align: justify\"><span style=\"color: #000000\">2016 Plazas y actividad real vs virtual<\/span><\/h5>\n<h5 class=\"menor\" style=\"text-align: justify\"><span style=\"color: #808080\">Saor\u00edn P\u00e9rez, Jes\u00fas Manuel (2016) Plazas y actividad real vs virtual. Trabajo Fin de Grado en Fundamentos de la Arquitectura. <\/span><span style=\"color: #808080\">(Dir. Leticia Serrano Estrada) <\/span><span style=\"color: #808080\">Alicante: Universidad de Alicante.<\/span><\/h5>\n<h5>2016 1010 Wien<\/h5>\n<h5 class=\"menor\" style=\"text-align: justify\"><span style=\"color: #808080\">L\u00f3pez-Baeza, Jes\u00fas (2016) 1010 Wien. Trabajo Fin de M\u00e1ster en M\u00e1ster en Arquitectura. <\/span><span style=\"color: #808080\">(Dir. Leticia Serrano Estrada) <\/span><span style=\"color: #808080\">Alicante: Universidad de Alicante.<\/span><\/h5>\n<h5 style=\"text-align: justify\"><span style=\"color: #000000\">2015\u00a0<a class=\"ventananueva\" style=\"color: #000000\" href=\"http:\/\/rua.ua.es\/dspace\/handle\/10045\/49469\" rel=\"ventananueva\">La Cohesi\u00f3n Social desde las Redes Sociales: El caso de la Calle San Francisco<\/a>\u00a0<\/span><\/h5>\n<h5 class=\"menor\" style=\"text-align: justify\"><span style=\"color: #808080\">L\u00f3pez-Baeza, Jes\u00fas (2015) La Cohesi\u00f3n Social desde las Redes Sociales: El caso de la Calle San Francisco. Trabajo Fin de Grado en Fundamentos de la Arquitectura. <\/span><span style=\"color: #808080\">(Dir. Leticia Serrano Estrada) <\/span><span style=\"color: #808080\">Alicante: Universidad de Alicante.<\/span><\/h5>\n<h5 style=\"text-align: justify\"><span style=\"color: #000000\">2015 La Identidad de la Periferia de Murcia en las Redes Sociales: Huerta o Ciudad\u00a0<\/span><\/h5>\n<h5 class=\"menor\" style=\"text-align: justify\"><span style=\"color: #808080\">Rico Vidal, Soledad (2015) La Identidad de la Periferia de Murcia en las Redes Sociales: Huerta o Ciudad. Trabajo Fin de Grado en Fundamentos de la Arquitectura <\/span><span style=\"color: #808080\">(Dir. Leticia Serrano Estrada).<\/span><span style=\"color: #808080\">Alicante: Universidad de Alicante.<\/span><\/h5>\n<h5 style=\"text-align: justify\"><span style=\"color: #000000\">2014\u00a0<a class=\"ventananueva\" style=\"color: #000000\" href=\"http:\/\/rua.ua.es\/dspace\/handle\/10045\/39523\" rel=\"ventananueva\">An\u00e1lisis y comparativa del estatus de espacio p\u00fablico urbano bas\u00e1ndose en los datos del contexto f\u00edsico y las redes sociales<\/a> por Taras Agryzkov<\/span><\/h5>\n<h5 class=\"menor\" style=\"text-align: justify\"><span style=\"color: #808080\">Agryzkov, T.;\u00a0An\u00e1lisis y comparativa del estatus de espacio p\u00fablico urbano bas\u00e1ndose en los datos del contexto f\u00edsico y las redes sociales. Trabajo Fin de M\u00e1ster en Arquitectura y Urbanismo Sostenibles<\/span><\/h5>\n<h5><\/h5>\n<h3 style=\"text-align: justify\">Communications in Conferences<\/h3>\n<hr \/>\n<h5 style=\"text-align: justify\">2015\u00a0<span style=\"color: #333333\"><a style=\"color: #333333\" href=\"http:\/\/rua.ua.es\/dspace\/handle\/10045\/50732\">Docencia en urbanismo y tecnolog\u00eda: nuevas formas de trabajo y evaluaci\u00f3n<\/a><\/span><\/h5>\n<h6><span style=\"color: #808080\">Investigaci\u00f3n y Propuestas Innovadoras de Redes UA para la Mejora Docente [Recurso electr\u00f3nico] \/ coordinadores, Jos\u00e9 Daniel Alvarez Teruel, Mar\u00eda Teresa Tortosa Yb\u00e1\u00f1ez, Neus Pell\u00edn Buades. Alicante : Universidad de Alicante, Vicerrectorado de Estudios, Formaci\u00f3n y Calidad, Instituto de Ciencias de la Educaci\u00f3n (ICE), 2015. ISBN 978-84-617-3914-1, pp. 1515-1533<\/span><\/h6>\n<h5><a href=\"http:\/\/rua.ua.es\/dspace\/handle\/10045\/41782\" rel=\"attachment wp-att-251\"><br \/>\n<\/a><span style=\"color: #000000\">2014 <a style=\"color: #000000\" href=\"http:\/\/rua.ua.es\/dspace\/handle\/10045\/41782\">La evaluaci\u00f3n continua en la docencia del urbanismo: experiencia aplicada a trav\u00e9s de Google Apps<\/a><\/span><\/h5>\n<h6><span style=\"color: #808080\">XII Jornadas de Redes de Investigaci\u00f3n en Docencia Universitaria [Recurso electr\u00f3nico]: El reconocimiento docente: innovar e investigar con criterios de calidad = XII Jornades de Xarxes d&#8217;Investigaci\u00f3 en Doc\u00e8ncia Universit\u00e0ria. El reconeixement docent: innovar i investigar amb criteris de qualitat \/ coordinadores, M\u00aa Teresa Tortosa Yb\u00e1\u00f1ez, Jos\u00e9 Daniel Alvarez Teruel, Neus Pell\u00edn Buades. Alicante : Universidad de Alicante, 2014. ISBN 978-84-697-0709-8, pp. 418-433<\/span><\/h6>\n<h5><span style=\"color: #000000\">2013 <a style=\"color: #000000\" href=\"http:\/\/rua.ua.es\/dspace\/handle\/10045\/43404\">La participaci\u00f3n del alumnado en asignaturas de Urbanismo a trav\u00e9s de Servicios de Redes Sociales<\/a><\/span><\/h5>\n<h6><span style=\"color: #808080\">XI Jornadas de Redes de Investigaci\u00f3n en Docencia Universitaria [Recurso electr\u00f3nico]: Retos de futuro en la ense\u00f1anza superior: docencia e investigaci\u00f3n para alcanzar la excelencia acad\u00e9mica = XI Jornades de Xarxes d&#8217;Investigaci\u00f3 en Doc\u00e8ncia Universit\u00e0ria. Reptes de futur en l&#8217;ensenyament superior: doc\u00e8ncia i investigaci\u00f3 per a aconseguir l&#8217;excel\u00b7l\u00e8ncia acad\u00e8mica \/ coordinadores, M\u00aa Teresa Tortosa Yb\u00e1\u00f1ez, Jos\u00e9 Daniel Alvarez Teruel, Neus Pell\u00edn Buades. Alicante : Universidad de Alicante, 2013. ISBN 978-84-695-8104-9, pp. 1276-1290<\/span><\/h6>\n","protected":false},"excerpt":{"rendered":"<p>Teaching Reports 2016\u00a0La\u00a0Condesa Online y Offline Serrano-Estrada, L.; Gonz\u00e1lez-Flores, S; La Condesa Online y Offline. September 2016. \u00a0[Online Source: https:\/\/drive.google.com\/open?id=0B9hpYuSM01-KaU5jdlVhY0ZOYmM ] 2016 La Imagen P\u00fablica de la Ciudad Virtual Serrano-Estrada, L.; Nolasco-Cirugeda, A.; Mart\u00ed-Ciriqui\u00e1n, P; La Imagen P\u00fablica de la &hellip; <a href=\"https:\/\/blogs.ua.es\/mappingame\/teaching-activities-2\/related-publications\/\">Continue reading <span class=\"meta-nav\">&rarr;<\/span><\/a><\/p>\n","protected":false},"author":3880,"featured_media":0,"parent":298,"menu_order":4,"comment_status":"closed","ping_status":"closed","template":"","meta":{"footnotes":""},"class_list":["post-14","page","type-page","status-publish","hentry"],"_links":{"self":[{"href":"https:\/\/blogs.ua.es\/mappingame\/wp-json\/wp\/v2\/pages\/14","targetHints":{"allow":["GET"]}}],"collection":[{"href":"https:\/\/blogs.ua.es\/mappingame\/wp-json\/wp\/v2\/pages"}],"about":[{"href":"https:\/\/blogs.ua.es\/mappingame\/wp-json\/wp\/v2\/types\/page"}],"author":[{"embeddable":true,"href":"https:\/\/blogs.ua.es\/mappingame\/wp-json\/wp\/v2\/users\/3880"}],"replies":[{"embeddable":true,"href":"https:\/\/blogs.ua.es\/mappingame\/wp-json\/wp\/v2\/comments?post=14"}],"version-history":[{"count":33,"href":"https:\/\/blogs.ua.es\/mappingame\/wp-json\/wp\/v2\/pages\/14\/revisions"}],"predecessor-version":[{"id":606,"href":"https:\/\/blogs.ua.es\/mappingame\/wp-json\/wp\/v2\/pages\/14\/revisions\/606"}],"up":[{"embeddable":true,"href":"https:\/\/blogs.ua.es\/mappingame\/wp-json\/wp\/v2\/pages\/298"}],"wp:attachment":[{"href":"https:\/\/blogs.ua.es\/mappingame\/wp-json\/wp\/v2\/media?parent=14"}],"curies":[{"name":"wp","href":"https:\/\/api.w.org\/{rel}","templated":true}]}}