{"id":331,"date":"2016-04-05T09:16:36","date_gmt":"2016-04-05T08:16:36","guid":{"rendered":"https:\/\/blogs.ua.es\/mappingame\/?page_id=331"},"modified":"2016-04-05T10:00:36","modified_gmt":"2016-04-05T09:00:36","slug":"awards","status":"publish","type":"page","link":"https:\/\/blogs.ua.es\/mappingame\/teaching-activities-2\/awards\/","title":{"rendered":"Awards"},"content":{"rendered":"<h5>&gt; I\u00a0CERTAMEN DE INVESTIGACI\u00d3N MANUEL ANT\u00d3N<\/h5>\n<h5 style=\"text-align: justify\"><span style=\"color: #808080\"><a href=\"https:\/\/blogs.ua.es\/mappingame\/files\/2016\/04\/cartell-conferencia.jpg\" rel=\"attachment wp-att-332\"><img loading=\"lazy\" decoding=\"async\" class=\"alignnone wp-image-332 size-large\" src=\"https:\/\/blogs.ua.es\/mappingame\/files\/2016\/04\/cartell-conferencia-1024x676.jpg\" alt=\"cartell conferencia\" width=\"640\" height=\"423\" srcset=\"https:\/\/blogs.ua.es\/mappingame\/files\/2016\/04\/cartell-conferencia-1024x676.jpg 1024w, https:\/\/blogs.ua.es\/mappingame\/files\/2016\/04\/cartell-conferencia-300x198.jpg 300w, https:\/\/blogs.ua.es\/mappingame\/files\/2016\/04\/cartell-conferencia-768x507.jpg 768w\" sizes=\"auto, (max-width: 640px) 100vw, 640px\" \/><\/a>Propostes per a la Rambla. L&#8217;Avinguda Carlos Soler: Un Espai P\u00fablic Confortable? de Carlos Pastor i Javier Giner<\/span><\/h5>\n<h5 style=\"text-align: justify\"><span style=\"color: #808080\">Our talented students won first prize in the &#8220;I Certamen de investigaci\u00f3n Manuel Ant\u00f3n&#8221; competition!<\/span><\/h5>\n<h5 style=\"text-align: justify\"><span style=\"color: #808080\">Three students from the <a style=\"color: #808080\" href=\"http:\/\/cv1.cpd.ua.es\/consplanesestudio\/cvFichaAsiEEES.asp?wlengua=E&amp;wcodasi=20524&amp;scaca=2015-16\">Urban Design II<\/a> course [University of Alicante course 14-15] won first prize in the &#8220;I Certamen de investigaci\u00f3n Manuel Ant\u00f3n&#8221; competition for the Mutxamel&#8217;s public space project entitled: \u201cL\u2019avinguda de Carlos Soler: un espai p\u00fablic confortable?\u201d. The proposal, which was developed as part of the academic course&#8217;s practical excercise, was entirely based on online citizen feedback using the social network &#8220;<a style=\"color: #808080\" href=\"https:\/\/foursquare.com\/\">Foursquare<\/a>&#8221; as civic engagement platform.<\/span><\/h5>\n<h6 style=\"text-align: left\"><span style=\"color: #808080\"><a href=\"https:\/\/blogs.ua.es\/mappingame\/files\/2016\/04\/12241390_867274913368902_2306181017493348692_n.jpg\" rel=\"attachment wp-att-336\"><img loading=\"lazy\" decoding=\"async\" class=\"alignleft wp-image-336\" src=\"https:\/\/blogs.ua.es\/mappingame\/files\/2016\/04\/12241390_867274913368902_2306181017493348692_n-300x169.jpg\" alt=\"12241390_867274913368902_2306181017493348692_n\" width=\"177\" height=\"100\" srcset=\"https:\/\/blogs.ua.es\/mappingame\/files\/2016\/04\/12241390_867274913368902_2306181017493348692_n-300x169.jpg 300w, https:\/\/blogs.ua.es\/mappingame\/files\/2016\/04\/12241390_867274913368902_2306181017493348692_n-768x433.jpg 768w, https:\/\/blogs.ua.es\/mappingame\/files\/2016\/04\/12241390_867274913368902_2306181017493348692_n.jpg 960w\" sizes=\"auto, (max-width: 177px) 100vw, 177px\" \/><\/a>Competition: &#8220;I Certamen de investigaci\u00f3n Manuel Ant\u00f3n&#8221; &#8211; Ayuntamiento de Mutxamel<\/span><br \/>\n<span style=\"color: #808080\">Topic: Public space (Mutxamel, Alicante)<\/span><br \/>\n<span style=\"color: #808080\">Date: May 2015.<\/span><br \/>\n<span style=\"color: #808080\">Project title: \u201cL\u2019avinguda de Carlos Soler: un espai p\u00fablic confortable?\u201d<\/span><br \/>\n<span style=\"color: #808080\"> Participants: Carlos Pastor Garc\u00eda, Julia Mar\u00eda Alonso Viudez y Javier Giner Bernab\u00e9u.<\/span><br \/>\n<span style=\"color: #808080\"> <a style=\"color: #808080\" href=\"https:\/\/www.facebook.com\/Rambla-Oberta-Mutxamel-1544190775825774\/\" target=\"_blank\">Facebook Platform<\/a>\u00a0|<a style=\"color: #808080\" href=\"http:\/\/www.diarioinformacion.com\/alacanti\/2015\/11\/13\/impulsar-rambla-participacion\/1696102.html\" target=\"_blank\"> Award Ceremony<\/a><\/span><\/h6>\n<hr \/>\n<p>&nbsp;<\/p>\n<h5><\/h5>\n","protected":false},"excerpt":{"rendered":"<p>&gt; I\u00a0CERTAMEN DE INVESTIGACI\u00d3N MANUEL ANT\u00d3N Propostes per a la Rambla. L&#8217;Avinguda Carlos Soler: Un Espai P\u00fablic Confortable? de Carlos Pastor i Javier Giner Our talented students won first prize in the &#8220;I Certamen de investigaci\u00f3n Manuel Ant\u00f3n&#8221; competition! Three &hellip; <a href=\"https:\/\/blogs.ua.es\/mappingame\/teaching-activities-2\/awards\/\">Continue reading <span class=\"meta-nav\">&rarr;<\/span><\/a><\/p>\n","protected":false},"author":3880,"featured_media":0,"parent":298,"menu_order":0,"comment_status":"closed","ping_status":"closed","template":"","meta":{"footnotes":""},"class_list":["post-331","page","type-page","status-publish","hentry"],"_links":{"self":[{"href":"https:\/\/blogs.ua.es\/mappingame\/wp-json\/wp\/v2\/pages\/331","targetHints":{"allow":["GET"]}}],"collection":[{"href":"https:\/\/blogs.ua.es\/mappingame\/wp-json\/wp\/v2\/pages"}],"about":[{"href":"https:\/\/blogs.ua.es\/mappingame\/wp-json\/wp\/v2\/types\/page"}],"author":[{"embeddable":true,"href":"https:\/\/blogs.ua.es\/mappingame\/wp-json\/wp\/v2\/users\/3880"}],"replies":[{"embeddable":true,"href":"https:\/\/blogs.ua.es\/mappingame\/wp-json\/wp\/v2\/comments?post=331"}],"version-history":[{"count":10,"href":"https:\/\/blogs.ua.es\/mappingame\/wp-json\/wp\/v2\/pages\/331\/revisions"}],"predecessor-version":[{"id":346,"href":"https:\/\/blogs.ua.es\/mappingame\/wp-json\/wp\/v2\/pages\/331\/revisions\/346"}],"up":[{"embeddable":true,"href":"https:\/\/blogs.ua.es\/mappingame\/wp-json\/wp\/v2\/pages\/298"}],"wp:attachment":[{"href":"https:\/\/blogs.ua.es\/mappingame\/wp-json\/wp\/v2\/media?parent=331"}],"curies":[{"name":"wp","href":"https:\/\/api.w.org\/{rel}","templated":true}]}}