{"id":28,"date":"2020-06-04T09:19:41","date_gmt":"2020-06-04T09:19:41","guid":{"rendered":"https:\/\/blogs.ua.es\/mario01\/?page_id=28"},"modified":"2020-06-05T13:32:48","modified_gmt":"2020-06-05T13:32:48","slug":"tema-4-tipos-de-cambio-sociales","status":"publish","type":"page","link":"https:\/\/blogs.ua.es\/mario01\/tema-4-tipos-de-cambio-sociales\/","title":{"rendered":"Tema 4-Tipos de cambio sociales"},"content":{"rendered":"<p>En este tema hablaremos de los diferentes tipos de cambios sociales. Un cambio social se define como la\u00a0 modificaci\u00f3n de la estructura de la sociedad en relaci\u00f3n a sus normas o valores.<\/p>\n<p style=\"text-align: center\"><strong>Link al mapa mental<\/strong><\/p>\n<p style=\"text-align: center\"><a href=\"https:\/\/www.goconqr.com\/mindmap\/23258211\/tipos-de-cambio-social\">https:\/\/www.goconqr.com\/mindmap\/23258211\/tipos-de-cambio-social<\/a><\/p>\n<p style=\"text-align: center\"><em><strong>Prototipo:<\/strong><\/em><\/p>\n<p><a href=\"https:\/\/www.youtube.com\/watch?v=txUIU8QtPD0\">https:\/\/www.youtube.com\/watch?v=txUIU8QtPD0<\/a><\/p>\n<p>Este es el trailer de la pel\u00edcula <em>Selma\u00a0<\/em>y esta cuenta una de las primeras luchas de Mart\u00edn Luther King por conseguir unos derechos igualitarios de los afroestadounidenses, en esta pel\u00edcula vemos como lucha para revindicar sus derechos de forma pac\u00edfica, tambi\u00e9n vemos como a lo largo de la pel\u00edcula se le unen todo tipos de personas en su lucha, sin importar el color o la raza, despu\u00e9s de una gran manifestaci\u00f3n a la que hab\u00eda acudido gente de todas partes logra que sus derechos sean reconocidos.<\/p>\n<p>He elegido esta pel\u00edcula porque en ella se muestran algunos de los cambios sociales mencionados en el tema y tambi\u00e9n porque hace referencia a uno de los mayores cambios sociales que ha habido y esta basada en echos reales.<\/p>\n<p>Aqu\u00ed os dejo un enlace con im\u00e1genes reales de esa manifestaci\u00f3n en Selma.<\/p>\n<p><a href=\"https:\/\/www.youtube.com\/watch?v=BFhcR362RyE\">https:\/\/www.youtube.com\/watch?v=BFhcR362RyE<\/a><\/p>\n<p>&nbsp;<\/p>\n<p>Para el articulo period\u00edstico hemos elegido el siguiente,<a href=\"https:\/\/www.reasonwhy.es\/actualidad\/edelman-estudio-cambios-sociedad-coronavirus\">https:\/\/www.reasonwhy.es\/actualidad\/edelman-estudio-cambios-sociedad-coronavirus<\/a><\/p>\n<p>En este articulo vemos algunos de los cambios que ha provocado el confinamiento debido al COVID-19, adem\u00e1s aporta algunos datos de confianza en los m\u00e9dicos y el aumento del uso de tecnolog\u00edas.<\/p>\n<p><strong>Im\u00e1genes relacionadas con los temas propuestos:<\/strong><\/p>\n<p><img decoding=\"async\" src=\"https:\/\/estaticos.elperiodico.com\/resources\/jpg\/6\/1\/zentauroepp53103637-graf9400-madrid-2020-presidente-del-gobierno-p200523164524-1590245310216.jpg\" alt=\"Coronavirus Espa\u00f1a hoy: Datos y \u00faltimas noticias en DIRECTO\" \/><\/p>\n<p><img decoding=\"async\" src=\"https:\/\/static3.abc.es\/media\/economia\/2020\/03\/27\/efe-teletrabajando-kmpD--620x349@abc.jpg\" alt=\"Consejos para hacerte el teletrabajo m\u00e1s saludable\" \/><\/p>\n<p><strong>Mensajes en redes sociales:<\/strong><\/p>\n<p>He elegido estos tweets ya que muestran el cambio que supone pasar a hacer todas las tareas, tanto de trabajo como de centros de estudios , de manera telem\u00e1tica y como seg\u00fan el grupo afectado y los recursos de los que disponen le cuesta m\u00e1s o menos realizar estas tareas.<\/p>\n<p><img decoding=\"async\" src=\"https:\/\/www.lawyerpress.com\/wordpress\/wp-content\/uploads\/2020\/05\/Encuesta-Legalitas.jpg\" alt=\"La falta de medios tecnol\u00f3gicos y compaginar el teletrabajo de los ...\" \/><\/p>\n<p>&nbsp;<\/p>\n<p><img decoding=\"async\" src=\"https:\/\/pbs.twimg.com\/media\/ES5wdssX0AAUDyZ.png\" alt=\"Matthew Bennett on Twitter: &quot;4. Irene Montero sobre su Coronavirus ...\" \/><\/p>\n","protected":false},"excerpt":{"rendered":"<p>En este tema hablaremos de los diferentes tipos de cambios sociales. Un cambio social se define como la\u00a0 modificaci\u00f3n de la estructura de la sociedad en relaci\u00f3n a sus normas o valores. Link al mapa mental https:\/\/www.goconqr.com\/mindmap\/23258211\/tipos-de-cambio-social Prototipo: Este es el trailer de la pel\u00edcula Selma\u00a0y esta cuenta una de las primeras luchas de Mart\u00edn [&hellip;]<\/p>\n","protected":false},"author":4429,"featured_media":0,"parent":0,"menu_order":5,"comment_status":"closed","ping_status":"closed","template":"","meta":{"footnotes":""},"class_list":["post-28","page","type-page","status-publish","hentry"],"_links":{"self":[{"href":"https:\/\/blogs.ua.es\/mario01\/wp-json\/wp\/v2\/pages\/28","targetHints":{"allow":["GET"]}}],"collection":[{"href":"https:\/\/blogs.ua.es\/mario01\/wp-json\/wp\/v2\/pages"}],"about":[{"href":"https:\/\/blogs.ua.es\/mario01\/wp-json\/wp\/v2\/types\/page"}],"author":[{"embeddable":true,"href":"https:\/\/blogs.ua.es\/mario01\/wp-json\/wp\/v2\/users\/4429"}],"replies":[{"embeddable":true,"href":"https:\/\/blogs.ua.es\/mario01\/wp-json\/wp\/v2\/comments?post=28"}],"version-history":[{"count":7,"href":"https:\/\/blogs.ua.es\/mario01\/wp-json\/wp\/v2\/pages\/28\/revisions"}],"predecessor-version":[{"id":60,"href":"https:\/\/blogs.ua.es\/mario01\/wp-json\/wp\/v2\/pages\/28\/revisions\/60"}],"wp:attachment":[{"href":"https:\/\/blogs.ua.es\/mario01\/wp-json\/wp\/v2\/media?parent=28"}],"curies":[{"name":"wp","href":"https:\/\/api.w.org\/{rel}","templated":true}]}}