{"id":5,"date":"2010-04-06T18:24:58","date_gmt":"2010-04-06T18:24:58","guid":{"rendered":"https:\/\/blogs.ua.es\/masterhistoriaidentidades\/?page_id=5"},"modified":"2010-04-06T18:25:22","modified_gmt":"2010-04-06T18:25:22","slug":"bibliografia-basica","status":"publish","type":"page","link":"https:\/\/blogs.ua.es\/masterhistoriaidentidades\/bibliografia-basica\/","title":{"rendered":"Bibliograf\u00eda b\u00e1sica"},"content":{"rendered":"<p><!-- \t\t@page { margin: 2cm } \t\tP { margin-bottom: 0.21cm } \t\tA:link { so-language: zxx } --><span style=\"font-family: Times New Roman,serif\">-\u00c1LVAREZ CAPEROPICHI, Jos\u00e9 Antonio.<em> Reforma protestante y Estado moderno<\/em>. Madrid, Editorial Civitas, 1986.<\/span><\/p>\n<p><span style=\"font-family: Times New Roman,serif\">-AUGUSTIJN, Cornelis. <em>Erasmo de Rotterdam. Vida y obra<\/em>. Barcelona, Ed. Cr\u00edtica, 1990.<\/span><\/p>\n<p><span style=\"font-family: Times New Roman,serif\">-BATAILLON, Marcel. <em>Erasmo y Espa\u00f1a (estudios sobre la historia de la espiritualidad en el siglo XVI)<\/em>. M\u00e9xico, Fondo de Cultura Econ\u00f3mica, 1966 (2\u00aa edici\u00f3n en espa\u00f1ol). <\/span><\/p>\n<p><span style=\"font-family: Times New Roman,serif\">-BURKE, Peter. <em>El Renacimiento italiano. Cultura y sociedad en Italia<\/em>. Madrid, Alianza Editorial-Alianza Forma, 1993.<\/span><\/p>\n<p><span style=\"font-family: Times New Roman,serif\">-CAPELLI, Guido M. <em>El humanismo italiano: un cap\u00edtulo de la cultura europea entre Petrarca y Valla<\/em>. Madrid, Alianza Universidad, 2007.<\/span><\/p>\n<p><span style=\"font-family: Times New Roman,serif\">-CASINI, Paolo. <em>Introduzione all&#8217;Illuminismo. Da Newton a Rousseau<\/em>. Bari, Laterza, 1973.<\/span><\/p>\n<p><span style=\"font-family: Times New Roman,serif\">-CASSIRER, Ernst. <em>Filosof\u00eda de la Ilustraci\u00f3n<\/em>. M\u00e9xico, FCE, 1989.<\/span><\/p>\n<p><span style=\"font-family: Times New Roman,serif\">-CHARTIER, Roger. <em>El mundo como representaci\u00f3n. Historia cultural: entre las pr\u00e1cticas y la representaci\u00f3n<\/em>. Barcelona, Ed. Gedisa, 1992. <\/span><\/p>\n<p><span style=\"font-family: Times New Roman,serif\">-EGIDO, Te\u00f3fanes.<em> Las Reformas Protestantes<\/em>. Madrid, Editorial S\u00edntesis, 1992.<\/span><\/p>\n<p><span style=\"font-family: Times New Roman,serif\">-EISENSTEIN, Elizabeth L. <em>La revoluci\u00f3n de la imprenta en la edad moderna europea<\/em>. Madrid, Akal, 1994.<\/span><\/p>\n<p><span style=\"font-family: Times New Roman,serif\">-GARIN, Eugenio. <em>La revoluci\u00f3n cultural del Renacimiento<\/em>. Barcelona, Cr\u00edtica, 1981.<\/span><\/p>\n<p><span style=\"font-family: Times New Roman,serif\">-GIL FERN\u00c1NDEZ, Luis. <em>Panorama social del humanismo espa\u00f1ol (1500-1800)<\/em>. Madrid, Alambra, 1981.<\/span><\/p>\n<p><span style=\"font-family: Times New Roman,serif\">-HALE, John. <em>La civilizaci\u00f3n del Renacimiento en Europa (1450-1620)<\/em>. Barcelona, Cr\u00edtica, 1996.<\/span><\/p>\n<p><span style=\"font-family: Times New Roman,serif\">-HAZARD, Paul. <em>La crisis de la conciencia europea<\/em>. (Varias ediciones).<\/span><\/p>\n<p><span style=\"font-family: Times New Roman,serif\">-HIGHET, Gilbert. <em>La tradici\u00f3n cl\u00e1sica. Influencias griegas y romanas en la literatura occidental<\/em>. M\u00e9xico, FCE, 2 tomos, 1996 (3\u00aa reimpresi\u00f3n).<\/span><\/p>\n<p><span style=\"font-family: Times New Roman,serif\">-KAGAN, R.L., <em>Universidad y sociedad en la Espa\u00f1a moderna<\/em>, Ed. Tecnos, 1981.<\/span><\/p>\n<p><span style=\"font-family: Times New Roman,serif\">-KOLAKOWSKI, Leszek. <em>Cristianos sin Iglesia. La conciencia religiosa y el v\u00ednculo confesional en el siglo XVII.<\/em> Madrid, Taurus, 1982.<\/span><\/p>\n<p><span style=\"font-family: Times New Roman,serif\">-L\u00c9ONARD, \u00c9mile G.<em> Historia General del Protestantismo<\/em>. Barcelona, Ediciones 62, 4 vols., 1967.<\/span><\/p>\n<p><span style=\"font-family: Times New Roman,serif\">-L\u00d3PEZ PI\u00d1ERO, Jos\u00e9 Mar\u00eda-NAVARRO BROT\u00d3NS, V\u00edctor-PORTELA MARCO, Eugenio. <em>La Revoluci\u00f3n Cient\u00edfica<\/em>. Madrid, Ed. Historia 16, 1989.<\/span><\/p>\n<p><span style=\"font-family: Times New Roman,serif\">-MESTRE SANCHIS, Antonio. <em>La Ilustraci\u00f3n<\/em>. Madrid, Editorial S\u00edntesis, 1993.<\/span><\/p>\n<p><span style=\"color: #000000\"><span style=\"font-family: Times New Roman,serif\">&#8211;<\/span><\/span><a href=\"http:\/\/es.wikipedia.org\/w\/index.php?title=Thomas_Munck&amp;action=edit&amp;redlink=1\"><span style=\"color: #000080\"><span style=\"color: #000000\"><span style=\"font-family: Times New Roman,serif\">MUNCK<\/span><\/span><\/span><span style=\"color: #000080\"><span style=\"font-family: Times New Roman,serif\">, <\/span><\/span><\/a><span style=\"font-family: Times New Roman,serif\">Th., <\/span><em><span style=\"font-family: Times New Roman,serif\">Historia social de la Ilustraci\u00f3n<\/span><\/em><span style=\"font-family: Times New Roman,serif\">. Editorial Cr\u00edtica<\/span><span style=\"font-family: Times New Roman,serif\">, 2001<\/span><\/p>\n<p><span style=\"font-family: Times New Roman,serif\">-PESET, M.; MANCEBO, M\u00aa. F.; GARC\u00cdA TROBAT, P.; MART\u00cdNEZ GOMIS, M., <em>Historia de las Universidades valencianas<\/em>, Ed. Instituto Cultura Juan Gil-Albert, Alicante, 1993, 2 vols.<\/span><\/p>\n<p><span style=\"font-family: Times New Roman,serif\">-PINTARD, Ren\u00e9. <em>Le libertinage \u00e9rudit dans la premi\u00e8re moiti\u00e9 du XVII\u00e8 si\u00e8cle<\/em>. Ginebra-Paris, Slaktine, 1983 [reimpresi\u00f3n de la edici\u00f3n parisina de 1943].<\/span><\/p>\n<p><span style=\"font-family: Times New Roman,serif\">-REDONDI, Pietro. <em>Galileo her\u00e9tico<\/em>. Madrid, Alianza Universidad, 1990.<\/span><\/p>\n<p><span style=\"font-family: Times New Roman,serif\">-SANCHEZ-BLANCO PARODY, <em>Europa y el pensamiento espa\u00f1ol del siglo XVIII<\/em>, Ed. Alianza, 1991.<\/span><\/p>\n<p><span style=\"font-family: Times New Roman,serif\">-VENTURI, F., <em>Settecento riformatore<\/em>, Einaudi, Torino 1969-1990 <\/span><\/p>\n<p><span style=\"font-family: Times New Roman,serif\">-WILLIAMS, Geoge Hunstable.<em> La Reforma Radical<\/em>. M\u00e9xico, FCE, 1983.<\/span><\/p>\n","protected":false},"excerpt":{"rendered":"<p>-\u00c1LVAREZ CAPEROPICHI, Jos\u00e9 Antonio. Reforma protestante y Estado moderno. Madrid, Editorial Civitas, 1986. -AUGUSTIJN, Cornelis. Erasmo de Rotterdam. Vida y obra. Barcelona, Ed. Cr\u00edtica, 1990. -BATAILLON, Marcel. Erasmo y Espa\u00f1a (estudios sobre la historia de la espiritualidad en el siglo XVI). M\u00e9xico, Fondo de Cultura Econ\u00f3mica, 1966 (2\u00aa edici\u00f3n en espa\u00f1ol). -BURKE, Peter. El Renacimiento [&hellip;]<\/p>\n","protected":false},"author":936,"featured_media":0,"parent":0,"menu_order":1,"comment_status":"open","ping_status":"open","template":"","meta":{"footnotes":""},"class_list":["post-5","page","type-page","status-publish","hentry"],"_links":{"self":[{"href":"https:\/\/blogs.ua.es\/masterhistoriaidentidades\/wp-json\/wp\/v2\/pages\/5","targetHints":{"allow":["GET"]}}],"collection":[{"href":"https:\/\/blogs.ua.es\/masterhistoriaidentidades\/wp-json\/wp\/v2\/pages"}],"about":[{"href":"https:\/\/blogs.ua.es\/masterhistoriaidentidades\/wp-json\/wp\/v2\/types\/page"}],"author":[{"embeddable":true,"href":"https:\/\/blogs.ua.es\/masterhistoriaidentidades\/wp-json\/wp\/v2\/users\/936"}],"replies":[{"embeddable":true,"href":"https:\/\/blogs.ua.es\/masterhistoriaidentidades\/wp-json\/wp\/v2\/comments?post=5"}],"version-history":[{"count":2,"href":"https:\/\/blogs.ua.es\/masterhistoriaidentidades\/wp-json\/wp\/v2\/pages\/5\/revisions"}],"predecessor-version":[{"id":7,"href":"https:\/\/blogs.ua.es\/masterhistoriaidentidades\/wp-json\/wp\/v2\/pages\/5\/revisions\/7"}],"wp:attachment":[{"href":"https:\/\/blogs.ua.es\/masterhistoriaidentidades\/wp-json\/wp\/v2\/media?parent=5"}],"curies":[{"name":"wp","href":"https:\/\/api.w.org\/{rel}","templated":true}]}}