{"id":1027,"date":"2020-01-31T07:37:00","date_gmt":"2020-01-31T06:37:00","guid":{"rendered":"https:\/\/blogs.ua.es\/matesfacil\/?page_id=1027"},"modified":"2020-01-31T07:37:00","modified_gmt":"2020-01-31T06:37:00","slug":"suma-y-resta-al-cubo","status":"publish","type":"page","link":"https:\/\/blogs.ua.es\/matesfacil\/secundaria-numeros-operaciones\/suma-y-resta-al-cubo\/","title":{"rendered":"Suma y resta al cubo"},"content":{"rendered":"<p>Recordad que para calcular el cuadrado de una suma tenemos que aplicar la siguiente f\u00f3rmula:<\/p>\n<p align=\"center\"><a href=\"https:\/\/www.problemasyecuaciones.com\/algebra\/cuadrado\/suma-resta-cuadrado-formula-ejemplos-ejercicios-resueltos-demostracion.html\"><img decoding=\"async\" title=\"(a + b)^2 = a^2 + 2ab + b^2\" src=\"https:\/\/www.problemasyecuaciones.com\/algebra\/cubo\/T2.png\" alt=\"Explicamos c\u00f3mo calcular el cubo de una suma y de una resta: (a-b)^3 = a^3 + 3a^2b + 3ab^2 + b^3 y (a-b)^3 = a^3 -3a^2b + 3ab^2 + b^3. Con ejemplos y problemas resueltos. \u00c1lgebra. Matem\u00e1ticas. Secundaria.\" \/><\/a><\/p>\n<p>Y para la resta,<\/p>\n<p align=\"center\"><a href=\"https:\/\/www.problemasyecuaciones.com\/algebra\/cuadrado\/suma-resta-cuadrado-formula-ejemplos-ejercicios-resueltos-demostracion.html\"><img loading=\"lazy\" decoding=\"async\" class=\"alignnone\" title=\"(a - b)^2 = a^2 - 2ab + b^2\" src=\"https:\/\/www.problemasyecuaciones.com\/algebra\/cubo\/T3.png\" alt=\"Explicamos c\u00f3mo calcular el cubo de una suma y de una resta: (a-b)^3 = a^3 + 3a^2b + 3ab^2 + b^3 y (a-b)^3 = a^3 -3a^2b + 3ab^2 + b^3. Con ejemplos y problemas resueltos. \u00c1lgebra. Matem\u00e1ticas. Secundaria.\" width=\"214\" height=\"24\" \/><\/a><\/p>\n<p style=\"text-align: justify\" align=\"center\">Para calcular el cubo de una suma y de una resta tenemos f\u00f3rmulas parecidas a las anteriores.<\/p>\n<h2 align=\"left\"><strong>Suma al cubo<\/strong><\/h2>\n<p align=\"center\"><a href=\"https:\/\/www.problemasyecuaciones.com\/algebra\/cubo\/suma-resta-cubo-formula-ejemplos-ejercicios-resueltos-demostracion.html\"><img loading=\"lazy\" decoding=\"async\" class=\"alignnone\" title=\"(a + b)^3 = a^3 + 3a^2b + 3ab^2 + b^3\" src=\"https:\/\/www.problemasyecuaciones.com\/algebra\/cubo\/T6.png\" alt=\"Explicamos c\u00f3mo calcular el cubo de una suma y de una resta: (a-b)^3 = a^3 + 3a^2b + 3ab^2 + b^3 y (a-b)^3 = a^3 -3a^2b + 3ab^2 + b^3. Con ejemplos y problemas resueltos. \u00c1lgebra. Matem\u00e1ticas. Secundaria.\" width=\"215\" height=\"49\" \/><\/a><\/p>\n<h3 align=\"left\"><strong>Ejemplo 1<\/strong><\/h3>\n<p align=\"center\"><a href=\"https:\/\/www.problemasyecuaciones.com\/algebra\/cubo\/suma-resta-cubo-formula-ejemplos-ejercicios-resueltos-demostracion.html\"><img loading=\"lazy\" decoding=\"async\" class=\"alignnone\" title=\"(1 + x)^3 = 1 + 3x + 3x^2 + x^3\" src=\"https:\/\/www.problemasyecuaciones.com\/algebra\/cubo\/T7.png\" alt=\"Explicamos c\u00f3mo calcular el cubo de una suma y de una resta: (a-b)^3 = a^3 + 3a^2b + 3ab^2 + b^3 y (a-b)^3 = a^3 -3a^2b + 3ab^2 + b^3. Con ejemplos y problemas resueltos. \u00c1lgebra. Matem\u00e1ticas. Secundaria.\" width=\"171\" height=\"49\" \/><\/a><\/p>\n<h2 align=\"left\"><strong>Resta al cubo<\/strong><\/h2>\n<p>Para calcular el cubo de una resta, tenemos la f\u00f3rmula<\/p>\n<p align=\"center\"><a href=\"https:\/\/www.problemasyecuaciones.com\/algebra\/cubo\/suma-resta-cubo-formula-ejemplos-ejercicios-resueltos-demostracion.html\"><img decoding=\"async\" title=\"(a - b)^3 = a^3 - 3a^2b + 3ab^2 - b^3\" src=\"https:\/\/www.problemasyecuaciones.com\/algebra\/cubo\/T9.png\" alt=\"Explicamos c\u00f3mo calcular el cubo de una suma y de una resta: (a-b)^3 = a^3 + 3a^2b + 3ab^2 + b^3 y (a-b)^3 = a^3 -3a^2b + 3ab^2 + b^3. Con ejemplos y problemas resueltos. \u00c1lgebra. Matem\u00e1ticas. Secundaria.\" \/><\/a><\/p>\n<h3 align=\"left\"><strong>Ejemplo 2<\/strong><\/h3>\n<p align=\"center\"><a href=\"https:\/\/www.problemasyecuaciones.com\/algebra\/cubo\/suma-resta-cubo-formula-ejemplos-ejercicios-resueltos-demostracion.html\"><img loading=\"lazy\" decoding=\"async\" class=\"alignnone\" title=\"(1 - x)^3 = 1 - 3x + 3x^2 - x^3\" src=\"https:\/\/www.problemasyecuaciones.com\/algebra\/cubo\/T10.png\" alt=\"Explicamos c\u00f3mo calcular el cubo de una suma y de una resta: (a-b)^3 = a^3 + 3a^2b + 3ab^2 + b^3 y (a-b)^3 = a^3 -3a^2b + 3ab^2 + b^3. Con ejemplos y problemas resueltos. \u00c1lgebra. Matem\u00e1ticas. Secundaria.\" width=\"171\" height=\"49\" \/><\/a><\/p>\n<h3 align=\"left\"><strong>Ejemplo 3<\/strong><\/h3>\n<p>Aplicamos la f\u00f3rmula de la suma para calcular<em> (1+2x)<sup>3<\/sup><\/em>:<\/p>\n<p align=\"center\"><a href=\"https:\/\/www.problemasyecuaciones.com\/algebra\/cubo\/suma-resta-cubo-formula-ejemplos-ejercicios-resueltos-demostracion.html\"><img decoding=\"async\" title=\"(1 + 2x)^3 = 1 + 6x + 12x^2 + 8x^3\" src=\"https:\/\/www.problemasyecuaciones.com\/algebra\/cubo\/P3-1.png\" alt=\"Explicamos c\u00f3mo calcular el cubo de una suma y de una resta: (a-b)^3 = a^3 + 3a^2b + 3ab^2 + b^3 y (a-b)^3 = a^3 -3a^2b + 3ab^2 + b^3. Con ejemplos y problemas resueltos. \u00c1lgebra. Matem\u00e1ticas. Secundaria.\" \/><\/a><\/p>\n<p align=\"center\">\n<p style=\"text-align: left\" align=\"center\"><strong>M\u00e1s problemas relacionados:<\/strong><\/p>\n<ul>\n<li style=\"text-align: left\"><a href=\"https:\/\/www.problemasyecuaciones.com\/algebra\/cuadrado\/suma-resta-cuadrado-formula-ejemplos-ejercicios-resueltos-demostracion.html\">Suma y resta al cuadrado<\/a><\/li>\n<li style=\"text-align: left\"><a href=\"https:\/\/www.problemasyecuaciones.com\/algebra\/cubo\/suma-resta-cubo-formula-ejemplos-ejercicios-resueltos-demostracion.html\">Suma y resta al cubo<\/a><\/li>\n<li style=\"text-align: left\"><a href=\"https:\/\/www.problemasyecuaciones.com\/algebra\/diferencia\/suma-por-diferencia-ejemplos-formula-demostracion.html\">Suma por diferencia<\/a><\/li>\n<li style=\"text-align: left\"><a href=\"https:\/\/www.matesfacil.com\/ESO\/productos-identidades-notables-ejercicios-resueltos.html\">Productos notables<\/a><\/li>\n<li style=\"text-align: left\"><a href=\"https:\/\/www.matesfacil.com\/ESO\/newton\/ejercicios-resueltos-cuadrado-de-la-suma-binomio-de-newton.html\">Cuadrado y cubo de un binomio<\/a><\/li>\n<\/ul>\n","protected":false},"excerpt":{"rendered":"<p>Recordad que para calcular el cuadrado de una suma tenemos que aplicar la siguiente f\u00f3rmula: Y para la resta, Para calcular el cubo de una suma y de una resta tenemos f\u00f3rmulas parecidas a las anteriores. Suma al cubo Ejemplo 1 Resta al cubo Para calcular el cubo de una resta, tenemos la f\u00f3rmula Ejemplo &hellip; <\/p>\n<p class=\"link-more\"><a href=\"https:\/\/blogs.ua.es\/matesfacil\/secundaria-numeros-operaciones\/suma-y-resta-al-cubo\/\" class=\"more-link\">Continue reading<span class=\"screen-reader-text\"> &#8220;Suma y resta al cubo&#8221;<\/span><\/a><\/p>\n","protected":false},"author":4324,"featured_media":0,"parent":163,"menu_order":0,"comment_status":"closed","ping_status":"closed","template":"","meta":{"footnotes":""},"class_list":["post-1027","page","type-page","status-publish","hentry"],"_links":{"self":[{"href":"https:\/\/blogs.ua.es\/matesfacil\/wp-json\/wp\/v2\/pages\/1027","targetHints":{"allow":["GET"]}}],"collection":[{"href":"https:\/\/blogs.ua.es\/matesfacil\/wp-json\/wp\/v2\/pages"}],"about":[{"href":"https:\/\/blogs.ua.es\/matesfacil\/wp-json\/wp\/v2\/types\/page"}],"author":[{"embeddable":true,"href":"https:\/\/blogs.ua.es\/matesfacil\/wp-json\/wp\/v2\/users\/4324"}],"replies":[{"embeddable":true,"href":"https:\/\/blogs.ua.es\/matesfacil\/wp-json\/wp\/v2\/comments?post=1027"}],"version-history":[{"count":1,"href":"https:\/\/blogs.ua.es\/matesfacil\/wp-json\/wp\/v2\/pages\/1027\/revisions"}],"predecessor-version":[{"id":1028,"href":"https:\/\/blogs.ua.es\/matesfacil\/wp-json\/wp\/v2\/pages\/1027\/revisions\/1028"}],"up":[{"embeddable":true,"href":"https:\/\/blogs.ua.es\/matesfacil\/wp-json\/wp\/v2\/pages\/163"}],"wp:attachment":[{"href":"https:\/\/blogs.ua.es\/matesfacil\/wp-json\/wp\/v2\/media?parent=1027"}],"curies":[{"name":"wp","href":"https:\/\/api.w.org\/{rel}","templated":true}]}}