{"id":1030,"date":"2020-01-31T07:40:45","date_gmt":"2020-01-31T06:40:45","guid":{"rendered":"https:\/\/blogs.ua.es\/matesfacil\/?page_id=1030"},"modified":"2020-01-31T07:40:45","modified_gmt":"2020-01-31T06:40:45","slug":"suma-por-diferencia","status":"publish","type":"page","link":"https:\/\/blogs.ua.es\/matesfacil\/secundaria-numeros-operaciones\/suma-por-diferencia\/","title":{"rendered":"Suma por diferencia"},"content":{"rendered":"<p>Se conoce como\u00a0<i>suma por diferencia<\/i>\u00a0a la siguiente f\u00f3rmula para calcular el producto de dos binomios conjugados:<\/p>\n<p align=\"center\"><a href=\"https:\/\/www.problemasyecuaciones.com\/algebra\/diferencia\/suma-por-diferencia-ejemplos-formula-demostracion.html\"><img decoding=\"async\" title=\"(a+b)\u00b7(a-b) = a^2 - b^2\" src=\"https:\/\/www.problemasyecuaciones.com\/algebra\/diferencia\/T1.png\" alt=\"Suma por diferencia: (a+b)\u00b7(b-a) = a^2 - b^2. Demostramos la f\u00f3rmula y proporcionamos algunos ejemplos. Matem\u00e1ticas. \u00c1lgebra.\" \/><\/a><\/p>\n<p>La f\u00f3rmula permite el calcular el producto r\u00e1pidamente.<\/p>\n<h3 align=\"left\"><strong>Ejemplo 1<\/strong><\/h3>\n<p align=\"center\"><a href=\"https:\/\/www.problemasyecuaciones.com\/algebra\/diferencia\/suma-por-diferencia-ejemplos-formula-demostracion.html\"><img decoding=\"async\" title=\"calculamos la suma por diferencia (1+x)(1-x) = 1 - x^2\" src=\"https:\/\/www.problemasyecuaciones.com\/algebra\/diferencia\/E1.png\" alt=\"Suma por diferencia: (a+b)\u00b7(b-a) = a^2 - b^2. Demostramos la f\u00f3rmula y proporcionamos algunos ejemplos. Matem\u00e1ticas. \u00c1lgebra.\" \/><\/a><\/p>\n<h3 align=\"left\"><strong>Ejemplo 2<\/strong><\/h3>\n<p align=\"center\"><a href=\"https:\/\/www.problemasyecuaciones.com\/algebra\/diferencia\/suma-por-diferencia-ejemplos-formula-demostracion.html\"><img decoding=\"async\" title=\"calculamos la suma por diferencia (x-2)(x+2) = x^2 - 4\" src=\"https:\/\/www.problemasyecuaciones.com\/algebra\/diferencia\/E2.png\" alt=\"Suma por diferencia: (a+b)\u00b7(b-a) = a^2 - b^2. Demostramos la f\u00f3rmula y proporcionamos algunos ejemplos. Matem\u00e1ticas. \u00c1lgebra.\" \/><\/a><\/p>\n<h3 align=\"left\"><strong>Ejemplo 3<\/strong><\/h3>\n<p align=\"center\"><a href=\"https:\/\/www.problemasyecuaciones.com\/algebra\/diferencia\/suma-por-diferencia-ejemplos-formula-demostracion.html\"><img decoding=\"async\" title=\"calculamos la suma por diferencia (1+2x)(1-2x) = 1 - 4x^2\" src=\"https:\/\/www.problemasyecuaciones.com\/algebra\/diferencia\/E3.png\" alt=\"Suma por diferencia: (a+b)\u00b7(b-a) = a^2 - b^2. Demostramos la f\u00f3rmula y proporcionamos algunos ejemplos. Matem\u00e1ticas. \u00c1lgebra.\" \/><\/a><\/p>\n<p>Observad que el segundo sumando es un producto, as\u00ed que hemos aplicado la propiedad\u00a0<em>potencia de un producto<\/em>:<\/p>\n<p align=\"center\"><a href=\"https:\/\/www.problemasyecuaciones.com\/algebra\/diferencia\/suma-por-diferencia-ejemplos-formula-demostracion.html\"><img decoding=\"async\" title=\"(2x)^2 = 4x^2\" src=\"https:\/\/www.problemasyecuaciones.com\/algebra\/diferencia\/E3b.png\" alt=\"Suma por diferencia: (a+b)\u00b7(b-a) = a^2 - b^2. Demostramos la f\u00f3rmula y proporcionamos algunos ejemplos. Matem\u00e1ticas. \u00c1lgebra.\" \/><\/a><\/p>\n<p align=\"center\">\n<p style=\"text-align: left\" align=\"center\"><strong>M\u00e1s problemas relacionados:<\/strong><\/p>\n<ul>\n<li style=\"text-align: left\"><a href=\"https:\/\/www.problemasyecuaciones.com\/algebra\/cuadrado\/suma-resta-cuadrado-formula-ejemplos-ejercicios-resueltos-demostracion.html\">Suma y resta al cuadrado<\/a><\/li>\n<li style=\"text-align: left\"><a href=\"https:\/\/www.problemasyecuaciones.com\/algebra\/cubo\/suma-resta-cubo-formula-ejemplos-ejercicios-resueltos-demostracion.html\">Suma y resta al cubo<\/a><\/li>\n<li style=\"text-align: left\"><a href=\"https:\/\/www.problemasyecuaciones.com\/algebra\/diferencia\/suma-por-diferencia-ejemplos-formula-demostracion.html\">Suma por diferencia<\/a><\/li>\n<li style=\"text-align: left\"><a href=\"https:\/\/www.matesfacil.com\/ESO\/productos-identidades-notables-ejercicios-resueltos.html\">Productos notables<\/a><\/li>\n<li style=\"text-align: left\"><a href=\"https:\/\/www.matesfacil.com\/ESO\/newton\/ejercicios-resueltos-cuadrado-de-la-suma-binomio-de-newton.html\">Cuadrado y cubo de un binomio<\/a><\/li>\n<\/ul>\n","protected":false},"excerpt":{"rendered":"<p>Se conoce como\u00a0suma por diferencia\u00a0a la siguiente f\u00f3rmula para calcular el producto de dos binomios conjugados: La f\u00f3rmula permite el calcular el producto r\u00e1pidamente. Ejemplo 1 Ejemplo 2 Ejemplo 3 Observad que el segundo sumando es un producto, as\u00ed que hemos aplicado la propiedad\u00a0potencia de un producto: M\u00e1s problemas relacionados: Suma y resta al cuadrado &hellip; <\/p>\n<p class=\"link-more\"><a href=\"https:\/\/blogs.ua.es\/matesfacil\/secundaria-numeros-operaciones\/suma-por-diferencia\/\" class=\"more-link\">Continue reading<span class=\"screen-reader-text\"> &#8220;Suma por diferencia&#8221;<\/span><\/a><\/p>\n","protected":false},"author":4324,"featured_media":0,"parent":163,"menu_order":0,"comment_status":"closed","ping_status":"closed","template":"","meta":{"footnotes":""},"class_list":["post-1030","page","type-page","status-publish","hentry"],"_links":{"self":[{"href":"https:\/\/blogs.ua.es\/matesfacil\/wp-json\/wp\/v2\/pages\/1030","targetHints":{"allow":["GET"]}}],"collection":[{"href":"https:\/\/blogs.ua.es\/matesfacil\/wp-json\/wp\/v2\/pages"}],"about":[{"href":"https:\/\/blogs.ua.es\/matesfacil\/wp-json\/wp\/v2\/types\/page"}],"author":[{"embeddable":true,"href":"https:\/\/blogs.ua.es\/matesfacil\/wp-json\/wp\/v2\/users\/4324"}],"replies":[{"embeddable":true,"href":"https:\/\/blogs.ua.es\/matesfacil\/wp-json\/wp\/v2\/comments?post=1030"}],"version-history":[{"count":1,"href":"https:\/\/blogs.ua.es\/matesfacil\/wp-json\/wp\/v2\/pages\/1030\/revisions"}],"predecessor-version":[{"id":1031,"href":"https:\/\/blogs.ua.es\/matesfacil\/wp-json\/wp\/v2\/pages\/1030\/revisions\/1031"}],"up":[{"embeddable":true,"href":"https:\/\/blogs.ua.es\/matesfacil\/wp-json\/wp\/v2\/pages\/163"}],"wp:attachment":[{"href":"https:\/\/blogs.ua.es\/matesfacil\/wp-json\/wp\/v2\/media?parent=1030"}],"curies":[{"name":"wp","href":"https:\/\/api.w.org\/{rel}","templated":true}]}}