{"id":133,"date":"2018-10-10T19:16:25","date_gmt":"2018-10-10T18:16:25","guid":{"rendered":"https:\/\/blogs.ua.es\/matesfacil\/?page_id=133"},"modified":"2019-06-13T09:07:24","modified_gmt":"2019-06-13T08:07:24","slug":"metodo-de-sustitucion","status":"publish","type":"page","link":"https:\/\/blogs.ua.es\/matesfacil\/secundaria\/ecuaciones\/metodo-de-sustitucion\/","title":{"rendered":"M\u00e9todo de sustituci\u00f3n"},"content":{"rendered":"<p style=\"text-align: justify\">En esta p\u00e1gina vamos a explicar el m\u00e9todo de sustituci\u00f3n para resolver un sistema de ecuaciones lineales.<\/p>\n<p>El\u00a0<strong>m\u00e9todo de sustituci\u00f3n<\/strong>\u00a0consiste en aislar en una ecuaci\u00f3n una de las dos inc\u00f3gnitas para\u00a0<strong>sustituirla<\/strong>\u00a0en la otra ecuaci\u00f3n.<\/p>\n<p>Este m\u00e9todo es aconsejable cuando una de las inc\u00f3gnitas tiene coeficiente 1.<\/p>\n<p>Veamos un ejemplo:<\/p>\n<p><a href=\"https:\/\/www.problemasyecuaciones.com\/Ecuaciones\/sistemas\/metodos-resolucion-sistemas-sustitucion-igualacion-reduccion-ejemplos.html\"><img loading=\"lazy\" decoding=\"async\" class=\"aligncenter\" src=\"https:\/\/www.problemasyecuaciones.com\/Ecuaciones\/sistemas\/T1.png\" alt=\"\" width=\"113\" height=\"46\" \/><\/a><\/p>\n<p>1.\u00a0Aislamos una inc\u00f3gnita.\u00a0Vamos a aislar la <em>x<\/em> de la primera ecuaci\u00f3n. Como su coeficiente es 1, s\u00f3lo tenemos que pasar el 4 restando al otro lado:<\/p>\n<p><img loading=\"lazy\" decoding=\"async\" class=\"size-medium aligncenter\" src=\"https:\/\/www.problemasyecuaciones.com\/Ecuaciones\/sistemas\/T2.png\" width=\"128\" height=\"46\" \/><\/p>\n<p>&nbsp;<\/p>\n<p>2.\u00a0Sustituimos la inc\u00f3gnita en la otra ecuaci\u00f3n.\u00a0Como tenemos que la inc\u00f3gnita <em>x<\/em> es igual <em>2y-4<\/em>, escribimos <em>2y-4<\/em> en lugar de la <em>x<\/em> en la segunda ecuaci\u00f3n (sustituimos la <em>x<\/em>):<\/p>\n<p><a href=\"https:\/\/www.problemasyecuaciones.com\/Ecuaciones\/sistemas\/metodos-resolucion-sistemas-sustitucion-igualacion-reduccion-ejemplos.html\"><img loading=\"lazy\" decoding=\"async\" class=\"aligncenter\" src=\"https:\/\/www.problemasyecuaciones.com\/Ecuaciones\/sistemas\/T3.png\" alt=\"\" width=\"212\" height=\"74\" \/><\/a><\/p>\n<p>&nbsp;<\/p>\n<p>3.\u00a0\u00a0Resolvemos la <a href=\"https:\/\/www.matesfacil.com\/ESO\/Ecuaciones\/resueltos-ecuaciones-ec.html\">ecuaci\u00f3n de primer grado<\/a> obtenida:<\/p>\n<p><a href=\"https:\/\/www.problemasyecuaciones.com\/Ecuaciones\/sistemas\/metodos-resolucion-sistemas-sustitucion-igualacion-reduccion-ejemplos.html\"><img loading=\"lazy\" decoding=\"async\" class=\"aligncenter\" src=\"https:\/\/www.problemasyecuaciones.com\/Ecuaciones\/sistemas\/T4.png\" alt=\"\" width=\"164\" height=\"124\" \/><\/a><\/p>\n<p>&nbsp;<\/p>\n<p>&nbsp;<\/p>\n<p>4. Calculamos la otra inc\u00f3gnita sustituyendo.\u00a0Al despejar la inc\u00f3gnita <em>x<\/em> ten\u00edamos<\/p>\n<p><a href=\"https:\/\/www.ecuacionesresueltas.com\/sistemas\/nivel-1\/sistemas-ecuaciones-metodo-sustitucion-explicado-ejemplos-problemas.html\"><img loading=\"lazy\" decoding=\"async\" class=\"aligncenter\" src=\"https:\/\/www.problemasyecuaciones.com\/Ecuaciones\/sistemas\/T5.png\" alt=\"\" width=\"104\" height=\"20\" \/><\/a><\/p>\n<p>&nbsp;<\/p>\n<p>Como conocemos <em>y=3<\/em>, sustituimos en la ecuaci\u00f3n:<\/p>\n<p><a href=\"https:\/\/www.ecuacionesresueltas.com\/sistemas\/nivel-1\/sistemas-ecuaciones-metodo-sustitucion-explicado-ejemplos-problemas.html\"><img loading=\"lazy\" decoding=\"async\" class=\"aligncenter\" src=\"https:\/\/www.problemasyecuaciones.com\/Ecuaciones\/sistemas\/T6.png\" alt=\"\" width=\"143\" height=\"70\" \/><\/a><\/p>\n<p>Por tanto, la otra inc\u00f3gnita es <em>x=2<\/em>.<\/p>\n<p>La soluci\u00f3n del sistema es<\/p>\n<p><img loading=\"lazy\" decoding=\"async\" class=\"size-medium aligncenter\" src=\"https:\/\/www.problemasyecuaciones.com\/Ecuaciones\/sistemas\/T7.png\" width=\"60\" height=\"45\" \/><\/p>\n<p>&nbsp;<\/p>\n<p><strong>Recursos:\u00a0<\/strong><\/p>\n<ul>\n<li><a href=\"https:\/\/www.matesfacil.com\/ESO\/Ecuaciones\/resueltos-sistemas-ecuaciones.html\">M\u00e9todos para resolver sistemas<\/a> (1)<\/li>\n<li><a href=\"https:\/\/www.problemasyecuaciones.com\/Ecuaciones\/sistemas\/metodos-resolucion-sistemas-sustitucion-igualacion-reduccion-ejemplos.html\">M\u00e9todos para resolver sistemas<\/a> (2)<\/li>\n<li><a href=\"https:\/\/www.ecuacionesresueltas.com\/sistemas\/nivel-1\/sistemas-ecuaciones-metodo-sustitucion-explicado-ejemplos-problemas.html\">M\u00e9todo de sustituci\u00f3n<\/a><\/li>\n<li><a href=\"https:\/\/www.matesfacil.com\/ESO\/sistema-ecuaciones\/metodo-grafico\/metodo-grafico-sistemas-ecuaciones-lineales-resueltos-grafica-recta-interseccion-solucion-interseccion.html\">M\u00e9todo gr\u00e1fico<\/a><\/li>\n<li><a href=\"https:\/\/www.matesfacil.com\/ESO\/Ecuaciones\/resueltos-problemas-sistema.html\">Problemas de sistemas de ecuaciones<\/a> (1)<\/li>\n<li><a href=\"https:\/\/www.problemasyecuaciones.com\/Ecuaciones\/problemas\/sistemas\/problemas-ecuaciones-sistemas-lineales-resueltos-numeros-edades-incognitas-ejemplos-explicados.html\">Problemas de sistemas de ecuaciones<\/a> (2)<\/li>\n<li><a href=\"https:\/\/www.ecuacionesresueltas.com\/sistemas\/nivel-4\/sistemas-ecuaciones-problemas-resueltos.html\">Problemas de sistemas de ecuaciones<\/a> (3)<\/li>\n<\/ul>\n","protected":false},"excerpt":{"rendered":"<p>En esta p\u00e1gina vamos a explicar el m\u00e9todo de sustituci\u00f3n para resolver un sistema de ecuaciones lineales. El\u00a0m\u00e9todo de sustituci\u00f3n\u00a0consiste en aislar en una ecuaci\u00f3n una de las dos inc\u00f3gnitas para\u00a0sustituirla\u00a0en la otra ecuaci\u00f3n. Este m\u00e9todo es aconsejable cuando una de las inc\u00f3gnitas tiene coeficiente 1. Veamos un ejemplo: 1.\u00a0Aislamos una inc\u00f3gnita.\u00a0Vamos a aislar la &hellip; <\/p>\n<p class=\"link-more\"><a href=\"https:\/\/blogs.ua.es\/matesfacil\/secundaria\/ecuaciones\/metodo-de-sustitucion\/\" class=\"more-link\">Continue reading<span class=\"screen-reader-text\"> &#8220;M\u00e9todo de sustituci\u00f3n&#8221;<\/span><\/a><\/p>\n","protected":false},"author":4324,"featured_media":0,"parent":59,"menu_order":0,"comment_status":"closed","ping_status":"closed","template":"","meta":{"footnotes":""},"class_list":["post-133","page","type-page","status-publish","hentry"],"_links":{"self":[{"href":"https:\/\/blogs.ua.es\/matesfacil\/wp-json\/wp\/v2\/pages\/133","targetHints":{"allow":["GET"]}}],"collection":[{"href":"https:\/\/blogs.ua.es\/matesfacil\/wp-json\/wp\/v2\/pages"}],"about":[{"href":"https:\/\/blogs.ua.es\/matesfacil\/wp-json\/wp\/v2\/types\/page"}],"author":[{"embeddable":true,"href":"https:\/\/blogs.ua.es\/matesfacil\/wp-json\/wp\/v2\/users\/4324"}],"replies":[{"embeddable":true,"href":"https:\/\/blogs.ua.es\/matesfacil\/wp-json\/wp\/v2\/comments?post=133"}],"version-history":[{"count":2,"href":"https:\/\/blogs.ua.es\/matesfacil\/wp-json\/wp\/v2\/pages\/133\/revisions"}],"predecessor-version":[{"id":628,"href":"https:\/\/blogs.ua.es\/matesfacil\/wp-json\/wp\/v2\/pages\/133\/revisions\/628"}],"up":[{"embeddable":true,"href":"https:\/\/blogs.ua.es\/matesfacil\/wp-json\/wp\/v2\/pages\/59"}],"wp:attachment":[{"href":"https:\/\/blogs.ua.es\/matesfacil\/wp-json\/wp\/v2\/media?parent=133"}],"curies":[{"name":"wp","href":"https:\/\/api.w.org\/{rel}","templated":true}]}}