{"id":141,"date":"2018-10-11T07:34:35","date_gmt":"2018-10-11T06:34:35","guid":{"rendered":"https:\/\/blogs.ua.es\/matesfacil\/?page_id=141"},"modified":"2018-10-11T08:04:14","modified_gmt":"2018-10-11T07:04:14","slug":"triangulos","status":"publish","type":"page","link":"https:\/\/blogs.ua.es\/matesfacil\/secundaria-geometria\/triangulos\/","title":{"rendered":"Tri\u00e1ngulos"},"content":{"rendered":"<ul>\n<li><a href=\"https:\/\/blogs.ua.es\/matesfacil\/secundaria-geometria\/area-de-un-triangulo\/\">\u00c1rea de un tri\u00e1ngulo<\/a><\/li>\n<li><a href=\"https:\/\/blogs.ua.es\/matesfacil\/secundaria-geometria\/clasificacion-de-un-triangulo-segun-los-angulos\/\">Clasificaci\u00f3n seg\u00fan los \u00e1ngulos<\/a><\/li>\n<li><a href=\"https:\/\/blogs.ua.es\/matesfacil\/secundaria-geometria\/clasificacion-de-un-triangulo-segun-los-lados\/\">Clasificaci\u00f3n seg\u00fan los lados<\/a><\/li>\n<\/ul>\n","protected":false},"excerpt":{"rendered":"<p>\u00c1rea de un tri\u00e1ngulo Clasificaci\u00f3n seg\u00fan los \u00e1ngulos Clasificaci\u00f3n seg\u00fan los lados<\/p>\n","protected":false},"author":4324,"featured_media":0,"parent":32,"menu_order":0,"comment_status":"closed","ping_status":"closed","template":"","meta":{"footnotes":""},"class_list":["post-141","page","type-page","status-publish","hentry"],"_links":{"self":[{"href":"https:\/\/blogs.ua.es\/matesfacil\/wp-json\/wp\/v2\/pages\/141","targetHints":{"allow":["GET"]}}],"collection":[{"href":"https:\/\/blogs.ua.es\/matesfacil\/wp-json\/wp\/v2\/pages"}],"about":[{"href":"https:\/\/blogs.ua.es\/matesfacil\/wp-json\/wp\/v2\/types\/page"}],"author":[{"embeddable":true,"href":"https:\/\/blogs.ua.es\/matesfacil\/wp-json\/wp\/v2\/users\/4324"}],"replies":[{"embeddable":true,"href":"https:\/\/blogs.ua.es\/matesfacil\/wp-json\/wp\/v2\/comments?post=141"}],"version-history":[{"count":6,"href":"https:\/\/blogs.ua.es\/matesfacil\/wp-json\/wp\/v2\/pages\/141\/revisions"}],"predecessor-version":[{"id":156,"href":"https:\/\/blogs.ua.es\/matesfacil\/wp-json\/wp\/v2\/pages\/141\/revisions\/156"}],"up":[{"embeddable":true,"href":"https:\/\/blogs.ua.es\/matesfacil\/wp-json\/wp\/v2\/pages\/32"}],"wp:attachment":[{"href":"https:\/\/blogs.ua.es\/matesfacil\/wp-json\/wp\/v2\/media?parent=141"}],"curies":[{"name":"wp","href":"https:\/\/api.w.org\/{rel}","templated":true}]}}