{"id":192,"date":"2018-10-11T11:11:59","date_gmt":"2018-10-11T10:11:59","guid":{"rendered":"https:\/\/blogs.ua.es\/matesfacil\/?page_id=192"},"modified":"2019-06-13T08:32:43","modified_gmt":"2019-06-13T07:32:43","slug":"fracciones-equivalentes","status":"publish","type":"page","link":"https:\/\/blogs.ua.es\/matesfacil\/secundaria-numeros-operaciones\/fracciones\/fracciones-equivalentes\/","title":{"rendered":"Fracciones equivalentes"},"content":{"rendered":"<p>Decimos que dos fracciones son\u00a0<strong>equivalentes<\/strong>\u00a0(o\u00a0<strong>iguales<\/strong>) cuando representan al mismo n\u00famero.<\/p>\n<p><strong>Ejemplo:<\/strong><\/p>\n<p align=\"center\"><a href=\"https:\/\/www.matesfacil.com\/ESO\/fracciones\/equivalentes\/fracciones-equivalentes-iguales-ejemplos-ejercicios-resueltos-secundaria.html\"><img loading=\"lazy\" decoding=\"async\" class=\"aligncenter\" title=\"fracciones equivalentes 6\/8 y 9\/12\" src=\"https:\/\/www.matesfacil.com\/ESO\/fracciones\/equivalentes\/fracT-1.png\" alt=\"fracciones equivalentes: definici\u00f3n, ejemplos y ejercicios resueltos\" width=\"208\" height=\"447\" \/><\/a><\/p>\n<p>Observad que las regiones coloreadas de los c\u00edrculos tienen la misma \u00e1rea. Ambas fracciones representan al n\u00famero (decimal)<\/p>\n<p align=\"center\"><a href=\"https:\/\/www.matesfacil.com\/ESO\/fracciones\/equivalentes\/fracciones-equivalentes-iguales-ejemplos-ejercicios-resueltos-secundaria.html\"><img loading=\"lazy\" decoding=\"async\" class=\"aligncenter\" title=\"representaci\u00f3n de la fracci\u00f3n tres cuartos: 3\/4\" src=\"https:\/\/www.matesfacil.com\/ESO\/fracciones\/equivalentes\/fracT-2.png\" alt=\"fracciones equivalentes: definici\u00f3n, ejemplos y ejercicios resueltos\" width=\"187\" height=\"249\" \/><\/a><\/p>\n<p style=\"text-align: justify\"><strong>Importante:<\/strong>\u00a0como las fracciones equivalentes representan al mismo n\u00famero, podemos decir (o escribir) que\u00a0<strong>son iguales<\/strong>\u00a0aunque sus numeradores y denominadores no son los mismos:<\/p>\n<p align=\"center\"><a href=\"https:\/\/www.problemasyecuaciones.com\/fracciones\/equivalentes\/fracciones-equivalentes-fraccion-irreductible-dividir-multiplicar-ejemplos-ejercicios-maximo-comun-divisor.html\"><img loading=\"lazy\" decoding=\"async\" class=\"aligncenter\" title=\"igualdad entre fracciones equivalentes: 6\/8 = 3\/4 = 9\/12\" src=\"https:\/\/www.matesfacil.com\/ESO\/fracciones\/equivalentes\/fracT-3K2.png\" alt=\"fracciones equivalentes: definici\u00f3n, ejemplos y ejercicios resueltos\" width=\"110\" height=\"56\" \/><\/a><\/p>\n<p style=\"text-align: justify\">Si dos fracciones son equivalentes, multiplicando (o dividiendo) por el\u00a0<strong>mismo n\u00famero<\/strong>\u00a0en el\u00a0<strong>numerador<\/strong>\u00a0y en el\u00a0<strong>denominador<\/strong>\u00a0de una de las fracciones podemos obtener la otra.<\/p>\n<p style=\"text-align: justify\">En el ejemplo anterior, dividiendo por 2 y multiplicando por 3 en la fracci\u00f3n de la izquierda obtenemos la de la derecha:<\/p>\n<p align=\"center\"><a href=\"https:\/\/www.problemasyecuaciones.com\/fracciones\/equivalentes\/fracciones-equivalentes-fraccion-irreductible-dividir-multiplicar-ejemplos-ejercicios-maximo-comun-divisor.html\"><img loading=\"lazy\" decoding=\"async\" class=\"aligncenter\" title=\"fracciones equivalentes 6\/8, 3\/4 y 9\/12\" src=\"https:\/\/www.matesfacil.com\/ESO\/fracciones\/equivalentes\/fracT-3K.png\" alt=\"fracciones equivalentes: definici\u00f3n, ejemplos y ejercicios resueltos\" width=\"110\" height=\"125\" \/><\/a><\/p>\n<p style=\"text-align: left\" align=\"center\"><strong>Recursos de fracciones:<\/strong><\/p>\n<ul>\n<li><a href=\"https:\/\/www.matesfacil.com\/ESO\/fracciones\/concepto\/fracciones-concepto-definicion-ejemplos-ejercicios-interactivos-secundaria-partes-quebrados-partido-dividido.html\">Concepto de fracci\u00f3n<\/a><\/li>\n<li><a href=\"https:\/\/www.matesfacil.com\/ESO\/fracciones\/simplificar\/simplificar-reducir-fracciones-metodo-maximo-comun-divisor-ejercicios-resueltos.html\">Simplificar fracciones<\/a><\/li>\n<li><a href=\"https:\/\/www.matesfacil.com\/ESO\/fracciones\/equivalentes\/fracciones-equivalentes-iguales-ejemplos-ejercicios-resueltos-secundaria.html\">Fracciones equivalentes<\/a>\u00a0(1)<\/li>\n<li><a href=\"https:\/\/www.problemasyecuaciones.com\/fracciones\/equivalentes\/fracciones-equivalentes-fraccion-irreductible-dividir-multiplicar-ejemplos-ejercicios-maximo-comun-divisor.html\">Fracciones equivalentes<\/a> (2)<\/li>\n<li><a href=\"https:\/\/www.matesfacil.com\/ESO\/fracciones\/sumar\/sumar-restar-fracciones-negativas-minimo-comun-multiplo-ejercicios-resueltos-quebrados-secundaria.html\">Sumar y Restar fracciones<\/a><\/li>\n<li><a href=\"https:\/\/www.matesfacil.com\/ESO\/fracciones\/producto\/producto-division-fracciones-ejemplos-ejercicios-resueltos.html\">Multiplicar y Dividir fracciones<\/a><\/li>\n<li><a href=\"https:\/\/www.matesfacil.com\/ESO\/fraccion_generatriz\/obtener-fraccion-generatriz-numero-decimal-exacto-periodico-puro-mixto.html\">Fracci\u00f3n generatriz de n\u00fameros decimales<\/a><\/li>\n<li><a href=\"https:\/\/www.matesfacil.com\/ESO\/fracciones\/mixtos\/fraccion-mixta-numero-mixto-suma-producto-definicion-ejemplos-ejercicios-interactivos-secundaria-test.html\">Fracciones mixtas<\/a><\/li>\n<li><a href=\"https:\/\/www.matesfacil.com\/ESO\/numeros\/porcentajes\/porcentaje-por-ciento-proporcion-definicion-concepto-ejemplos-test-problemas-resueltos-oferta-rebaja-aumento-ejercicios.html\">Problemas de porcentajes<\/a><\/li>\n<li><a href=\"https:\/\/www.matesfacil.com\/interactivos\/primaria\/fracciones\/primaria-secundaria-fraccion-fracciones-quebrados-ejercicios-interactivos-autocorreccion-online-test-examen-numerador-denominador-simplificar-TIC.html\">Ejercicios interactivos de fracciones<\/a><\/li>\n<li><a href=\"https:\/\/www.problemasyecuaciones.com\/fracciones\/operaciones\/sumar-restar-multiplicar-dividir-numerador-denominador-problemas-ejercicios-resueltos.html\">Operaciones con fracciones<\/a><\/li>\n<\/ul>\n","protected":false},"excerpt":{"rendered":"<p>Decimos que dos fracciones son\u00a0equivalentes\u00a0(o\u00a0iguales) cuando representan al mismo n\u00famero. Ejemplo: Observad que las regiones coloreadas de los c\u00edrculos tienen la misma \u00e1rea. Ambas fracciones representan al n\u00famero (decimal) Importante:\u00a0como las fracciones equivalentes representan al mismo n\u00famero, podemos decir (o escribir) que\u00a0son iguales\u00a0aunque sus numeradores y denominadores no son los mismos: Si dos fracciones son &hellip; <\/p>\n<p class=\"link-more\"><a href=\"https:\/\/blogs.ua.es\/matesfacil\/secundaria-numeros-operaciones\/fracciones\/fracciones-equivalentes\/\" class=\"more-link\">Continue reading<span class=\"screen-reader-text\"> &#8220;Fracciones equivalentes&#8221;<\/span><\/a><\/p>\n","protected":false},"author":4324,"featured_media":0,"parent":183,"menu_order":0,"comment_status":"closed","ping_status":"closed","template":"","meta":{"footnotes":""},"class_list":["post-192","page","type-page","status-publish","hentry"],"_links":{"self":[{"href":"https:\/\/blogs.ua.es\/matesfacil\/wp-json\/wp\/v2\/pages\/192","targetHints":{"allow":["GET"]}}],"collection":[{"href":"https:\/\/blogs.ua.es\/matesfacil\/wp-json\/wp\/v2\/pages"}],"about":[{"href":"https:\/\/blogs.ua.es\/matesfacil\/wp-json\/wp\/v2\/types\/page"}],"author":[{"embeddable":true,"href":"https:\/\/blogs.ua.es\/matesfacil\/wp-json\/wp\/v2\/users\/4324"}],"replies":[{"embeddable":true,"href":"https:\/\/blogs.ua.es\/matesfacil\/wp-json\/wp\/v2\/comments?post=192"}],"version-history":[{"count":5,"href":"https:\/\/blogs.ua.es\/matesfacil\/wp-json\/wp\/v2\/pages\/192\/revisions"}],"predecessor-version":[{"id":592,"href":"https:\/\/blogs.ua.es\/matesfacil\/wp-json\/wp\/v2\/pages\/192\/revisions\/592"}],"up":[{"embeddable":true,"href":"https:\/\/blogs.ua.es\/matesfacil\/wp-json\/wp\/v2\/pages\/183"}],"wp:attachment":[{"href":"https:\/\/blogs.ua.es\/matesfacil\/wp-json\/wp\/v2\/media?parent=192"}],"curies":[{"name":"wp","href":"https:\/\/api.w.org\/{rel}","templated":true}]}}