{"id":251,"date":"2018-10-16T13:06:13","date_gmt":"2018-10-16T12:06:13","guid":{"rendered":"https:\/\/blogs.ua.es\/matesfacil\/?page_id=251"},"modified":"2019-07-16T12:11:48","modified_gmt":"2019-07-16T11:11:48","slug":"progresiones-o-sucesiones","status":"publish","type":"page","link":"https:\/\/blogs.ua.es\/matesfacil\/progresiones-o-sucesiones\/","title":{"rendered":"Progresiones o sucesiones"},"content":{"rendered":"<ul>\n<li><a href=\"https:\/\/blogs.ua.es\/matesfacil\/progresiones-o-sucesiones\/progresion-aritmetica\/\">Progresiones aritm\u00e9ticas<\/a><\/li>\n<li><a href=\"https:\/\/blogs.ua.es\/matesfacil\/progresiones-o-sucesiones\/progresion-geometrica\/\">Progresiones geom\u00e9tricas<\/a><\/li>\n<li><a href=\"https:\/\/blogs.ua.es\/matesfacil\/progresiones-o-sucesiones\/sucesion-de-fibonacci\/\">Progresi\u00f3n de Fibonacci<\/a><\/li>\n<li><a href=\"https:\/\/blogs.ua.es\/matesfacil\/progresiones-o-sucesiones\/sucesion-convergente\/\">Sucesi\u00f3n convergente<\/a><\/li>\n<li><a href=\"https:\/\/blogs.ua.es\/matesfacil\/progresiones-o-sucesiones\/limites-de-sucesiones\/\">L\u00edmites de sucesiones<\/a><\/li>\n<li><a href=\"https:\/\/blogs.ua.es\/matesfacil\/progresiones-o-sucesiones\/sucesiones-acotadas\/\">Sucesiones acotadas<\/a><\/li>\n<li><a href=\"https:\/\/blogs.ua.es\/matesfacil\/progresiones-o-sucesiones\/sucesion-monotona\/\">Sucesi\u00f3n mon\u00f3tona<\/a><\/li>\n<li><a href=\"https:\/\/blogs.ua.es\/matesfacil\/progresiones-o-sucesiones\/sucesiones-alternadas-y-oscilantes\/\">Sucesiones alternadas y oscilantes<\/a><\/li>\n<li><a href=\"https:\/\/blogs.ua.es\/matesfacil\/progresiones-o-sucesiones\/operaciones-entre-sucesiones\/\">Operaciones entre sucesiones<\/a><\/li>\n<li><a href=\"https:\/\/blogs.ua.es\/matesfacil\/progresiones-o-sucesiones\/subsucesiones\/\">Subsucesiones<\/a><\/li>\n<\/ul>\n<h2>Calculadoras:<\/h2>\n<ul>\n<li><a href=\"https:\/\/www.matesfacil.com\/ESO\/progresiones\/aritmeticas\/calculadoras\/calculadoras-online-sucesiones-aritmeticas-termino-general-diferencia-suma.html\">Calculadora de progresiones aritm\u00e9ticas<\/a><\/li>\n<li><a href=\"https:\/\/www.matesfacil.com\/ESO\/progresiones\/geometricas\/calculadoras\/calculadoras-online-sucesiones-geometricas-termino-general-razon-suma.html\">Calculadora de progresiones geom\u00e9tricas<\/a><\/li>\n<\/ul>\n<h2>Otros temas relacionados:<\/h2>\n<ul>\n<li><a href=\"https:\/\/www.matesfacil.com\/ESO\/progresiones\/test1\/test-online-preguntas-sucesion-progresion-arimetica-geometrica-basico.html\">Test b\u00e1sico de progresiones<\/a><\/li>\n<li><a href=\"https:\/\/www.matesfacil.com\/ESO\/progresiones\/convergente-divergente-oscilante-alternada-acotada-limite-creciente-decreciente-monotona-problemas-resueltos.html\">Tipos de progresiones<\/a><\/li>\n<li><a href=\"https:\/\/www.matesfacil.com\/ESO\/progresiones\/ejercicios-resueltos-sucesiones.html\">Problemas de progresiones aritm\u00e9ticas y geom\u00e9tricas<\/a><\/li>\n<li><a href=\"https:\/\/www.matesfacil.com\/BAC\/progresiones\/operaciones-sucesiones-suma-diferencia-producto-cociente-limite-problemas-resueltos.html\">Operaciones entre sucesiones<\/a><\/li>\n<li><a href=\"https:\/\/www.matesfacil.com\/BAC\/progresiones\/calculo-limites-sucesiones-definicion-distancia-terminos-menor-mayor-problemas-resueltos.html\">L\u00edmites de sucesiones<\/a><\/li>\n<li><a href=\"https:\/\/www.matesfacil.com\/BAC\/progresiones\/subsucesion-sucesion-parcial-convergente-propiedades-ejemplos-limites-problemas-resueltos.html\">Subsucesiones o sucesiones parciales<\/a><\/li>\n<li><a href=\"http:\/\/www.problemasyecuaciones.com\/progresiones\/progresion-aritmetica-geometrica-sucesion-diferencia-razon-termino-general-problemas-resueltos.html\">Introducci\u00f3n a las progresiones<\/a><\/li>\n<\/ul>\n<h2>Criterios de convergencia de sucesiones:<\/h2>\n<ul>\n<li><a href=\"https:\/\/www.matesfacil.com\/UNI\/progresiones\/criterios\/criterio-media-aritmetica-convergencia-sucesiones-ejemplos-demostracion-problemas.html\">Criterio de la media aritm\u00e9tica<\/a><\/li>\n<li><a href=\"https:\/\/www.matesfacil.com\/UNI\/progresiones\/criterios\/criterio-media-geometrica-raiz-sucesiones-ejemplos-demostracion-problemas-sucesiones-convergencia.html\">Criterios de la media geom\u00e9trica y de la ra\u00edz<\/a><\/li>\n<li><a href=\"https:\/\/www.matesfacil.com\/UNI\/progresiones\/criterios\/criterio-Stolz-cociente-convergencia-sucesiones-ejemplos-limites.html\">Criterio de Stolz<\/a><\/li>\n<\/ul>\n","protected":false},"excerpt":{"rendered":"<p>Progresiones aritm\u00e9ticas Progresiones geom\u00e9tricas Progresi\u00f3n de Fibonacci Sucesi\u00f3n convergente L\u00edmites de sucesiones Sucesiones acotadas Sucesi\u00f3n mon\u00f3tona Sucesiones alternadas y oscilantes Operaciones entre sucesiones Subsucesiones Calculadoras: Calculadora de progresiones aritm\u00e9ticas Calculadora de progresiones geom\u00e9tricas Otros temas relacionados: Test b\u00e1sico de progresiones Tipos de progresiones Problemas de progresiones aritm\u00e9ticas y geom\u00e9tricas Operaciones entre sucesiones L\u00edmites de sucesiones &hellip; <\/p>\n<p class=\"link-more\"><a href=\"https:\/\/blogs.ua.es\/matesfacil\/progresiones-o-sucesiones\/\" class=\"more-link\">Continue reading<span class=\"screen-reader-text\"> &#8220;Progresiones o sucesiones&#8221;<\/span><\/a><\/p>\n","protected":false},"author":4324,"featured_media":0,"parent":0,"menu_order":0,"comment_status":"closed","ping_status":"closed","template":"","meta":{"footnotes":""},"class_list":["post-251","page","type-page","status-publish","hentry"],"_links":{"self":[{"href":"https:\/\/blogs.ua.es\/matesfacil\/wp-json\/wp\/v2\/pages\/251","targetHints":{"allow":["GET"]}}],"collection":[{"href":"https:\/\/blogs.ua.es\/matesfacil\/wp-json\/wp\/v2\/pages"}],"about":[{"href":"https:\/\/blogs.ua.es\/matesfacil\/wp-json\/wp\/v2\/types\/page"}],"author":[{"embeddable":true,"href":"https:\/\/blogs.ua.es\/matesfacil\/wp-json\/wp\/v2\/users\/4324"}],"replies":[{"embeddable":true,"href":"https:\/\/blogs.ua.es\/matesfacil\/wp-json\/wp\/v2\/comments?post=251"}],"version-history":[{"count":14,"href":"https:\/\/blogs.ua.es\/matesfacil\/wp-json\/wp\/v2\/pages\/251\/revisions"}],"predecessor-version":[{"id":852,"href":"https:\/\/blogs.ua.es\/matesfacil\/wp-json\/wp\/v2\/pages\/251\/revisions\/852"}],"wp:attachment":[{"href":"https:\/\/blogs.ua.es\/matesfacil\/wp-json\/wp\/v2\/media?parent=251"}],"curies":[{"name":"wp","href":"https:\/\/api.w.org\/{rel}","templated":true}]}}