{"id":289,"date":"2018-10-18T10:02:04","date_gmt":"2018-10-18T09:02:04","guid":{"rendered":"https:\/\/blogs.ua.es\/matesfacil\/?page_id=289"},"modified":"2019-06-13T09:25:37","modified_gmt":"2019-06-13T08:25:37","slug":"producto-de-matrices","status":"publish","type":"page","link":"https:\/\/blogs.ua.es\/matesfacil\/bachillerato\/algebra-matricial\/producto-de-matrices\/","title":{"rendered":"Producto de matrices"},"content":{"rendered":"<p style=\"text-align: justify\">El producto de matrices es quiz\u00e1s la operaci\u00f3n m\u00e1s complicada de realizar, al menos, las primeras veces. Vamos primero a explicarlo de forma sencilla.<\/p>\n<p style=\"text-align: justify\">Supongamos que las matrices <em>A<\/em> y <em>B<\/em> son de dimensi\u00f3n <em>2&#215;2<\/em>. El resultado del producto de la matriz <em>A<\/em> y de la matriz <em>B<\/em> es la matriz de dimensi\u00f3n <em>2&#215;2<\/em> que denotamos por <em>AB<\/em> y sus elementos son:<\/p>\n<ul>\n<li>El elemento de la posici\u00f3n (1,1) de la matriz <em>AB<\/em> es el producto de la fila 1 de <em>A<\/em> y de la columna 1 de <em>B<\/em>.<\/li>\n<li>El elemento de la posici\u00f3n (1,2) de la matriz <em>AB<\/em> es el producto de la fila 1 de <em>A<\/em> y de la columna 2 de <em>B<\/em>.<\/li>\n<li>El elemento de la posici\u00f3n (2,1) de la matriz <em>AB<\/em> es el producto de la fila 2 de <em>A<\/em> y de la columna 1 de <em>B<\/em>.<\/li>\n<li>El elemento de la posici\u00f3n (2,2) de la matriz <em>AB<\/em> es el producto de la fila 2 de <em>A<\/em> y de la columna 2 de <em>B<\/em>.<\/li>\n<\/ul>\n<p style=\"text-align: justify\">Hemos dicho producto de una fila por una matriz. Este producto no es m\u00e1s que el producto escalar de dos vectores: vector fila por vector columna. Por ejemplo, el producto de la fila (1,2,3) y (4,5,6) es 1\u00b74 + 2\u00b75 + 3\u00b76 = 32.<\/p>\n<p><strong>Ejemplo:\u00a0<\/strong>producto de dos matrices de dimensi\u00f3n 2&#215;2:<\/p>\n<p><a href=\"https:\/\/www.problemasyecuaciones.com\/matrices\/multiplicar-matrices-producto-matricial-ejemplos-explicados-propiedades-matriz.html\"><img loading=\"lazy\" decoding=\"async\" class=\"aligncenter\" src=\"https:\/\/www.matesfacil.com\/matrices\/producto2-3.png\" alt=\"\" width=\"240\" height=\"137\" \/><\/a><\/p>\n<p style=\"text-align: justify\">Para poder multiplicar los vectores fila y columna, \u00e9stos tienen que ser de la misma dimensi\u00f3n. Esto implica que el n\u00famero de columnas de la matriz <em>A<\/em> debe coincidir con el n\u00famero de filas de la matriz <em>B<\/em>.<\/p>\n<p style=\"text-align: justify\">Es decir, para calcular el producto\u00a0<em>A\u00b7B\u00a0<\/em>la dimensi\u00f3n de\u00a0<em>A\u00a0<\/em>debe ser <em>mxn<\/em> y la de <em>B<\/em> debe ser <em>nxk<\/em>. La matriz producto\u00a0<em>A\u00b7B\u00a0<\/em>es de dimensi\u00f3n\u00a0<em>mxk.<\/em><\/p>\n<p><strong>Ejemplo:\u00a0<\/strong>producto de dos matrices con dimensiones distintas:<\/p>\n<p><a href=\"https:\/\/www.problemasyecuaciones.com\/matrices\/multiplicar-matrices-producto-matricial-ejemplos-explicados-propiedades-matriz.html\"><img loading=\"lazy\" decoding=\"async\" class=\"aligncenter\" src=\"https:\/\/www.matesfacil.com\/matrices\/producto9-3.png\" alt=\"\" width=\"193\" height=\"191\" \/><\/a><\/p>\n<h1><strong>Algunas propiedades<\/strong><\/h1>\n<p style=\"text-align: justify\">La propiedad m\u00e1s destacable del producto de matrices es que <strong>no es conmutativo<\/strong>. Es decir, el producto <em>A\u00b7B<\/em> no tiene porqu\u00e9 coincidir con el producto <em>B\u00b7A<\/em>. De hecho, si las matrices no son cuadradas, uno de los dos productos no se puede calcular.<\/p>\n<p>Otras propiedades:<\/p>\n<ul>\n<li>Es asociativo\n<p align=\"center\"><img decoding=\"async\" src=\"https:\/\/www.matesfacil.com\/matrices\/matriz1-14.png\" \/><\/p>\n<\/li>\n<li>Es distributivo (por la derecha) respecto de la suma\n<p align=\"center\"><img decoding=\"async\" src=\"https:\/\/www.matesfacil.com\/matrices\/matriz1-15.png\" \/><\/p>\n<\/li>\n<li>Es distributivo (por la izquierda) respecto de la suma\n<p align=\"center\"><img decoding=\"async\" src=\"https:\/\/www.matesfacil.com\/matrices\/matriz1-16.png\" \/><\/p>\n<\/li>\n<li>El producto de matrices tiene elemento neutro y es la matriz identidad con la dimensi\u00f3n adecuada para poder calcular el producto. Es decir, si la matriz <em>A<\/em> es de dimensi\u00f3n <em>mxn<\/em>, entonces<\/li>\n<\/ul>\n<h3 style=\"text-align: center\"><strong><em>A\u00b7I<sub>n<\/sub>\u00a0= A = I<sub>m<\/sub>\u00b7A<\/em><\/strong><\/h3>\n<p><strong>Recursos de matrices:<\/strong><\/p>\n<ul>\n<li><a href=\"https:\/\/www.matesfacil.com\/matrices\/resueltos-matrices-suma.html\">Suma de matrices<\/a><\/li>\n<li><a href=\"https:\/\/www.problemasyecuaciones.com\/matrices\/multiplicar-matrices-producto-matricial-ejemplos-explicados-propiedades-matriz.html\">Multiplicar matrices<\/a>\u00a0(1)<\/li>\n<li><a href=\"https:\/\/www.matesfacil.com\/matrices\/resueltos-matrices-producto.html\">Multiplicar matrices<\/a>\u00a0(2)<\/li>\n<li><a href=\"https:\/\/www.problemasyecuaciones.com\/matrices\/metodo-eliminacion-gauss-jordan-matrices-sistemas-ecuaciones-lineales-resueltos-ejemplos-matriz.html\">Eliminaci\u00f3n de Gauss<\/a>\u00a0(1)<\/li>\n<li><a href=\"https:\/\/www.matesfacil.com\/matrices\/resueltos-matrices-SEL-GAUSS.html\">Eliminaci\u00f3n de Gauss<\/a>\u00a0(2)<\/li>\n<li><a href=\"https:\/\/www.problemasyecuaciones.com\/matrices\/determinantes-matrices-reglas-Sarrus-Laplace-ejemplos-matriz.html\">Determinantes de matrices<\/a>\u00a0(1)<\/li>\n<li><a href=\"https:\/\/www.matesfacil.com\/matrices\/resueltos-matrices-determinantes.html\">Determinantes de matrices<\/a>\u00a0(2)<\/li>\n<li><a href=\"https:\/\/www.problemasyecuaciones.com\/matrices\/matriz-inversa-Gauss-adjunta-ejemplos-metodo-identidad.html\">Matriz inversa<\/a>\u00a0(1)<\/li>\n<li><a href=\"https:\/\/www.matesfacil.com\/matrices\/calcular-matriz-inversa-metodo-Gauss-operaciones-filas-identidad-matrices-ejemplos.html\">Matriz inversa (por Gauss)<\/a>\u00a0(2)<\/li>\n<li><a href=\"https:\/\/www.matesfacil.com\/matrices\/resueltos-matrices-inversa-adjunta.html\">Matriz inversa (por determinantes)<\/a>\u00a0(3)<\/li>\n<li><a href=\"https:\/\/www.problemasyecuaciones.com\/matrices\/teorema-Rouche-Frobenius-enunciado-ejemplos-aplicacion-sistemas-ecuaciones-lineales-matrices.html\">Ejemplos del teorema de Rouch\u00e9-Frobenius<\/a>\u00a0(1)<\/li>\n<li><a href=\"https:\/\/www.matesfacil.com\/Rouche-Frobenius.htm\">Demostraci\u00f3n y ejemplos del teorema de Rouch\u00e9-Frobenius<\/a>\u00a0(2)<\/li>\n<li><a href=\"https:\/\/www.problemasyecuaciones.com\/matrices\/ejemplos-regla-Cramer-sistemas-ecuaciones-lineales-problemas-resueltos-2x2-3x3.html\">Ejemplos de la regla de Cramer<\/a>\u00a0(1)<\/li>\n<li><a href=\"https:\/\/www.matesfacil.com\/BAC\/ejercicios-resueltos-CRAMER.html\">Ejemplos de la regla de Cramer<\/a>\u00a0(2)<\/li>\n<li><a href=\"https:\/\/www.problemasyecuaciones.com\/matrices\/ecuacion-matricial-ecuaciones-matrices-inversa-resueltas-explicadas.html\">Ecuaciones matriciales<\/a>\u00a0(1)<\/li>\n<li><a href=\"https:\/\/www.matesfacil.com\/matrices\/ecuaciones\/sistemas-ecuaciones-matriciales-resueltas-ejemplos-matriz-inversa-solucion-problemas.html\">Ecuaciones matriciales<\/a>\u00a0(2)<\/li>\n<li><a href=\"https:\/\/www.problemasyecuaciones.com\/matrices\/potencia-enesima-matriz-matrices-formula-ejemplos.html\">Potencias en\u00e9simas de matrices<\/a>\u00a0(1)<\/li>\n<li><a href=\"https:\/\/www.matesfacil.com\/matrices\/resueltos-matrices-potencias.html\">Potencias de matrices<\/a>\u00a0(2)<\/li>\n<li><a href=\"https:\/\/www.matesfacil.com\/matrices\/resueltos-matrices-demostraciones.html\">Problemas te\u00f3ricos de matrices<\/a><\/li>\n<li><a href=\"https:\/\/www.problemasyecuaciones.com\/matrices\/propiedades-determinantes-ejemplos-producto-inversa-traspuesta.html\">Propiedades de los determinantes<\/a><\/li>\n<li><a href=\"https:\/\/www.problemasyecuaciones.com\/matrices\/matriz-adjunta-ejemplos-calcular-matrices-cofactores.html\">Matriz adjunta<\/a><\/li>\n<li><a href=\"https:\/\/www.matesfacil.com\/matrices.htm\">M\u00e1s temas de matrices<\/a><\/li>\n<\/ul>\n<p><strong>Calculadoras online de matrices:<\/strong><\/p>\n<ul>\n<li><a href=\"https:\/\/www.matesfacil.com\/calculadoras\/matrices\/multiplicar\/calculadora-online-multiplicar-matrices-multiplicacion-producto-matricial-calcular.html\">Calculadora del producto de matrices<\/a><\/li>\n<li><a href=\"https:\/\/www.matesfacil.com\/calculadoras\/matrices\/calculadora-online-determinantes-matrices-2x2-3x3-4x4-matriz.html\">Calculadora de determinante de una matriz<\/a><\/li>\n<li><a href=\"https:\/\/www.matesfacil.com\/calculadoras\/matrices\/calculadora-online-matriz-inversa-adjunta-2x2-3x3-matrices.html\">Calculadora de la matriz inversa<\/a><\/li>\n<li><a href=\"https:\/\/www.matesfacil.com\/calculadoras\/matrices\/calculadora-online-regla-Cramer-sistemas-ecuaciones-2x2-3x3-resolver.html\">Calculadora de la regla de Cramer<\/a><\/li>\n<\/ul>\n","protected":false},"excerpt":{"rendered":"<p>El producto de matrices es quiz\u00e1s la operaci\u00f3n m\u00e1s complicada de realizar, al menos, las primeras veces. Vamos primero a explicarlo de forma sencilla. Supongamos que las matrices A y B son de dimensi\u00f3n 2&#215;2. El resultado del producto de la matriz A y de la matriz B es la matriz de dimensi\u00f3n 2&#215;2 que &hellip; <\/p>\n<p class=\"link-more\"><a href=\"https:\/\/blogs.ua.es\/matesfacil\/bachillerato\/algebra-matricial\/producto-de-matrices\/\" class=\"more-link\">Continue reading<span class=\"screen-reader-text\"> &#8220;Producto de matrices&#8221;<\/span><\/a><\/p>\n","protected":false},"author":4324,"featured_media":0,"parent":279,"menu_order":0,"comment_status":"closed","ping_status":"closed","template":"","meta":{"footnotes":""},"class_list":["post-289","page","type-page","status-publish","hentry"],"_links":{"self":[{"href":"https:\/\/blogs.ua.es\/matesfacil\/wp-json\/wp\/v2\/pages\/289","targetHints":{"allow":["GET"]}}],"collection":[{"href":"https:\/\/blogs.ua.es\/matesfacil\/wp-json\/wp\/v2\/pages"}],"about":[{"href":"https:\/\/blogs.ua.es\/matesfacil\/wp-json\/wp\/v2\/types\/page"}],"author":[{"embeddable":true,"href":"https:\/\/blogs.ua.es\/matesfacil\/wp-json\/wp\/v2\/users\/4324"}],"replies":[{"embeddable":true,"href":"https:\/\/blogs.ua.es\/matesfacil\/wp-json\/wp\/v2\/comments?post=289"}],"version-history":[{"count":7,"href":"https:\/\/blogs.ua.es\/matesfacil\/wp-json\/wp\/v2\/pages\/289\/revisions"}],"predecessor-version":[{"id":646,"href":"https:\/\/blogs.ua.es\/matesfacil\/wp-json\/wp\/v2\/pages\/289\/revisions\/646"}],"up":[{"embeddable":true,"href":"https:\/\/blogs.ua.es\/matesfacil\/wp-json\/wp\/v2\/pages\/279"}],"wp:attachment":[{"href":"https:\/\/blogs.ua.es\/matesfacil\/wp-json\/wp\/v2\/media?parent=289"}],"curies":[{"name":"wp","href":"https:\/\/api.w.org\/{rel}","templated":true}]}}