{"id":699,"date":"2019-06-18T10:26:20","date_gmt":"2019-06-18T09:26:20","guid":{"rendered":"https:\/\/blogs.ua.es\/matesfacil\/?page_id=699"},"modified":"2019-06-18T10:27:54","modified_gmt":"2019-06-18T09:27:54","slug":"infinito-partido-infinito","status":"publish","type":"page","link":"https:\/\/blogs.ua.es\/matesfacil\/calculo-de-limites\/infinito-partido-infinito\/","title":{"rendered":"Infinito partido infinito"},"content":{"rendered":"<p style=\"text-align: justify\">En esta p\u00e1gina proporcionamos algunos ejemplos de l\u00edmites con la indeterminaci\u00f3n infinito partido infinito y vemos algunas reglas para evitarla. Especialmente, hacemos hincapi\u00e9 en los l\u00edmites de cocientes de polinomios (funciones racionales).<\/p>\n<h1>1. Indeterminaci\u00f3n \u221e\/\u221e<\/h1>\n<p>Consideremos las siguientes funciones racionales:<\/p>\n<p><a href=\"https:\/\/www.problemasyecuaciones.com\/limites\/calculo-limites-explicados-metodos-reglas-procedimientos-indeterminaciones-grados-infinito-resueltos.html\"><img loading=\"lazy\" decoding=\"async\" class=\"aligncenter\" src=\"https:\/\/www.matesfacil.com\/BAC\/limites\/indeterminaciones\/infinito-dividido-infinito\/T0.png\" alt=\"\" width=\"133\" height=\"113\" \/><\/a><\/p>\n<p style=\"text-align: justify\">Si hacemos tender <em>x<\/em> a infinito, aparece la indeterminaci\u00f3n infinito partido infinito en ambas funciones. Sin embargo, si observamos las gr\u00e1ficas de las funciones, deducimos que el l\u00edmite (cuando \u00a0tiende a +\u221e) de <em>f(x)<\/em>\u00a0es 0 y el de <em>g(x)<\/em>\u00a0es 2:<\/p>\n<p><a href=\"https:\/\/www.matesfacil.com\/BAC\/limites\/indeterminaciones\/infinito-dividido-infinito\/G1.png\"><img loading=\"lazy\" decoding=\"async\" class=\"aligncenter size-medium\" src=\"https:\/\/www.matesfacil.com\/BAC\/limites\/indeterminaciones\/infinito-dividido-infinito\/G1.png\" width=\"257\" height=\"173\" \/><\/a><\/p>\n<p style=\"text-align: justify\">Este ejemplo prueba que la expresi\u00f3n infinito partido infinito es una forma indeterminada. Es decir, los l\u00edmites de funciones en los que aparece infinito partido infinito pueden ser distintos.<\/p>\n<h1>2. Comparaci\u00f3n de funciones<\/h1>\n<p style=\"text-align: justify\">En un cociente de dos funciones,\u00a0<em>f(x)\/g(x)<\/em> , si el crecimiento de ambas funciones es muy distinto, el l\u00edmite cuando <em>x<\/em>\u00a0tiende a infinito es 0 \u00f3 infinito.<\/p>\n<p style=\"text-align: justify\">Por ejemplo, un logaritmo crece mucho m\u00e1s lento que un monomio\/polinomio. Y un monomio\/polinomio crece mucho m\u00e1s lento que una exponencial. Las ra\u00edces tienen, normalmente, un crecimiento entre el logar\u00edtmico y polin\u00f3mico.<\/p>\n<p>Gr\u00e1ficas:<\/p>\n<p><a href=\"https:\/\/www.matesfacil.com\/BAC\/limites\/indeterminaciones\/infinito-dividido-infinito\/indeterminacion-inifinito-partido-infinito-ejemplos-limites-resueltos.html\"><img loading=\"lazy\" decoding=\"async\" class=\"aligncenter\" src=\"https:\/\/www.matesfacil.com\/BAC\/limites\/indeterminaciones\/infinito-dividido-infinito\/G2.png\" alt=\"\" width=\"222\" height=\"232\" \/><\/a><\/p>\n<p>En estos casos, si la funci\u00f3n de crecimiento mayor es la del denominador, el l\u00edmite es 0. Si es la del numerador, el l\u00edmite es infinito.<\/p>\n<p><strong>Por ejemplo:<\/strong><\/p>\n<ul>\n<li>Como la exponencial crece m\u00e1s r\u00e1pido que un monomio,<\/li>\n<\/ul>\n<p><a href=\"https:\/\/www.problemasyecuaciones.com\/limites\/calculo-limites-explicados-metodos-reglas-procedimientos-indeterminaciones-grados-infinito-resueltos.html\"><img loading=\"lazy\" decoding=\"async\" class=\"aligncenter\" src=\"https:\/\/www.matesfacil.com\/BAC\/limites\/indeterminaciones\/infinito-dividido-infinito\/T5.png\" alt=\"\" width=\"114\" height=\"49\" \/><\/a><\/p>\n<ul>\n<li>Como la exponencial crece m\u00e1s r\u00e1pido que una ra\u00edz,<\/li>\n<\/ul>\n<p><a href=\"https:\/\/www.problemasyecuaciones.com\/limites\/calculo-limites-explicados-metodos-reglas-procedimientos-indeterminaciones-grados-infinito-resueltos.html\"><img loading=\"lazy\" decoding=\"async\" class=\"aligncenter\" src=\"https:\/\/www.matesfacil.com\/BAC\/limites\/indeterminaciones\/infinito-dividido-infinito\/L16-1.png\" alt=\"\" width=\"151\" height=\"49\" \/><\/a><\/p>\n<h1>3. Cocientes de polinomios<\/h1>\n<p style=\"text-align: justify\">El crecimiento de un polinomio depende, b\u00e1sicamente, del coeficiente principal del mismo. Por ejemplo, un polinomio de grado 4 crece m\u00e1s r\u00e1pido que uno de grado 2.<\/p>\n<p>&nbsp;<\/p>\n<p style=\"text-align: justify\">Aplicando la misma regla que vimos en el apartado anterior, el l\u00edmite de un cociente de polinomios es infinito si el grado del polinomio del numerador es mayor que el del numerador. Si, por el contrario, el grado del polinomio del denominador es mayor, el l\u00edmite es 0.<\/p>\n<p><strong>Por ejemplo:<\/strong><\/p>\n<ul>\n<li>El grado del numerador es mayor:<\/li>\n<\/ul>\n<p><a href=\"https:\/\/www.problemasyecuaciones.com\/limites\/calculo-limites-explicados-metodos-reglas-procedimientos-indeterminaciones-grados-infinito-resueltos.html\"><img loading=\"lazy\" decoding=\"async\" class=\"aligncenter\" src=\"https:\/\/www.matesfacil.com\/BAC\/limites\/indeterminaciones\/infinito-dividido-infinito\/L1-1.png\" alt=\"\" width=\"172\" height=\"49\" \/><\/a><\/p>\n<ul>\n<li>El grado del denominador es mayor:<\/li>\n<\/ul>\n<p><a href=\"https:\/\/www.problemasyecuaciones.com\/limites\/calculo-limites-explicados-metodos-reglas-procedimientos-indeterminaciones-grados-infinito-resueltos.html\"><img loading=\"lazy\" decoding=\"async\" class=\"aligncenter\" src=\"https:\/\/www.matesfacil.com\/BAC\/limites\/indeterminaciones\/infinito-dividido-infinito\/L3-1.png\" alt=\"\" width=\"153\" height=\"46\" \/><\/a><\/p>\n<p style=\"text-align: justify\">Cuando los grados de los polinomios del cociente es el mismo, el crecimiento de los polinomios es similar y, por tanto, el cociente presenta una as\u00edntota horizontal. En este caso, el l\u00edmite del cociente d ellos polinomios es el cociente de los coeficientes principales de \u00e9stos.<\/p>\n<p>Por ejemplo,<\/p>\n<p><a href=\"https:\/\/www.problemasyecuaciones.com\/limites\/calculo-limites-explicados-metodos-reglas-procedimientos-indeterminaciones-grados-infinito-resueltos.html\"><img loading=\"lazy\" decoding=\"async\" class=\"aligncenter\" src=\"https:\/\/www.matesfacil.com\/BAC\/limites\/indeterminaciones\/infinito-dividido-infinito\/L4-1.png\" alt=\"\" width=\"165\" height=\"49\" \/><\/a><\/p>\n<p>Para ser m\u00e1s exactos, la regla es la siguiente:<\/p>\n<p style=\"text-align: justify\">Sean <em>N(x)<\/em>\u00a0y <em>D(x)<\/em>\u00a0dos polinomios de grados <em>g(N)<\/em>\u00a0y <em>g(D)<\/em>\u00a0y con coeficientes principales <em>n<\/em>\u00a0y <em>d<\/em>. Entonces, el l\u00edmite de su cociente es<\/p>\n<p><a href=\"https:\/\/www.matesfacil.com\/BAC\/limites\/indeterminaciones\/infinito-dividido-infinito\/indeterminacion-inifinito-partido-infinito-ejemplos-limites-resueltos.html\"><img loading=\"lazy\" decoding=\"async\" class=\"aligncenter\" src=\"https:\/\/www.matesfacil.com\/BAC\/limites\/indeterminaciones\/infinito-dividido-infinito\/T1.png\" alt=\"\" width=\"291\" height=\"80\" \/><\/a><\/p>\n<p>En el tercer caso,<\/p>\n<ul>\n<li>Si\u00a0<em>x\u00a0<\/em>tiende\u00a0a infinito positivo, el signo del infinito del l\u00edmite es el signo de\u00a0<em>n\/d<\/em>.<\/li>\n<li>Si\u00a0<em>x\u00a0<\/em>tiende a infinito\u00a0negativo, el signo del infinito del l\u00edmite es<\/li>\n<\/ul>\n<p><a href=\"https:\/\/www.matesfacil.com\/BAC\/limites\/indeterminaciones\/infinito-dividido-infinito\/indeterminacion-inifinito-partido-infinito-ejemplos-limites-resueltos.html\"><img loading=\"lazy\" decoding=\"async\" class=\"aligncenter\" src=\"https:\/\/www.matesfacil.com\/BAC\/limites\/indeterminaciones\/infinito-dividido-infinito\/T2.png\" alt=\"\" width=\"119\" height=\"43\" \/><\/a><\/p>\n<p>donde\u00a0<em>K es<\/em><\/p>\n<ul>\n<li>+1 si los grados de N(x) y D(x) son ambos pares o ambos son impares.<\/li>\n<li>-1 en caso contrario.<\/li>\n<\/ul>\n<h1>4. Ejemplos<\/h1>\n<h2>Ejemplo 1<\/h2>\n<p><a href=\"https:\/\/www.problemasyecuaciones.com\/limites\/calculo-limites-explicados-metodos-reglas-procedimientos-indeterminaciones-grados-infinito-resueltos.html\"><img loading=\"lazy\" decoding=\"async\" class=\"aligncenter\" src=\"https:\/\/www.matesfacil.com\/BAC\/limites\/indeterminaciones\/infinito-dividido-infinito\/L2.png\" alt=\"\" width=\"136\" height=\"49\" \/><\/a><\/p>\n<p>Soluci\u00f3n:<\/p>\n<p>Como los grados de los polinomios son iguales, el l\u00edmite es el cociente de los coeficientes principales:<\/p>\n<p><a href=\"https:\/\/www.problemasyecuaciones.com\/limites\/calculo-limites-explicados-metodos-reglas-procedimientos-indeterminaciones-grados-infinito-resueltos.html\"><img loading=\"lazy\" decoding=\"async\" class=\"aligncenter\" src=\"https:\/\/www.matesfacil.com\/BAC\/limites\/indeterminaciones\/infinito-dividido-infinito\/L2-1.png\" alt=\"\" width=\"157\" height=\"115\" \/><\/a><\/p>\n<h2>Ejemplo 2<\/h2>\n<p><a href=\"https:\/\/www.problemasyecuaciones.com\/limites\/calculo-limites-explicados-metodos-reglas-procedimientos-indeterminaciones-grados-infinito-resueltos.html\"><img loading=\"lazy\" decoding=\"async\" class=\"aligncenter\" src=\"https:\/\/www.matesfacil.com\/BAC\/limites\/indeterminaciones\/infinito-dividido-infinito\/L5.png\" alt=\"\" width=\"126\" height=\"49\" \/><\/a><\/p>\n<p>Soluci\u00f3n:<\/p>\n<p style=\"text-align: justify\">Como el grado del numerador es mayor, el l\u00edmite es infinito. Como el cociente de coeficientes es negativo y los exponentes son par e impar, el signo del infinito es positivo:<\/p>\n<p><a href=\"https:\/\/www.problemasyecuaciones.com\/limites\/calculo-limites-explicados-metodos-reglas-procedimientos-indeterminaciones-grados-infinito-resueltos.html\"><img loading=\"lazy\" decoding=\"async\" class=\"aligncenter\" src=\"https:\/\/www.matesfacil.com\/BAC\/limites\/indeterminaciones\/infinito-dividido-infinito\/L5-1.png\" alt=\"\" width=\"185\" height=\"49\" \/><\/a><\/p>\n<p>Si escribimos potencias de infinitos, tenemos<\/p>\n<p><a href=\"https:\/\/www.problemasyecuaciones.com\/limites\/calculo-limites-explicados-metodos-reglas-procedimientos-indeterminaciones-grados-infinito-resueltos.html\"><img loading=\"lazy\" decoding=\"async\" class=\"aligncenter\" src=\"https:\/\/www.matesfacil.com\/BAC\/limites\/indeterminaciones\/infinito-dividido-infinito\/L5-2.png\" alt=\"\" width=\"144\" height=\"187\" \/><\/a><\/p>\n<p>El cubo es negativo y el cuadrado es positivo, pero como hay un signo negativo delante del cubo, su resultado es positivo.<\/p>\n<p><strong>\u00a0<\/strong><\/p>\n<p>M\u00e1s ejemplos en <a href=\"https:\/\/www.matesfacil.com\/BAC\/limites\/indeterminaciones\/infinito-dividido-infinito\/indeterminacion-inifinito-partido-infinito-ejemplos-limites-resueltos.html\">indeterminaci\u00f3n infinito partido infinito<\/a>.<\/p>\n<p>&nbsp;<\/p>\n<p><strong>Temas de l\u00edmites:<\/strong><\/p>\n<ul>\n<li><a href=\"https:\/\/www.matesfacil.com\/BAC\/limites\/ejercicios-resueltos-limites-1.html\">50 l\u00edmites resueltos<\/a><\/li>\n<li><a href=\"https:\/\/www.problemasyecuaciones.com\/limites\/calculo-limites-explicados-metodos-reglas-procedimientos-indeterminaciones-grados-infinito-resueltos.html\">L\u00edmites resueltos<\/a><\/li>\n<li><a href=\"https:\/\/www.matesfacil.com\/BAC\/limites\/laterales\/limites-laterales-ejemplos-problemas-resueltos-graficas-ejemplos.html\">L\u00edmites laterales<\/a><\/li>\n<li><a href=\"https:\/\/www.matesfacil.com\/BAC\/limites\/indeterminaciones\/introduccion\/indeterminacion-forma-indeterminada-infinito-partido-ejemplos-lhopital.html\">Indeterminaci\u00f3n (l\u00edmites de funciones)<\/a><\/li>\n<li><a href=\"https:\/\/www.matesfacil.com\/BAC\/limites\/indeterminaciones\/infinito-menos-infinito\/indeterminacion-infinito-menos-infinito-limites-resueltos-ejemplos-procedimientos.html\">Indeterminaci\u00f3n infinito menos infinito<\/a><\/li>\n<li><a href=\"https:\/\/www.matesfacil.com\/BAC\/limites\/indeterminaciones\/cero-dividido-cero\/indeterminacion-cero-dividido-cero-ejemplos-limites-resueltos-lhopital.html\">Indeterminaci\u00f3n cero partido cero<\/a><\/li>\n<li><a href=\"https:\/\/www.matesfacil.com\/BAC\/limites\/indeterminaciones\/infinito-dividido-infinito\/indeterminacion-inifinito-partido-infinito-ejemplos-limites-resueltos.html\">Indeterminaci\u00f3n infinito partido infinito<\/a><\/li>\n<li><a href=\"https:\/\/www.matesfacil.com\/BAC\/limites\/indeterminaciones\/cero-por-infinito\/indeterminacion-cero-por-infinito-ejemplos-limites-resueltos-producto-division.html\">Indeterminaci\u00f3n cero por infinito<\/a><\/li>\n<li><a href=\"https:\/\/www.matesfacil.com\/BAC\/limites\/indeterminaciones\/uno-elevado-infinito\/indeterminacion-uno-elevado-infinito-limites-resueltos-formula-ejemplos.html\">Indeterminaci\u00f3n uno elevado a infinito<\/a><\/li>\n<li><a href=\"https:\/\/www.matesfacil.com\/BAC\/limites\/indeterminaciones\/cero-elevado-cero\/indeterminacion-0-elevado-0-ejemplos-limites-resueltos-resolver-explicados.html\">Indeterminaci\u00f3n cero elevado cero<\/a><\/li>\n<li><a href=\"https:\/\/www.matesfacil.com\/BAC\/limites\/indeterminaciones\/infinito-elevado-cero\/indeterminacion-infinito-elevado-cero-ejemplos-limites-resueltos-lhopital.html\">Indeterminaci\u00f3n infinito elevado a cero<\/a><\/li>\n<li><a href=\"https:\/\/www.matesfacil.com\/demostracion-lhopital.htm\">Regla de L&#8217;H\u00f4pital<\/a><\/li>\n<li><a href=\"https:\/\/www.matesfacil.com\/BAC\/limites\/infinitesimos-equivalentes\/infinitesimo-equivalente-ejemplos-limites-resueltos.html\">Infinit\u00e9simos equivalentes<\/a><\/li>\n<li><a href=\"https:\/\/www.matesfacil.com\/BAC\/emparedado\/teorema-emparedado-sandwich-demostracion-limites-series-convergente-ejemplos.html\">Teorema del emparedado<\/a><\/li>\n<li><a href=\"https:\/\/www.matesfacil.com\/BAC\/progresiones\/calculo-limites-sucesiones-definicion-distancia-terminos-menor-mayor-problemas-resueltos.html\">L\u00edmites de sucesiones<\/a><\/li>\n<li><a href=\"https:\/\/www.matesfacil.com\/BAC\/limites\/concepto\/concepto-limite-funcion-ejemplos-problemas-definicion.html\">Definiciones formales de l\u00edmites<\/a><\/li>\n<li><a href=\"https:\/\/www.matesfacil.com\/UNI\/progresiones\/criterios\/criterio-media-geometrica-raiz-sucesiones-ejemplos-demostracion-problemas-sucesiones-convergencia.html\">Criterio de la media geom\u00e9trica y de la ra\u00edz<\/a><\/li>\n<li><a href=\"https:\/\/www.matesfacil.com\/UNI\/progresiones\/criterios\/criterio-media-aritmetica-convergencia-sucesiones-ejemplos-demostracion-problemas.html\">Criterio de la media aritm\u00e9tica<\/a><\/li>\n<li><a href=\"https:\/\/www.matesfacil.com\/UNI\/progresiones\/criterios\/criterio-Stolz-cociente-convergencia-sucesiones-ejemplos-limites.html\">Criterio de Stolz del cociente<\/a><\/li>\n<\/ul>\n","protected":false},"excerpt":{"rendered":"<p>En esta p\u00e1gina proporcionamos algunos ejemplos de l\u00edmites con la indeterminaci\u00f3n infinito partido infinito y vemos algunas reglas para evitarla. Especialmente, hacemos hincapi\u00e9 en los l\u00edmites de cocientes de polinomios (funciones racionales). 1. Indeterminaci\u00f3n \u221e\/\u221e Consideremos las siguientes funciones racionales: Si hacemos tender x a infinito, aparece la indeterminaci\u00f3n infinito partido infinito en ambas funciones. &hellip; <\/p>\n<p class=\"link-more\"><a href=\"https:\/\/blogs.ua.es\/matesfacil\/calculo-de-limites\/infinito-partido-infinito\/\" class=\"more-link\">Continue reading<span class=\"screen-reader-text\"> &#8220;Infinito partido infinito&#8221;<\/span><\/a><\/p>\n","protected":false},"author":4324,"featured_media":0,"parent":553,"menu_order":0,"comment_status":"closed","ping_status":"closed","template":"","meta":{"footnotes":""},"class_list":["post-699","page","type-page","status-publish","hentry"],"_links":{"self":[{"href":"https:\/\/blogs.ua.es\/matesfacil\/wp-json\/wp\/v2\/pages\/699","targetHints":{"allow":["GET"]}}],"collection":[{"href":"https:\/\/blogs.ua.es\/matesfacil\/wp-json\/wp\/v2\/pages"}],"about":[{"href":"https:\/\/blogs.ua.es\/matesfacil\/wp-json\/wp\/v2\/types\/page"}],"author":[{"embeddable":true,"href":"https:\/\/blogs.ua.es\/matesfacil\/wp-json\/wp\/v2\/users\/4324"}],"replies":[{"embeddable":true,"href":"https:\/\/blogs.ua.es\/matesfacil\/wp-json\/wp\/v2\/comments?post=699"}],"version-history":[{"count":7,"href":"https:\/\/blogs.ua.es\/matesfacil\/wp-json\/wp\/v2\/pages\/699\/revisions"}],"predecessor-version":[{"id":706,"href":"https:\/\/blogs.ua.es\/matesfacil\/wp-json\/wp\/v2\/pages\/699\/revisions\/706"}],"up":[{"embeddable":true,"href":"https:\/\/blogs.ua.es\/matesfacil\/wp-json\/wp\/v2\/pages\/553"}],"wp:attachment":[{"href":"https:\/\/blogs.ua.es\/matesfacil\/wp-json\/wp\/v2\/media?parent=699"}],"curies":[{"name":"wp","href":"https:\/\/api.w.org\/{rel}","templated":true}]}}