{"id":731,"date":"2019-06-19T16:09:02","date_gmt":"2019-06-19T15:09:02","guid":{"rendered":"https:\/\/blogs.ua.es\/matesfacil\/?page_id=731"},"modified":"2019-06-19T16:09:02","modified_gmt":"2019-06-19T15:09:02","slug":"cero-por-infinito","status":"publish","type":"page","link":"https:\/\/blogs.ua.es\/matesfacil\/calculo-de-limites\/cero-por-infinito\/","title":{"rendered":"Cero por infinito"},"content":{"rendered":"<p style=\"text-align: justify\">En esta p\u00e1gina proporcionamos ejemplos de l\u00edmites con la indeterminaci\u00f3n cero por infinito.<\/p>\n<h1>1. Indeterminaci\u00f3n 0\u00b7\u221e<\/h1>\n<p style=\"text-align: justify\">La expresi\u00f3n <em>cero por infinito\u00a0<\/em>es una indeterminaci\u00f3n puesto que aparece en el l\u00edmite de funciones distintas cuyos l\u00edmites son distintos. Por ejemplo,<\/p>\n<p><a href=\"https:\/\/www.matesfacil.com\/BAC\/limites\/indeterminaciones\/cero-por-infinito\/indeterminacion-cero-por-infinito-ejemplos-limites-resueltos-producto-division.html\"><img loading=\"lazy\" decoding=\"async\" class=\"aligncenter\" src=\"https:\/\/www.matesfacil.com\/BAC\/limites\/indeterminaciones\/cero-por-infinito\/T1.png\" alt=\"0 por infinito\" width=\"191\" height=\"211\" \/><\/a><\/p>\n<p>Pero el primer l\u00edmite es igual a 0 y el segundo es igual a 1.<\/p>\n<h1>2. Regla de L&#8217;H\u00f4pital<\/h1>\n<p style=\"text-align: justify\">La regla de L&#8217;H\u00f4pital es un resultado del c\u00e1lculo diferencial que permite calcular l\u00edmites con la indeterminaci\u00f3n <em>infinito partido infinito<\/em> o <em>cero partido cero<\/em>:<\/p>\n<p><a href=\"https:\/\/www.matesfacil.com\/demostracion-lhopital.htm\"><img loading=\"lazy\" decoding=\"async\" class=\"aligncenter size-medium\" src=\"https:\/\/www.matesfacil.com\/BAC\/limites\/indeterminaciones\/cero-dividido-cero\/T3.png\" alt=\"regla de L'H\u00f4pital\" width=\"193\" height=\"53\" \/><\/a><\/p>\n<p style=\"text-align: justify\">Si tenemos un l\u00edmite con la indeterminaci\u00f3n <em>cero por infinito<\/em>, podemos transformar la funci\u00f3n para obtener una de las dos indeterminaciones que nos permita aplicar esta regla.<\/p>\n<p>Supongamos que tenemos la indeterminaci\u00f3n <em>cero por infinito<\/em>:<\/p>\n<p><a href=\"https:\/\/www.matesfacil.com\/BAC\/limites\/indeterminaciones\/cero-por-infinito\/indeterminacion-cero-por-infinito-ejemplos-limites-resueltos-producto-division.html\"><img loading=\"lazy\" decoding=\"async\" class=\"aligncenter\" src=\"https:\/\/www.matesfacil.com\/BAC\/limites\/indeterminaciones\/cero-por-infinito\/T3.png\" alt=\"0 por infinito\" width=\"210\" height=\"31\" \/><\/a><\/p>\n<p>siendo 0 el l\u00edmite de <em>f(x)<\/em> e infinito el l\u00edmite de <em>g(x)<\/em>.<\/p>\n<p><strong>Transformaci\u00f3n a \u221e\/\u221e:<\/strong><\/p>\n<p>El l\u00edmite del inverso de <em>f(x)<\/em> es infinito:<\/p>\n<p><a href=\"https:\/\/www.matesfacil.com\/BAC\/limites\/indeterminaciones\/cero-por-infinito\/T4.png\"><img loading=\"lazy\" decoding=\"async\" class=\"aligncenter\" src=\"https:\/\/www.matesfacil.com\/BAC\/limites\/indeterminaciones\/cero-por-infinito\/T4.png\" alt=\"\" width=\"124\" height=\"112\" \/><\/a><\/p>\n<p>Por tanto,<\/p>\n<p><a href=\"https:\/\/www.matesfacil.com\/BAC\/limites\/indeterminaciones\/cero-por-infinito\/T5.png\"><img loading=\"lazy\" decoding=\"async\" class=\"aligncenter\" src=\"https:\/\/www.matesfacil.com\/BAC\/limites\/indeterminaciones\/cero-por-infinito\/T5.png\" alt=\"\" width=\"209\" height=\"97\" \/><\/a><\/p>\n<p><strong>Transformaci\u00f3n a 0\/0:<\/strong><\/p>\n<p>De forma similar,<\/p>\n<p><a href=\"https:\/\/www.matesfacil.com\/BAC\/limites\/indeterminaciones\/cero-por-infinito\/T6.png\"><img loading=\"lazy\" decoding=\"async\" class=\"aligncenter\" src=\"https:\/\/www.matesfacil.com\/BAC\/limites\/indeterminaciones\/cero-por-infinito\/T6.png\" alt=\"\" width=\"209\" height=\"97\" \/><\/a><\/p>\n<h1>3. Otras t\u00e9cnicas<\/h1>\n<p style=\"text-align: justify\">Muchas veces, es posible calcular l\u00edmites con la indeterminaci\u00f3n cero por infinito sin necesidad de aplicar la regla de L&#8217;H\u00f4pital.<\/p>\n<h2>Ejemplo 1<\/h2>\n<p><a href=\"https:\/\/www.problemasyecuaciones.com\/limites\/calculo-limites-explicados-metodos-reglas-procedimientos-indeterminaciones-grados-infinito-resueltos.html\"><img loading=\"lazy\" decoding=\"async\" class=\"aligncenter\" src=\"https:\/\/www.matesfacil.com\/BAC\/limites\/indeterminaciones\/cero-por-infinito\/L2.png\" alt=\"c\u00e1lculo de l\u00edmites\" width=\"170\" height=\"47\" \/><\/a><\/p>\n<p>Soluci\u00f3n:<\/p>\n<p>Recordad que el n\u00famero\u00a0<em>e<\/em>\u00a0es el l\u00edmite de una funci\u00f3n:<\/p>\n<p><a href=\"https:\/\/www.problemasyecuaciones.com\/limites\/calculo-limites-explicados-metodos-reglas-procedimientos-indeterminaciones-grados-infinito-resueltos.html\"><img loading=\"lazy\" decoding=\"async\" class=\"aligncenter\" src=\"https:\/\/www.matesfacil.com\/BAC\/limites\/indeterminaciones\/cero-por-infinito\/L2-1.png\" alt=\"c\u00e1lculo de l\u00edmites\" width=\"170\" height=\"50\" \/><\/a><\/p>\n<p style=\"text-align: justify\">Observad que el argumento del logaritmo es la base de la exponencial del l\u00edmite anterior:<\/p>\n<p><a href=\"https:\/\/www.problemasyecuaciones.com\/limites\/calculo-limites-explicados-metodos-reglas-procedimientos-indeterminaciones-grados-infinito-resueltos.html\"><img loading=\"lazy\" decoding=\"async\" class=\"aligncenter\" src=\"https:\/\/www.matesfacil.com\/BAC\/limites\/indeterminaciones\/cero-por-infinito\/L2-2.png\" alt=\"c\u00e1lculo de l\u00edmites\" width=\"210\" height=\"47\" \/><\/a><\/p>\n<p>Por tanto, aplicando las propiedades de los logaritmos,<\/p>\n<p><a href=\"https:\/\/www.problemasyecuaciones.com\/limites\/calculo-limites-explicados-metodos-reglas-procedimientos-indeterminaciones-grados-infinito-resueltos.html\"><img loading=\"lazy\" decoding=\"async\" class=\"aligncenter\" src=\"https:\/\/www.matesfacil.com\/BAC\/limites\/indeterminaciones\/cero-por-infinito\/L2-3.png\" alt=\"c\u00e1lculo de l\u00edmites\" width=\"209\" height=\"208\" \/><\/a><\/p>\n<h2>Ejemplo 2<\/h2>\n<p><a href=\"https:\/\/www.problemasyecuaciones.com\/limites\/calculo-limites-explicados-metodos-reglas-procedimientos-indeterminaciones-grados-infinito-resueltos.html\"><img loading=\"lazy\" decoding=\"async\" class=\"aligncenter\" src=\"https:\/\/www.matesfacil.com\/BAC\/limites\/indeterminaciones\/cero-por-infinito\/L6.png\" alt=\"c\u00e1lculo de l\u00edmites\" width=\"123\" height=\"31\" \/><\/a><\/p>\n<p>Soluci\u00f3n:<\/p>\n<p style=\"text-align: justify\">Como infinito elevado a infinito es infinito, tenemos la indeterminaci\u00f3n\u00a0<em>infinito por cero<\/em>.<\/p>\n<p>Podemos escribir la exponencial en el denominador:<\/p>\n<p><a href=\"https:\/\/www.problemasyecuaciones.com\/limites\/calculo-limites-explicados-metodos-reglas-procedimientos-indeterminaciones-grados-infinito-resueltos.html\"><img loading=\"lazy\" decoding=\"async\" class=\"aligncenter\" src=\"https:\/\/www.matesfacil.com\/BAC\/limites\/indeterminaciones\/cero-por-infinito\/L6-1.png\" alt=\"l\u00edmites resueltos\" width=\"168\" height=\"151\" \/><\/a><\/p>\n<p>El l\u00edmite es infinito porque tenemos infinito elevado a infinito.<\/p>\n<h2>Ejemplo 3<\/h2>\n<p><a href=\"https:\/\/www.problemasyecuaciones.com\/limites\/calculo-limites-explicados-metodos-reglas-procedimientos-indeterminaciones-grados-infinito-resueltos.html\"><img loading=\"lazy\" decoding=\"async\" class=\"aligncenter\" src=\"https:\/\/www.matesfacil.com\/BAC\/limites\/indeterminaciones\/cero-por-infinito\/L7.png\" alt=\"l\u00edmites resueltos\" width=\"102\" height=\"30\" \/><\/a><\/p>\n<p>Soluci\u00f3n:<\/p>\n<p>Observad que <em>x<\/em> tiende a infinito negativo.<\/p>\n<p>Si cambiamos el signo de las <em>x<\/em>, podemos escribir <em>x<\/em> tendiendo a +\u221e en el l\u00edmite:<\/p>\n<p><a href=\"https:\/\/www.problemasyecuaciones.com\/limites\/calculo-limites-explicados-metodos-reglas-procedimientos-indeterminaciones-grados-infinito-resueltos.html\"><img loading=\"lazy\" decoding=\"async\" class=\"aligncenter\" src=\"https:\/\/www.matesfacil.com\/BAC\/limites\/indeterminaciones\/cero-por-infinito\/L7-1.png\" alt=\"l\u00edmites resueltos\" width=\"167\" height=\"76\" \/><\/a><\/p>\n<p>As\u00ed, es m\u00e1s f\u00e1cil calcular el l\u00edmite:<\/p>\n<p><a href=\"https:\/\/www.problemasyecuaciones.com\/limites\/calculo-limites-explicados-metodos-reglas-procedimientos-indeterminaciones-grados-infinito-resueltos.html\"><img loading=\"lazy\" decoding=\"async\" class=\"aligncenter\" src=\"https:\/\/www.matesfacil.com\/BAC\/limites\/indeterminaciones\/cero-por-infinito\/L7-2.png\" alt=\"l\u00edmites resueltos\" width=\"168\" height=\"88\" \/><\/a><\/p>\n<p>El l\u00edmite es 0 porque la exponencial crece m\u00e1s r\u00e1pido que el monomio.<\/p>\n<p>&nbsp;<\/p>\n<p><strong>Temas de l\u00edmites:<\/strong><\/p>\n<ul>\n<li><a href=\"https:\/\/www.matesfacil.com\/BAC\/limites\/ejercicios-resueltos-limites-1.html\">50 l\u00edmites resueltos<\/a><\/li>\n<li><a href=\"https:\/\/www.problemasyecuaciones.com\/limites\/calculo-limites-explicados-metodos-reglas-procedimientos-indeterminaciones-grados-infinito-resueltos.html\">L\u00edmites resueltos<\/a><\/li>\n<li><a href=\"https:\/\/www.matesfacil.com\/BAC\/limites\/laterales\/limites-laterales-ejemplos-problemas-resueltos-graficas-ejemplos.html\">L\u00edmites laterales<\/a><\/li>\n<li><a href=\"https:\/\/www.matesfacil.com\/BAC\/limites\/indeterminaciones\/introduccion\/indeterminacion-forma-indeterminada-infinito-partido-ejemplos-lhopital.html\">Indeterminaci\u00f3n (l\u00edmites de funciones)<\/a><\/li>\n<li><a href=\"https:\/\/www.matesfacil.com\/BAC\/limites\/indeterminaciones\/infinito-menos-infinito\/indeterminacion-infinito-menos-infinito-limites-resueltos-ejemplos-procedimientos.html\">Indeterminaci\u00f3n infinito menos infinito<\/a><\/li>\n<li><a href=\"https:\/\/www.matesfacil.com\/BAC\/limites\/indeterminaciones\/cero-dividido-cero\/indeterminacion-cero-dividido-cero-ejemplos-limites-resueltos-lhopital.html\">Indeterminaci\u00f3n cero partido cero<\/a><\/li>\n<li><a href=\"https:\/\/www.matesfacil.com\/BAC\/limites\/indeterminaciones\/infinito-dividido-infinito\/indeterminacion-inifinito-partido-infinito-ejemplos-limites-resueltos.html\">Indeterminaci\u00f3n infinito partido infinito<\/a><\/li>\n<li><a href=\"https:\/\/www.matesfacil.com\/BAC\/limites\/indeterminaciones\/cero-por-infinito\/indeterminacion-cero-por-infinito-ejemplos-limites-resueltos-producto-division.html\">Indeterminaci\u00f3n cero por infinito<\/a><\/li>\n<li><a href=\"https:\/\/www.matesfacil.com\/BAC\/limites\/indeterminaciones\/uno-elevado-infinito\/indeterminacion-uno-elevado-infinito-limites-resueltos-formula-ejemplos.html\">Indeterminaci\u00f3n uno elevado a infinito<\/a><\/li>\n<li><a href=\"https:\/\/www.matesfacil.com\/BAC\/limites\/indeterminaciones\/cero-elevado-cero\/indeterminacion-0-elevado-0-ejemplos-limites-resueltos-resolver-explicados.html\">Indeterminaci\u00f3n cero elevado cero<\/a><\/li>\n<li><a href=\"https:\/\/www.matesfacil.com\/BAC\/limites\/indeterminaciones\/infinito-elevado-cero\/indeterminacion-infinito-elevado-cero-ejemplos-limites-resueltos-lhopital.html\">Indeterminaci\u00f3n infinito elevado a cero<\/a><\/li>\n<li><a href=\"https:\/\/www.matesfacil.com\/demostracion-lhopital.htm\">Regla de L&#8217;H\u00f4pital<\/a><\/li>\n<li><a href=\"https:\/\/www.matesfacil.com\/BAC\/limites\/infinitesimos-equivalentes\/infinitesimo-equivalente-ejemplos-limites-resueltos.html\">Infinit\u00e9simos equivalentes<\/a><\/li>\n<li><a href=\"https:\/\/www.matesfacil.com\/BAC\/emparedado\/teorema-emparedado-sandwich-demostracion-limites-series-convergente-ejemplos.html\">Teorema del emparedado<\/a><\/li>\n<li><a href=\"https:\/\/www.matesfacil.com\/BAC\/progresiones\/calculo-limites-sucesiones-definicion-distancia-terminos-menor-mayor-problemas-resueltos.html\">L\u00edmites de sucesiones<\/a><\/li>\n<li><a href=\"https:\/\/www.matesfacil.com\/BAC\/limites\/concepto\/concepto-limite-funcion-ejemplos-problemas-definicion.html\">Definiciones formales de l\u00edmites<\/a><\/li>\n<li><a href=\"https:\/\/www.matesfacil.com\/UNI\/progresiones\/criterios\/criterio-media-geometrica-raiz-sucesiones-ejemplos-demostracion-problemas-sucesiones-convergencia.html\">Criterio de la media geom\u00e9trica y de la ra\u00edz<\/a><\/li>\n<li><a href=\"https:\/\/www.matesfacil.com\/UNI\/progresiones\/criterios\/criterio-media-aritmetica-convergencia-sucesiones-ejemplos-demostracion-problemas.html\">Criterio de la media aritm\u00e9tica<\/a><\/li>\n<li><a href=\"https:\/\/www.matesfacil.com\/UNI\/progresiones\/criterios\/criterio-Stolz-cociente-convergencia-sucesiones-ejemplos-limites.html\">Criterio de Stolz del cociente<\/a><\/li>\n<\/ul>\n","protected":false},"excerpt":{"rendered":"<p>En esta p\u00e1gina proporcionamos ejemplos de l\u00edmites con la indeterminaci\u00f3n cero por infinito. 1. Indeterminaci\u00f3n 0\u00b7\u221e La expresi\u00f3n cero por infinito\u00a0es una indeterminaci\u00f3n puesto que aparece en el l\u00edmite de funciones distintas cuyos l\u00edmites son distintos. Por ejemplo, Pero el primer l\u00edmite es igual a 0 y el segundo es igual a 1. 2. Regla &hellip; <\/p>\n<p class=\"link-more\"><a href=\"https:\/\/blogs.ua.es\/matesfacil\/calculo-de-limites\/cero-por-infinito\/\" class=\"more-link\">Continue reading<span class=\"screen-reader-text\"> &#8220;Cero por infinito&#8221;<\/span><\/a><\/p>\n","protected":false},"author":4324,"featured_media":0,"parent":553,"menu_order":0,"comment_status":"closed","ping_status":"closed","template":"","meta":{"footnotes":""},"class_list":["post-731","page","type-page","status-publish","hentry"],"_links":{"self":[{"href":"https:\/\/blogs.ua.es\/matesfacil\/wp-json\/wp\/v2\/pages\/731","targetHints":{"allow":["GET"]}}],"collection":[{"href":"https:\/\/blogs.ua.es\/matesfacil\/wp-json\/wp\/v2\/pages"}],"about":[{"href":"https:\/\/blogs.ua.es\/matesfacil\/wp-json\/wp\/v2\/types\/page"}],"author":[{"embeddable":true,"href":"https:\/\/blogs.ua.es\/matesfacil\/wp-json\/wp\/v2\/users\/4324"}],"replies":[{"embeddable":true,"href":"https:\/\/blogs.ua.es\/matesfacil\/wp-json\/wp\/v2\/comments?post=731"}],"version-history":[{"count":7,"href":"https:\/\/blogs.ua.es\/matesfacil\/wp-json\/wp\/v2\/pages\/731\/revisions"}],"predecessor-version":[{"id":738,"href":"https:\/\/blogs.ua.es\/matesfacil\/wp-json\/wp\/v2\/pages\/731\/revisions\/738"}],"up":[{"embeddable":true,"href":"https:\/\/blogs.ua.es\/matesfacil\/wp-json\/wp\/v2\/pages\/553"}],"wp:attachment":[{"href":"https:\/\/blogs.ua.es\/matesfacil\/wp-json\/wp\/v2\/media?parent=731"}],"curies":[{"name":"wp","href":"https:\/\/api.w.org\/{rel}","templated":true}]}}