{"id":740,"date":"2019-06-20T08:42:47","date_gmt":"2019-06-20T07:42:47","guid":{"rendered":"https:\/\/blogs.ua.es\/matesfacil\/?page_id=740"},"modified":"2021-08-30T09:21:51","modified_gmt":"2021-08-30T08:21:51","slug":"sistema-de-ecuaciones-logaritmicas","status":"publish","type":"page","link":"https:\/\/blogs.ua.es\/matesfacil\/logaritmos\/sistema-de-ecuaciones-logaritmicas\/","title":{"rendered":"Sistema de ecuaciones logar\u00edtmicas"},"content":{"rendered":"<p style=\"text-align: justify\">En esta p\u00e1gina resolvemos detalladamente dos sistemas de ecuaciones logar\u00edtmicas.<\/p>\n<h1>1. Introducci\u00f3n<\/h1>\n<p style=\"text-align: justify\">Recordad que una <a href=\"https:\/\/www.logaritmo.info\/ecuaciones\/resolucion-ecuaciones-logaritmicas-resueltas.html\">ecuaci\u00f3n logar\u00edtmica<\/a> es una ecuaci\u00f3n en la que la o las inc\u00f3gnitas aparecen multiplicando\/dividiendo a logaritmos, en sus bases o en sus argumentos.<\/p>\n<p style=\"text-align: justify\">Un <strong>sistema de ecuaciones logar\u00edtmicas<\/strong> es un conjunto de ecuaciones logar\u00edtmicas cuya soluci\u00f3n es soluci\u00f3n de todas las ecuaciones logar\u00edtmicas.<\/p>\n<p style=\"text-align: justify\">Para poder resolver estos sistemas, necesitamos conocer las <a href=\"https:\/\/www.logaritmo.info\/propiedades\/propiedades-producto-division-potencia-ejercicios-resueltos.html\">propiedades de los logaritmos<\/a> (incluyendo el <a href=\"https:\/\/www.logaritmo.info\/cambio\/formula-ejemplos-ejercicios-resueltos-cambio-base-decimal-natural.html\">cambio de base<\/a>) y las <a href=\"https:\/\/www.problemasyecuaciones.com\/potencias\/potencias-ejemplos-ejercicios-resueltos-calcular-propiedades-producto-cociente-simplificar-exponente-base-multiplicar.html\">propiedades de las potencias<\/a>.<\/p>\n<h1>2. Ejemplos de sistemas<\/h1>\n<h2>Sistema 1<\/h2>\n<p><a href=\"https:\/\/www.logaritmo.info\/sistemas\/sistemas-ecuaciones-logaritmicas-resueltos-explicados.html\"><img loading=\"lazy\" decoding=\"async\" class=\"aligncenter\" src=\"https:\/\/www.logaritmo.info\/F\/f5\/S1.png\" alt=\"Sistemas de ecuaciones logar\u00edtmicas resueltos\" width=\"192\" height=\"72\" \/><\/a><\/p>\n<p>Soluci\u00f3n:<\/p>\n<p style=\"text-align: justify\">El sistema est\u00e1 formado por dos ecuaciones con dos inc\u00f3gnitas (<em>x<\/em>\u00a0e <em>y<\/em>).<\/p>\n<p style=\"text-align: justify\">Escribimos los t\u00e9rminos independientes (3 y 1) como logaritmos en base 10 para tener igualdades entre logaritmos en la misma base:<a href=\"https:\/\/www.logaritmo.info\/sistemas\/sistemas-ecuaciones-logaritmicas-resueltos-explicados.html\"><img loading=\"lazy\" decoding=\"async\" class=\"size-full wp-image-1148 aligncenter\" src=\"https:\/\/blogs.ua.es\/matesfacil\/files\/2021\/08\/log1.png\" alt=\"\" width=\"205\" height=\"71\" \/><\/a><\/p>\n<p>Reescribimos el sistema:<\/p>\n<p><a href=\"https:\/\/www.logaritmo.info\/sistemas\/sistemas-ecuaciones-logaritmicas-resueltos-explicados.html\"><img loading=\"lazy\" decoding=\"async\" class=\"size-full wp-image-1150 aligncenter\" src=\"https:\/\/blogs.ua.es\/matesfacil\/files\/2021\/08\/log2.png\" alt=\"\" width=\"222\" height=\"62\" \/><\/a><\/p>\n<p style=\"text-align: justify\">Dos logaritmos en la misma base son iguales si sus argumentos son iguales. Por tanto, podemos igualar los argumentos de los logaritmos de cada ecuaci\u00f3n:<\/p>\n<p><a href=\"https:\/\/www.logaritmo.info\/sistemas\/sistemas-ecuaciones-logaritmicas-resueltos-explicados.html\"><img loading=\"lazy\" decoding=\"async\" class=\"aligncenter\" src=\"https:\/\/www.logaritmo.info\/F\/f5\/S1-3.png\" alt=\"Sistemas de ecuaciones logar\u00edtmicas resueltos\" width=\"125\" height=\"50\" \/><\/a><\/p>\n<p style=\"text-align: justify\">Observad que el sistema obtenido no es lineal, pero es f\u00e1cil resolverlo, por ejemplo, por el <a href=\"https:\/\/www.ecuacionesresueltas.com\/sistemas\/nivel-1\/sistemas-ecuaciones-metodo-sustitucion-explicado-ejemplos-problemas.html\">m\u00e9todo de sustituci\u00f3n<\/a>.<\/p>\n<p>De la segunda ecuaci\u00f3n tenemos<\/p>\n<p><a href=\"https:\/\/www.logaritmo.info\/sistemas\/sistemas-ecuaciones-logaritmicas-resueltos-explicados.html\"><img loading=\"lazy\" decoding=\"async\" class=\"aligncenter\" src=\"https:\/\/www.logaritmo.info\/F\/f5\/S1-4.png\" alt=\"Sistemas de ecuaciones logar\u00edtmicas\" width=\"59\" height=\"16\" \/><\/a><\/p>\n<p>Sustituimos en la primera:<\/p>\n<p><a href=\"https:\/\/www.logaritmo.info\/sistemas\/sistemas-ecuaciones-logaritmicas-resueltos-explicados.html\"><img loading=\"lazy\" decoding=\"async\" class=\"aligncenter\" src=\"https:\/\/www.logaritmo.info\/F\/f5\/S1-5.png\" alt=\"Sistemas de ecuaciones logar\u00edtmicas resueltos\" width=\"88\" height=\"99\" \/><\/a><\/p>\n<p>Haciendo la ra\u00edz cuadrada, tenemos dos soluciones para <em>y<\/em>:<\/p>\n<p><a href=\"https:\/\/www.logaritmo.info\/sistemas\/sistemas-ecuaciones-logaritmicas-resueltos-explicados.html\"><img loading=\"lazy\" decoding=\"async\" class=\"aligncenter\" src=\"https:\/\/www.logaritmo.info\/F\/f5\/S1-6.png\" alt=\"Sistemas de ecuaciones logar\u00edtmicas resueltos\" width=\"61\" height=\"16\" \/><\/a><\/p>\n<p style=\"text-align: justify\">Sustituyendo en la primera ecuaci\u00f3n, hallamos la otra inc\u00f3gnita: si <em>y=10<\/em>, entonces <em>x=100<\/em>; si <em>y=-10<\/em>, entonces <em>x=-100<\/em>.<\/p>\n<p style=\"text-align: justify\">Como los argumentos de los logaritmos del sistema inicial son positivos para las soluciones encontradas, el sistema tiene dos soluciones.<\/p>\n<p>Una soluci\u00f3n es<\/p>\n<p><a href=\"https:\/\/www.logaritmo.info\/sistemas\/sistemas-ecuaciones-logaritmicas-resueltos-explicados.html\"><img loading=\"lazy\" decoding=\"async\" class=\"aligncenter\" src=\"https:\/\/www.logaritmo.info\/F\/f5\/S1-7.png\" alt=\"Sistemas de ecuaciones logar\u00edtmicas resueltos\" width=\"108\" height=\"40\" \/><\/a><\/p>\n<p>Y la otra es<\/p>\n<p><a href=\"https:\/\/www.logaritmo.info\/sistemas\/sistemas-ecuaciones-logaritmicas-resueltos-explicados.html\"><img loading=\"lazy\" decoding=\"async\" class=\"aligncenter\" src=\"https:\/\/www.logaritmo.info\/F\/f5\/S1-8.png\" alt=\"Sistemas de ecuaciones logar\u00edtmicas resueltos\" width=\"96\" height=\"41\" \/><\/a><\/p>\n<h2>Sistema 2<\/h2>\n<p><a href=\"https:\/\/www.logaritmo.info\/sistemas\/sistemas-ecuaciones-logaritmicas-resueltos-explicados.html\"><img loading=\"lazy\" decoding=\"async\" class=\"aligncenter\" src=\"https:\/\/www.logaritmo.info\/F\/f5\/S2.png\" alt=\"Sistemas de ecuaciones logar\u00edtmicas resueltos\" width=\"233\" height=\"55\" \/><\/a><\/p>\n<p>Soluci\u00f3n:<\/p>\n<p style=\"text-align: justify\">Escribimos los t\u00e9rminos independientes (2 y 1) como logaritmos en base 2:<\/p>\n<p><a href=\"https:\/\/www.logaritmo.info\/sistemas\/sistemas-ecuaciones-logaritmicas-resueltos-explicados.html\"><img loading=\"lazy\" decoding=\"async\" class=\"aligncenter\" src=\"https:\/\/www.logaritmo.info\/F\/f5\/S2-1.png\" alt=\"Sistemas de ecuaciones logar\u00edtmicas resueltos\" width=\"217\" height=\"43\" \/><\/a><\/p>\n<p style=\"text-align: justify\">Como tenemos todos los logaritmos en la misma base, podemos aplicar las propiedades de la suma y la resta de logaritmos:<\/p>\n<p><a href=\"https:\/\/www.logaritmo.info\/sistemas\/sistemas-ecuaciones-logaritmicas-resueltos-explicados.html\"><img loading=\"lazy\" decoding=\"async\" class=\"aligncenter\" src=\"https:\/\/www.logaritmo.info\/F\/f5\/S2-2.png\" alt=\"Sistemas de ecuaciones logar\u00edtmicas resueltos\" width=\"171\" height=\"56\" \/><\/a><\/p>\n<p style=\"text-align: justify\">Igualamos los argumentos y resolvemos el sistema (de ecuaciones no lineales) por el <a href=\"https:\/\/www.ecuacionesresueltas.com\/sistemas\/nivel-1\/sistemas-ecuaciones-metodo-sustitucion-explicado-ejemplos-problemas.html\">m\u00e9todo de sustituci\u00f3n<\/a>.<\/p>\n<p>De la primera ecuaci\u00f3n,<\/p>\n<p><a href=\"https:\/\/www.logaritmo.info\/sistemas\/sistemas-ecuaciones-logaritmicas-resueltos-explicados.html\"><img loading=\"lazy\" decoding=\"async\" class=\"aligncenter\" src=\"https:\/\/www.logaritmo.info\/F\/f5\/S2-3.png\" alt=\"Sistemas de ecuaciones logar\u00edtmicas resueltos\" width=\"121\" height=\"37\" \/><\/a><\/p>\n<p>De la segunda,<\/p>\n<p><a href=\"https:\/\/www.logaritmo.info\/sistemas\/sistemas-ecuaciones-logaritmicas-resueltos-explicados.html\"><img loading=\"lazy\" decoding=\"async\" class=\"aligncenter\" src=\"https:\/\/www.logaritmo.info\/F\/f5\/S2-4.png\" alt=\"Sistemas de ecuaciones logar\u00edtmicas resueltos\" width=\"55\" height=\"39\" \/><\/a><\/p>\n<p>Sustituimos <em>y<\/em>\u00a0en la segunda:<\/p>\n<p><a href=\"https:\/\/www.logaritmo.info\/sistemas\/sistemas-ecuaciones-logaritmicas-resueltos-explicados.html\"><img loading=\"lazy\" decoding=\"async\" class=\"aligncenter\" src=\"https:\/\/www.logaritmo.info\/F\/f5\/S2-5.png\" alt=\"Sistemas de ecuaciones logar\u00edtmicas resueltos\" width=\"62\" height=\"78\" \/><\/a><\/p>\n<p style=\"text-align: justify\">Por tanto, tenemos las soluciones <em>x=2<\/em> y <em>x=-2<\/em>. La negativa hay que descartarla porque har\u00eda que el argumento de un logaritmo sea negativo en el sistema inicial.<\/p>\n<p>Por tanto, <em>x=2<\/em> y, sustituyendo, <em>y=2<\/em>.<\/p>\n<p>As\u00ed que la \u00fanica soluci\u00f3n del sistema de ecuaciones logar\u00edtmicas es<\/p>\n<p><a href=\"https:\/\/www.logaritmo.info\/sistemas\/sistemas-ecuaciones-logaritmicas-resueltos-explicados.html\"><img loading=\"lazy\" decoding=\"async\" class=\"aligncenter\" src=\"https:\/\/www.logaritmo.info\/F\/f5\/S2-6.png\" alt=\"Sistemas de ecuaciones logar\u00edtmicas resueltos\" width=\"66\" height=\"41\" \/><\/a><\/p>\n<p>&nbsp;<\/p>\n<p>M\u00e1s ejemplos en <a href=\"https:\/\/www.logaritmo.info\/sistemas\/sistemas-ecuaciones-logaritmicas-resueltos-explicados.html\">sistemas de ecuaciones logar\u00edtmicas<\/a>.<\/p>\n<p>&nbsp;<\/p>\n<p><strong>Enlaces a problemas\/ejercicios resueltos de logaritmos:<\/strong><\/p>\n<ul>\n<li><a href=\"https:\/\/www.logaritmo.info\/concepto\/calcular-logaritmos-ejemplos-decimal-binario-natural-ejercicios-resueltos.html\">Concepto y c\u00e1lculo de logaritmos<\/a><\/li>\n<li><a href=\"https:\/\/www.logaritmo.info\/propiedades\/propiedades-producto-division-potencia-ejercicios-resueltos.html\">Propiedades de los logaritmos<\/a><\/li>\n<li><a href=\"https:\/\/www.logaritmo.info\/cambio\/formula-ejemplos-ejercicios-resueltos-cambio-base-decimal-natural.html\">Ejercicios de cambio de base del logaritmo<\/a><\/li>\n<li><a href=\"https:\/\/www.logaritmo.info\/ecuaciones\/resolucion-ecuaciones-logaritmicas-resueltas.html\">Ecuaciones logar\u00edtmicas resueltas<\/a><\/li>\n<li><a href=\"https:\/\/www.logaritmo.info\/sistemas\/sistemas-ecuaciones-logaritmicas-resueltos-explicados.html\">Sistemas de ecuaciones logar\u00edtmicas resueltos<\/a><\/li>\n<li><a href=\"https:\/\/www.matesfacil.com\/ESO\/logaritmos\/ejercicios-resueltos-sistemas-ecuaciones-logaritmicas.html\">Ecuaciones y sistemas de ecuaciones logar\u00edtmicas<\/a><\/li>\n<li><a href=\"https:\/\/www.logaritmo.info\/funcion\/funcion-logaritmo-dominio-imagen-derivada-integral.html\">La funci\u00f3n logaritmo<\/a><\/li>\n<\/ul>\n","protected":false},"excerpt":{"rendered":"<p>En esta p\u00e1gina resolvemos detalladamente dos sistemas de ecuaciones logar\u00edtmicas. 1. Introducci\u00f3n Recordad que una ecuaci\u00f3n logar\u00edtmica es una ecuaci\u00f3n en la que la o las inc\u00f3gnitas aparecen multiplicando\/dividiendo a logaritmos, en sus bases o en sus argumentos. Un sistema de ecuaciones logar\u00edtmicas es un conjunto de ecuaciones logar\u00edtmicas cuya soluci\u00f3n es soluci\u00f3n de todas &hellip; <\/p>\n<p class=\"link-more\"><a href=\"https:\/\/blogs.ua.es\/matesfacil\/logaritmos\/sistema-de-ecuaciones-logaritmicas\/\" class=\"more-link\">Continue reading<span class=\"screen-reader-text\"> &#8220;Sistema de ecuaciones logar\u00edtmicas&#8221;<\/span><\/a><\/p>\n","protected":false},"author":4324,"featured_media":0,"parent":675,"menu_order":0,"comment_status":"closed","ping_status":"closed","template":"","meta":{"footnotes":""},"class_list":["post-740","page","type-page","status-publish","hentry"],"_links":{"self":[{"href":"https:\/\/blogs.ua.es\/matesfacil\/wp-json\/wp\/v2\/pages\/740","targetHints":{"allow":["GET"]}}],"collection":[{"href":"https:\/\/blogs.ua.es\/matesfacil\/wp-json\/wp\/v2\/pages"}],"about":[{"href":"https:\/\/blogs.ua.es\/matesfacil\/wp-json\/wp\/v2\/types\/page"}],"author":[{"embeddable":true,"href":"https:\/\/blogs.ua.es\/matesfacil\/wp-json\/wp\/v2\/users\/4324"}],"replies":[{"embeddable":true,"href":"https:\/\/blogs.ua.es\/matesfacil\/wp-json\/wp\/v2\/comments?post=740"}],"version-history":[{"count":13,"href":"https:\/\/blogs.ua.es\/matesfacil\/wp-json\/wp\/v2\/pages\/740\/revisions"}],"predecessor-version":[{"id":1151,"href":"https:\/\/blogs.ua.es\/matesfacil\/wp-json\/wp\/v2\/pages\/740\/revisions\/1151"}],"up":[{"embeddable":true,"href":"https:\/\/blogs.ua.es\/matesfacil\/wp-json\/wp\/v2\/pages\/675"}],"wp:attachment":[{"href":"https:\/\/blogs.ua.es\/matesfacil\/wp-json\/wp\/v2\/media?parent=740"}],"curies":[{"name":"wp","href":"https:\/\/api.w.org\/{rel}","templated":true}]}}