{"id":53,"date":"2016-12-05T19:18:32","date_gmt":"2016-12-05T19:18:32","guid":{"rendered":"https:\/\/blogs.ua.es\/metodolo2\/?page_id=53"},"modified":"2016-12-11T12:00:31","modified_gmt":"2016-12-11T12:00:31","slug":"abc","status":"publish","type":"page","link":"https:\/\/blogs.ua.es\/metodolo2\/la-personalidad-del-periodico\/abc\/","title":{"rendered":"ABC"},"content":{"rendered":"<div id=\"attachment_108\" style=\"width: 201px\" class=\"wp-caption alignright\"><img loading=\"lazy\" decoding=\"async\" aria-describedby=\"caption-attachment-108\" class=\"wp-image-108\" src=\"https:\/\/blogs.ua.es\/metodolo2\/files\/2016\/12\/15327531_642666119241473_188333736_n-1.jpg\" alt=\"15327531_642666119241473_188333736_n\" width=\"191\" height=\"285\" srcset=\"https:\/\/blogs.ua.es\/metodolo2\/files\/2016\/12\/15327531_642666119241473_188333736_n-1.jpg 423w, https:\/\/blogs.ua.es\/metodolo2\/files\/2016\/12\/15327531_642666119241473_188333736_n-1-201x300.jpg 201w\" sizes=\"auto, (max-width: 191px) 100vw, 191px\" \/><p id=\"caption-attachment-108\" class=\"wp-caption-text\">Torcuato Luca de Tena, fundador del ABC.<\/p><\/div>\n<p style=\"text-align: justify\"><strong>Nombre del peri\u00f3dico<\/strong><\/p>\n<p style=\"text-align: justify\">El nombre del peri\u00f3dico es ABC, el cual se eligi\u00f3 pensando que se trata de las tres primeras letras que aparecen en el abecedario espa\u00f1ol. En el primer n\u00famero del peri\u00f3dico se dijo que ABC aspiraba modestamente a convertirse en el <em>abec\u00e9<\/em> (en el primero, mejor peri\u00f3dico) de lo que se considera que mejorado, ampliado y perfeccionado por otros pod\u00eda constituir la prensa diaria del provenir. En cuanto al nombre del peri\u00f3dico no suele ir acompa\u00f1ado de ning\u00fan subtitulo o indicaci\u00f3n especial, \u00fanicamente aparece en la cabecera bajo las letras de ABC la frase: <em>Fundado en 1903 por Don Torcuato Luca de Tena.\u00a0<\/em><\/p>\n<p><strong>Lugar de Residencia de la Administraci\u00f3n y la Redacci\u00f3n<\/strong><\/p>\n<p>El lugar de residencia de la administraci\u00f3n y de la redacci\u00f3n fue el edificio ABC de Serrano en el n\u00famero 61 de Madrid, antigua sede del peri\u00f3dico entre 1905 y 1989. En la actualidad se encuentra en la calle de <strong>Juan Ignacio Luca de Tena n\u00ba. 7<\/strong> de Madrid.<\/p>\n<p><strong>Periodicidad<\/strong><\/p>\n<p>Se trata de un peri\u00f3dico semanal matutino que sale de lunes a domingo.<\/p>\n<p style=\"text-align: justify\"><strong>Zona principal de difusi\u00f3n<\/strong><\/p>\n<p style=\"text-align: justify\">Su principal zona de difusi\u00f3n es Madrid, desde sus or\u00edgenes hasta el a\u00f1o 1912 cuando empez\u00f3 a distribuirse de forma habitual por toda Espa\u00f1a, de manera que en la actualidad abarca, gracias a las ediciones provinciales, todo el territorio nacional.<\/p>\n<p style=\"text-align: justify\"><strong>Tiraje<\/strong><\/p>\n<p style=\"text-align: justify\">El tiraje de ABC era de una difusi\u00f3n media diaria de 262.874 ejemplares en 2002 y de unos 314.271 ejemplares en el 2011. Actualmente el promedio de tirada seg\u00fan la OJD (Oficina de Justificaci\u00f3n de la Difusi\u00f3n) es de unos 168.000 ejemplares.<\/p>\n<p style=\"text-align: justify\"><strong>Fecha del primer y \u00faltimo n\u00famero<\/strong><\/p>\n<p style=\"text-align: justify\">El primer n\u00famero de la edici\u00f3n semanal\u00a0de ABC\u00a0fue publicado el 1 de enero de 1903 con el subtitulo &#8220;Cr\u00f3nica Universal Ilustrada&#8221;, aunque el 10 de mayo de 1891 apareci\u00f3 el primer n\u00famero de la revista ilustrada &#8220;Blanco y Negro&#8221;. Su edici\u00f3n diaria empez\u00f3 a publicarse el 1 de junio de 1905, y en 1912 las ediciones provinciales. Actualmente se continua publicando diariamente.<\/p>\n<p style=\"text-align: justify\"><strong>Precio<\/strong><\/p>\n<p style=\"text-align: justify\">El precio actual es de 1\u201950 euros de lunes a viernes, 2 euros la edici\u00f3n de los s\u00e1bados y 2\u201980 euros la de los domingos. El precio ha ido variando a lo largo del tiempo, el primer n\u00famero se vendi\u00f3 por unos 10 c\u00e9ntimos, llegando a rebajarse hasta unos 5 c\u00e9ntimos de las antiguas pesetas.<\/p>\n<p style=\"text-align: justify\"><strong>Caracter\u00edsticas excepcionales de la vida del peri\u00f3dico<\/strong><\/p>\n<p style=\"text-align: justify\">Durante la Guerra Civil ces\u00f3 la publicaci\u00f3n de ABC Madrid en su n\u00ba. 10.344, debido a que fue incautado por la Rep\u00fablica , reapareciendo en 1939 con el n\u00famero 10.345.<\/p>\n<p style=\"text-align: justify\"><strong>Formato<\/strong><\/p>\n<p style=\"text-align: justify\">En cuanto al formato del peri\u00f3dico, se trata de un formato folio o <em>arrevistado<\/em> de 215&#215;315 mm. y grapado. Este formato se lleva utilizando desde 1999 cuando se aument\u00f3 el tama\u00f1o tres cent\u00edmetros de alto y dos de ancho, lo que permiti\u00f3 aumentar la mancha impresa un 20% respecto al espacio anterior. El dise\u00f1o est\u00e1 concebido para facilitar la integraci\u00f3n del texto y la imagen. Adem\u00e1s, las p\u00e1ginas informativas salpicadas de fotograf\u00edas e infograf\u00edas es otro de los cambios, que coinciden, a su vez, con la puesta en servicio de nuevas rotativas para buscar una mejora de la calidad de impresi\u00f3n.<\/p>\n<p style=\"text-align: justify\"><strong>N\u00famero de p\u00e1ginas y n\u00famero de columnas por p\u00e1gina<\/strong><\/p>\n<p style=\"text-align: justify\">El n\u00famero de p\u00e1ginas suele variar entre 80 y 100, dependiendo de la edici\u00f3n y el n\u00famero de columnas por p\u00e1gina es variable, pero habitualmente suele contar con 3 o 5 columnas.<\/p>\n<p style=\"text-align: justify\"><strong>N\u00famero de ediciones y zona cubierta \u00a0por cada edici\u00f3n<\/strong><\/p>\n<p style=\"text-align: justify\">El n\u00famero de ediciones y las zonas que cubren son Madrid, Arag\u00f3n, Castilla la Mancha, Catalu\u00f1a, Pa\u00eds Vasco, Galicia, Sevilla, Canarias, Castilla y Le\u00f3n, Comunidad Valenciana, Navarra y Toledo.<\/p>\n<p style=\"text-align: justify\"><strong>Lugar de conservaci\u00f3n de las colecciones<\/strong><\/p>\n<p style=\"text-align: justify\">Las ediciones del peri\u00f3dico se encuentran digitalizadas en la Hemeroteca digital desde el a\u00f1o 2009, donde puede consultarse la edici\u00f3n de Madrid desde 1903, Sevilla desde 1929, C\u00f3rdoba desde 2002, junto con la edici\u00f3n cultural de Madrid desde 1991, la edici\u00f3n <em>Blanco y Negro<\/em> de Madrid desde el 1891 hasta el 2000, el dominical D7 de 2006 a 2010, y la edici\u00f3n deportiva de Sevilla de los a\u00f1os 2001 y 2013. Adem\u00e1s, el peri\u00f3dico cuenta con un archivo propio dirigido por Federico Ayala.<\/p>\n<p><strong>Estructura jur\u00eddica y financiera<\/strong><\/p>\n<div id=\"attachment_106\" style=\"width: 373px\" class=\"wp-caption alignleft\"><img loading=\"lazy\" decoding=\"async\" aria-describedby=\"caption-attachment-106\" class=\"wp-image-106\" src=\"https:\/\/blogs.ua.es\/metodolo2\/files\/2016\/12\/15387536_642678212573597_968025659_o-1024x576.jpg\" alt=\"15387536_642678212573597_968025659_o\" width=\"363\" height=\"204\" srcset=\"https:\/\/blogs.ua.es\/metodolo2\/files\/2016\/12\/15387536_642678212573597_968025659_o-1024x576.jpg 1024w, https:\/\/blogs.ua.es\/metodolo2\/files\/2016\/12\/15387536_642678212573597_968025659_o-300x169.jpg 300w, https:\/\/blogs.ua.es\/metodolo2\/files\/2016\/12\/15387536_642678212573597_968025659_o-768x432.jpg 768w, https:\/\/blogs.ua.es\/metodolo2\/files\/2016\/12\/15387536_642678212573597_968025659_o.jpg 1600w\" sizes=\"auto, (max-width: 363px) 100vw, 363px\" \/><p id=\"caption-attachment-106\" class=\"wp-caption-text\">Oficinas de Vocento en la Calle de Juan Ignacio Luca de Tena n\u00ba 7 de Madrid.<\/p><\/div>\n<p style=\"text-align: justify\">Originalmente la empresa que editaba el diario era <strong>Prensa Espa\u00f1ola<\/strong> pero en septiembre de 2001 se uni\u00f3 al Grupo Correo, conformando el actual Diario ABC S.L. del grupo <strong>Vocento.<\/strong> A su vez tiene diversos peri\u00f3dicos regionales, como El Correo, El Norte de Castilla o Las Provincias, y cadenas de radio como son la COPE, Cadena 100 o Radio Mar\u00eda Espa\u00f1a. Desde el a\u00f1o 2010 Bieito Rubido ocupa el cargo de director del peri\u00f3dico.<\/p>\n<p style=\"text-align: justify\"><strong>Condiciones de impresi\u00f3n<\/strong><\/p>\n<p style=\"text-align: justify\">La planta de impresi\u00f3n del ABC en Madrid se ubica en la calle Juan Ignacio Luca de Tena, n\u00ba.7. Desde 2008, ABC\u00a0afronta la renovaci\u00f3n tecnol\u00f3gica de su planta de impresi\u00f3n en Madrid y contempla para ello la inversi\u00f3n en nuevas rotativas que le permitir\u00e1n imprimir a todo color. El proyecto de modernizaci\u00f3n tecnol\u00f3gica, contempla igualmente la realizaci\u00f3n de las modificaciones t\u00e9cnicas necesarias para la impresi\u00f3n a todo color en las restantes plantas de impresi\u00f3n que utiliza el diario fuera de Madrid.<\/p>\n<p style=\"text-align: justify\"><strong>Condiciones de distribuci\u00f3n<\/strong><\/p>\n<p style=\"text-align: justify\">El ABC llega a sus lectores tanto a trav\u00e9s de la venta directa en kioscos y otros establecimientos as\u00ed como mediante la suscripci\u00f3n para la edici\u00f3n digital, siendo Maite Corral la encargada de la distribuci\u00f3n del mismo.<\/p>\n<p style=\"text-align: justify\"><strong>Organizaci\u00f3n de la redacci\u00f3n<\/strong><\/p>\n<p style=\"text-align: justify\">En 2015 el director de ABC decidi\u00f3\u00a0acometer una importante reestructuraci\u00f3n en la redacci\u00f3n con el fin de culminar el tr\u00e1nsito hacia el modo de organizaci\u00f3n y cobertura informativa que requieren y posibilitan las nuevas tecnolog\u00edas. Todos los redactores trabajan ya indistintamente para el peri\u00f3dico tradicional y el digital, a trav\u00e9s de las \u00e1reas especializadas en que se divide la redacci\u00f3n (econom\u00eda, sociedad, deportes, cultura, dise\u00f1o e infograf\u00eda o suplementos entre otras), y el reto que se propone el grupo actualmente es lograr una plena planificaci\u00f3n global y complementaria de formatos.<\/p>\n<p style=\"text-align: justify\">En el organigrama de la redacci\u00f3n destaca los subdirectores, Montserrat Lluis, Yolanda G\u00f3mez y Adolfo Garrido, el redactor-jefe en Espa\u00f1a, Juan Fern\u00e1ndez-Miranda, el redactor-jefe del \u00e1rea de econom\u00eda, Fernando P\u00e9rez, el director del M\u00e1ster ABC, Manuel Mar\u00edn, el corresponsal de Washington, Manuel Erice o Mayte Alcaraz, adjunta al director, entre otros.<\/p>\n<p style=\"text-align: justify\"><strong>L\u00ednea y acci\u00f3n pol\u00edtica<\/strong><\/p>\n<p style=\"text-align: justify\">El peri\u00f3dico ABC es de l\u00ednea conservadora, mon\u00e1rquica y cat\u00f3lica, siendo uno de los peri\u00f3dicos m\u00e1s le\u00eddos durante el r\u00e9gimen franquista.<\/p>\n<div id=\"attachment_138\" style=\"width: 205px\" class=\"wp-caption alignright\"><img loading=\"lazy\" decoding=\"async\" aria-describedby=\"caption-attachment-138\" class=\"wp-image-138\" src=\"https:\/\/blogs.ua.es\/metodolo2\/files\/2016\/12\/portadas04_xoptimizadax-kQVE-U201224127506xaC-620x845@abc.jpg\" alt=\"portadas04_xoptimizadax-kqve-u201224127506xac-620x845abc\" width=\"195\" height=\"266\" srcset=\"https:\/\/blogs.ua.es\/metodolo2\/files\/2016\/12\/portadas04_xoptimizadax-kQVE-U201224127506xaC-620x845@abc.jpg 620w, https:\/\/blogs.ua.es\/metodolo2\/files\/2016\/12\/portadas04_xoptimizadax-kQVE-U201224127506xaC-620x845@abc-220x300.jpg 220w\" sizes=\"auto, (max-width: 195px) 100vw, 195px\" \/><p id=\"caption-attachment-138\" class=\"wp-caption-text\">N\u00famero 177 de ABC Cultural de marzo de 1995, cuya portada est\u00e1 dedicada a Ernst J\u00fcnger.<\/p><\/div>\n<p><strong>ABC en la actualidad\u00a0<\/strong><\/p>\n<p style=\"text-align: justify\">Actualmente ABC ofrece una suscripci\u00f3n anual a trav\u00e9s de la plataforma digital <em>Kiosko &amp; M\u00e1s<\/em>, al igual que otros peri\u00f3dicos, por 6,99e\/mes. Adem\u00e1s, el peri\u00f3dico cuenta con revistas y suplementos que se distribuyen semanalmente como\u00a0<em>XL Semanal, Coraz\u00f3n TVE, Mujer Hoy, ABC Cultural, ABC Empresa, Alfa y Omega, ABC Salud, ABC Viajar, ABC Motor, ABC Natural o ABC N\u00e1utica.<\/em><\/p>\n<p>&nbsp;<\/p>\n","protected":false},"excerpt":{"rendered":"<p>Nombre del peri\u00f3dico El nombre del peri\u00f3dico es ABC, el cual se eligi\u00f3 pensando que se trata de las tres primeras letras que aparecen en el abecedario espa\u00f1ol. En el primer n\u00famero del peri\u00f3dico se dijo que ABC aspiraba modestamente &hellip; <a href=\"https:\/\/blogs.ua.es\/metodolo2\/la-personalidad-del-periodico\/abc\/\">Continue reading <span class=\"meta-nav\">&rarr;<\/span><\/a><\/p>\n","protected":false},"author":3296,"featured_media":0,"parent":29,"menu_order":0,"comment_status":"closed","ping_status":"closed","template":"","meta":{"footnotes":""},"class_list":["post-53","page","type-page","status-publish","hentry"],"_links":{"self":[{"href":"https:\/\/blogs.ua.es\/metodolo2\/wp-json\/wp\/v2\/pages\/53","targetHints":{"allow":["GET"]}}],"collection":[{"href":"https:\/\/blogs.ua.es\/metodolo2\/wp-json\/wp\/v2\/pages"}],"about":[{"href":"https:\/\/blogs.ua.es\/metodolo2\/wp-json\/wp\/v2\/types\/page"}],"author":[{"embeddable":true,"href":"https:\/\/blogs.ua.es\/metodolo2\/wp-json\/wp\/v2\/users\/3296"}],"replies":[{"embeddable":true,"href":"https:\/\/blogs.ua.es\/metodolo2\/wp-json\/wp\/v2\/comments?post=53"}],"version-history":[{"count":13,"href":"https:\/\/blogs.ua.es\/metodolo2\/wp-json\/wp\/v2\/pages\/53\/revisions"}],"predecessor-version":[{"id":166,"href":"https:\/\/blogs.ua.es\/metodolo2\/wp-json\/wp\/v2\/pages\/53\/revisions\/166"}],"up":[{"embeddable":true,"href":"https:\/\/blogs.ua.es\/metodolo2\/wp-json\/wp\/v2\/pages\/29"}],"wp:attachment":[{"href":"https:\/\/blogs.ua.es\/metodolo2\/wp-json\/wp\/v2\/media?parent=53"}],"curies":[{"name":"wp","href":"https:\/\/api.w.org\/{rel}","templated":true}]}}