{"id":19,"date":"2015-11-25T15:23:00","date_gmt":"2015-11-25T15:23:00","guid":{"rendered":"https:\/\/blogs.ua.es\/metodologia2\/?page_id=19"},"modified":"2015-12-02T20:30:44","modified_gmt":"2015-12-02T20:30:44","slug":"valorizacion","status":"publish","type":"page","link":"https:\/\/blogs.ua.es\/metodologia2\/valorizacion\/","title":{"rendered":"Valorizaci\u00f3n"},"content":{"rendered":"<p style=\"text-align: center\"><em><strong>Portada\u00a0del 1\u00ba Mi\u00e9rcoles de Enero de 1890<\/strong><\/em><\/p>\n<p style=\"text-align: center\">El t\u00edtulo se ubica en la parte superior de la p\u00e1gina y posee las letras m\u00e1s grandes, aunque comparado con portadas posteriores en el tiempo el t\u00edtulo no es tan llamativo. Como ejemplo, puede verse que los t\u00edtulos y el espacio que ocupan los anuncios de la portada son casi tan grandes. Y en lo que respecta a los textos informativos, sus t\u00edtulos son bastante m\u00e1s peque\u00f1os que los de los anuncios, lo que nos lleva a pensar que la importancia de la publicidad en este peri\u00f3dico fue muy relevante en sus comienzos.<\/p>\n<p style=\"text-align: center\">En cuanto a la ubicaci\u00f3n, es normal que el t\u00edtulo se sit\u00fae arriba y ocupando el centro ya que es el lugar m\u00e1s llamativo para atraer la atenci\u00f3n del lector. En la parte que toca a los anuncios, otra muestra que denota su importancia es que est\u00e1n en arriba, en la parte izquierda, donde el lector fija su atenci\u00f3n en primer lugar. Si se hallan all\u00ed no es por casualidad sino porque se pretende que sea ese el primer elemento a observar en la portada, destacando la importancia de la superficie publicitaria.<\/p>\n<p style=\"text-align: center\">Por otra parte, los textos se exponen a 4 columnas con unos t\u00edtulos menos llamativos de los anuncios. En esta portada hay 3 textos y en todos ellos puede verse un componente de opini\u00f3n personal.<\/p>\n<p style=\"text-align: center\">El primero cuenta con algo de opini\u00f3n personal porque seg\u00fan el autor los medios que utilizan los candidatos ingleses all\u00ed son vistos como algo normal debido al buen prestigio de Inglaterra, y aqu\u00ed se considerar\u00edan vulgares debido a la naturaleza de nuestro pa\u00eds. El autor llega a tildar Espa\u00f1a como un pa\u00eds de \u201ccasquivanos\u201d.<\/p>\n<p style=\"text-align: center\">En el segundo texto de nuevo hay opini\u00f3n personal ya que considera la anterior administraci\u00f3n como desastrosa e indolente. Por otro lado en el texto se opina que la nueva administraci\u00f3n no ser\u00e1 mucho mejor. El peri\u00f3dico justifica su cr\u00edtica al anterior y al nuevo aludiendo al deber moral y al intento de ser objetivo, llega incluso a ponerse en contra de la censura y a favor del gobierno si es justo.<\/p>\n<p style=\"text-align: center\">El tercero relata un conflicto entre Portugal e Inglaterra al igual que algunos problemas con los nacionalistas y republicanos portugueses. La opini\u00f3n personal del escritor se percibe cuando alude a un posible peligro de los nacionalistas de Cuba compar\u00e1ndolos con los portugueses. El autor cree que el caso de Espa\u00f1a no es tan preocupante como el de Portugal especulando con la diferencia contextual de los dos conflictos.<\/p>\n<p style=\"text-align: center\">Para concluir puede decirse que la importancia del espacio publicitario es bastante considerable en esta portada. El t\u00edtulo, aunque llamativo, no lo es tanto como en ediciones posteriores y un elemento remarcable es la total ausencia de ilustraciones, algo normal si consideramos que son los comienzos del peri\u00f3dico los elementos t\u00e9cnicos a su disposici\u00f3n como las fotograf\u00edas no eran tan comunes en 1890.<\/p>\n<p style=\"text-align: center\"><strong>Portada del 2 de abril de 1939<\/strong><\/p>\n<p style=\"text-align: center\">La portada del peri\u00f3dico presenta una \u00fanica noticia principal donde destaca el t\u00edtulo que est\u00e1 en negrita con letras may\u00fasculas y de manera clara para que el lector observe de forma clara la informaci\u00f3n principal que quiere mostrar el peri\u00f3dico. El t\u00edtulo se ubica en la parte posterior y de en la zona central que junto al gran tama\u00f1o de las letras dan lugar a una mayor atenci\u00f3n por parte del lector, y un mayor conocimiento de aquello que quiere transmitir el peri\u00f3dico.<\/p>\n<p style=\"text-align: center\">En la parte inferior de la portada se encuentra el resto de textos que tienen relaci\u00f3n directa con el t\u00edtulo de la portada, estos textos son en su mayor\u00eda informativos con un car\u00e1cter pol\u00edtico o econom\u00eda de la vida diaria, y poseen un t\u00edtulo de menor tama\u00f1o reflejando una menor relevancia con respecto al t\u00edtulo. Esta parte contiene hasta 8 textos, y en todos hay elementos valorativos o subjetivos sobre la figura de una persona<\/p>\n<p style=\"text-align: center\">Este texto no contiene publicidad, este elemento puede ser debido a la relevancia de la noticia del peri\u00f3dico, siendo uno de los acontecimientos m\u00e1s influyentes en la historia de Espa\u00f1a, y para ello requiere de una mayor cantidad de informaci\u00f3n.<\/p>\n<p style=\"text-align: center\"><em><strong>Portada 30 de diciembre de 1993<\/strong><\/em><\/p>\n<p style=\"text-align: center\">Debido al gran tama\u00f1o de sus titulares, hay 3 noticias que acaparan con mucha diferencia la mayor parte de la atenci\u00f3n de la portada, de entre las cuales destaca sin duda la primera, ya que por si sola cuenta con m\u00e1s tama\u00f1o y con m\u00e1s anchura que la segunda y la tercera noticia juntas, adem\u00e1s de contar con el titular m\u00e1s grande y notable a primera vista y con la imagen de mayor tama\u00f1o.<br \/>\nVemos que la segunda y la tercera noticia se diferencian por el espacio reservado a sus columnas, muy superior para la tercera, ya que mientras que la segunda cuenta tan solo con 8 l\u00edneas entre las dos, la tercera cuenta con 28 si bien, eso s\u00ed, algo m\u00e1s reducidas horizontalmente que las de la segunda ya que vienen acompa\u00f1adas por otra imagen.<\/p>\n<p style=\"text-align: center\">Aparte de esas 3 noticias m\u00e1s destacadas hay una m\u00e1s que est\u00e1 ubicada encima de la cabecera y viene resumida en una sola frase ilustrativa acompa\u00f1ada por el n\u00famero de p\u00e1gina en el que se ampl\u00eda la informaci\u00f3n concerniente.<\/p>\n<p style=\"text-align: center\">Las im\u00e1genes que aparecen son dos, en primer lugar una fotograf\u00eda hecha aparentemente desde fuera de la ventanilla de un coche en la que aparece sentado el personaje del cual trata la noticia, mientras que la segunda imagen es un recuadro estad\u00edstico que aporta datos de tipo econ\u00f3mico sobre los cuales trata la tercera noticia, sirviendo de ampliaci\u00f3n de la informaci\u00f3n que proporciona la noticia en si misma.<\/p>\n<p style=\"text-align: center\">El \u00edndice divide el peri\u00f3dico en hasta 9 secciones diferentes contando el sumario. Estas 9 secciones son sumario, internacional, pol\u00edtica, opini\u00f3n, sociedad y ciudades, deportes, cultura y espect\u00e1culos, anuncios clasificados y econom\u00eda.<\/p>\n<p style=\"text-align: center\">No hay en principio ning\u00fan espacio empleado exclusivamente como apartado para la publicidad, si bien la parte central del \u00edndice anuncia una revista y el tema principal del que tratar\u00e1, aunque no se especifica si el contenido de esa revista viene incluido en el peri\u00f3dico o no, y se anuncia tambi\u00e9n una cadena de radio en concreto afirmando que era la cadena l\u00edder durante esos momentos. Este es el \u00fanico ejemplo que se podr\u00eda considerar publicidad en esta portada.<\/p>\n<p style=\"text-align: center\"><em><strong>Portada 12 de Septiembre de 2001<\/strong><\/em><\/p>\n<p style=\"text-align: center\">La portada del peri\u00f3dico presenta una \u00fanica noticia principal, la cual abarca toda la portada y el resto de art\u00edculos que est\u00e1n relacionados con ella directamente, la noticia cuenta con un gran tama\u00f1o y una gran anchura y abarca m\u00e1s del 90%, el t\u00edtulo pues\u00a0est\u00e1 en\u00a0letra negrita y aparece de manera clara, para que el lector pueda entender de una manera clara y expl\u00edcita la informaci\u00f3n que trata de transmitir el peri\u00f3dico. En cuanto a la imagen, se encuentra en la zona central de la portada y presenta un gran tama\u00f1o para captar al lector del suceso acontecido.\u00a0El resto de titulares los encontramos en ambas columnas y tienen relaci\u00f3n directa con la noticia principal y presentan una imagen de menor tama\u00f1o en la columna de la izquierda.<\/p>\n<p style=\"text-align: center\">Encontramos encima de la cabecera otra noticia cuyo t\u00edtulo es &#8220;El P\u00e1nico se apodera de la econom\u00eda mundial&#8221; y que ocupa muy poco en la portada y aunque tenga que ver con econom\u00eda, va estrictamente ligada a la noticia principal y destaca la ausencia de publicidad ya que de la noticia de la\u00a0que se hace eco es una noticia de gran envergadura y no hay cabida para anuncios en la portada.<\/p>\n","protected":false},"excerpt":{"rendered":"<p>Portada\u00a0del 1\u00ba Mi\u00e9rcoles de Enero de 1890 El t\u00edtulo se ubica en la parte superior de la p\u00e1gina y posee las letras m\u00e1s grandes, aunque comparado con portadas posteriores en el tiempo el t\u00edtulo no es tan llamativo. Como ejemplo, puede verse que los t\u00edtulos y el espacio que ocupan los anuncios de la portada &hellip; <a href=\"https:\/\/blogs.ua.es\/metodologia2\/valorizacion\/\" class=\"more-link\">Continue reading <span class=\"screen-reader-text\">Valorizaci\u00f3n<\/span> <span class=\"meta-nav\">&rarr;<\/span><\/a><\/p>\n","protected":false},"author":2881,"featured_media":0,"parent":0,"menu_order":5,"comment_status":"closed","ping_status":"closed","template":"","meta":{"footnotes":""},"class_list":["post-19","page","type-page","status-publish","hentry"],"_links":{"self":[{"href":"https:\/\/blogs.ua.es\/metodologia2\/wp-json\/wp\/v2\/pages\/19","targetHints":{"allow":["GET"]}}],"collection":[{"href":"https:\/\/blogs.ua.es\/metodologia2\/wp-json\/wp\/v2\/pages"}],"about":[{"href":"https:\/\/blogs.ua.es\/metodologia2\/wp-json\/wp\/v2\/types\/page"}],"author":[{"embeddable":true,"href":"https:\/\/blogs.ua.es\/metodologia2\/wp-json\/wp\/v2\/users\/2881"}],"replies":[{"embeddable":true,"href":"https:\/\/blogs.ua.es\/metodologia2\/wp-json\/wp\/v2\/comments?post=19"}],"version-history":[{"count":7,"href":"https:\/\/blogs.ua.es\/metodologia2\/wp-json\/wp\/v2\/pages\/19\/revisions"}],"predecessor-version":[{"id":140,"href":"https:\/\/blogs.ua.es\/metodologia2\/wp-json\/wp\/v2\/pages\/19\/revisions\/140"}],"wp:attachment":[{"href":"https:\/\/blogs.ua.es\/metodologia2\/wp-json\/wp\/v2\/media?parent=19"}],"curies":[{"name":"wp","href":"https:\/\/api.w.org\/{rel}","templated":true}]}}