{"id":67,"date":"2015-12-18T20:33:40","date_gmt":"2015-12-18T20:33:40","guid":{"rendered":"https:\/\/blogs.ua.es\/metodologiamoderna\/?page_id=67"},"modified":"2015-12-22T12:36:37","modified_gmt":"2015-12-22T12:36:37","slug":"2-2-documentales-y-peliculas","status":"publish","type":"page","link":"https:\/\/blogs.ua.es\/metodologiamoderna\/sitios-recomendados\/2-2-documentales-y-peliculas\/","title":{"rendered":"2.2.- Documentales y pel\u00edculas"},"content":{"rendered":"<p style=\"text-align: justify\"><span style=\"text-decoration: underline\"><strong>Documentales.<\/strong><\/span><\/p>\n<p style=\"text-align: justify\">Podr\u00e1s encontrar una gran serie de documentales en la p\u00e1gina\u00a0&#8220;<a href=\"https:\/\/blogs.ua.es\/documentalesedadmoderna\/\">Documentales edad moderna<\/a>&#8220;.<\/p>\n<p style=\"text-align: justify\"><span style=\"text-decoration: underline\"><strong>Pel\u00edculas .<\/strong><\/span><\/p>\n<p style=\"text-align: justify\"><strong><em>Cyrano de Bergerac\u00a0<\/em><\/strong><\/p>\n<p style=\"text-align: justify\"><a href=\"https:\/\/www.youtube.com\/watch?v=ab6eaj4fdMA\">https:\/\/www.youtube.com\/watch?v=ab6eaj4fdMA<\/a><\/p>\n<p style=\"text-align: justify\">Cyrano es un brillante poeta y un h\u00e1bil espadach\u00edn que expresa su amor por la bella Roxane a trav\u00e9s de Christian, el apuesto soldado a quien ella ama. Cyrano es jactancioso y fanfarr\u00f3n, de genio vivo pero a la vez ingenioso e ir\u00f3nico, noble y orgulloso. Pero esconde una herida secreta que le atormenta: su agudo sentido del rid\u00edculo, su fealdad y su susceptibilidad le han impedido ser amado por Roxane. Sin embargo, ya que su amada ama a otro, \u00e9l ayudar\u00e1 a su rival escribiendo en su nombre apasionadas cartas de amor. (<a href=\"http:\/\/www.filmaffinity.com\/es\/film729958.html\">FILMAFFINITY<\/a>)<\/p>\n<p style=\"text-align: justify\"><strong><em>La misi\u00f3n<\/em><\/strong><\/p>\n<p style=\"text-align: justify\"><a href=\"https:\/\/www.youtube.com\/watch?v=ghyLx-KmQ4M\">https:\/\/www.youtube.com\/watch?v=ghyLx-KmQ4M<\/a><\/p>\n<p style=\"text-align: justify\">Hispanoam\u00e9rica, siglo XVIII. En plena jungla tropical junto a las cataratas de Iguaz\u00fa un misionero jesuita, el padre Gabriel (Jeremy Irons), sigue el ejemplo de un jesuita crucificado, sin m\u00e1s armas que su fe y una flauta. Al ser aceptado por los indios guaran\u00edes, Gabriel crea la misi\u00f3n de San Carlos. Entre sus seguidores est\u00e1 Rodrigo Mendoza (Robert De Niro), ex-traficante de esclavos, mercenario y asesino, que buscando el perd\u00f3n se hace jesuita y encuentra la redenci\u00f3n entre sus antiguas v\u00edctimas. Despu\u00e9s de luchar juntos durante a\u00f1os, se enfrentan a causa de la independencia de los nativos: Gabriel conf\u00eda en el poder de la oraci\u00f3n; Rodrigo, en la fuerza de la espada. (<a href=\"http:\/\/www.filmaffinity.com\/es\/film791884.html\">FILMAFFINITY<\/a>)<\/p>\n<p style=\"text-align: justify\"><strong><em>Amadeus<\/em><\/strong><\/p>\n<p style=\"text-align: justify\"><a href=\"https:\/\/www.youtube.com\/watch?v=fWkNYVbacnM\">https:\/\/www.youtube.com\/watch?v=fWkNYVbacnM<\/a><\/p>\n<p style=\"text-align: justify\">Antonio Salieri es el m\u00fasico m\u00e1s destacado de la corte del Emperador Jos\u00e9 II de Austria. Entregado completamente a la m\u00fasica, le promete a Dios humildad y castidad si, a cambio, conserva sus extraordinarias dotes musicales. Pero, despu\u00e9s de la llegada a la corte de un joven llamado Wolfang Amadeus Mozart, Salieri queda relegado a un segundo plano. Enfurecido por la p\u00e9rdida de protagonismo, har\u00e1 todo lo posible para arruinar la carrera del m\u00fasico de Salzburgo. Mientras tanto, Mozart, ajeno a las maquinaciones de Salieri, sorprende a todos con su genialidad como m\u00fasico, pero tambi\u00e9n con sus excentricidades. (<a href=\"http:\/\/www.filmaffinity.com\/es\/film491709.html\">FILMAFFINITY<\/a>)<\/p>\n<p style=\"text-align: justify\"><strong><em>Las amistades peligrosas<\/em><\/strong><\/p>\n<p style=\"text-align: justify\"><a href=\"https:\/\/www.youtube.com\/watch?v=0qMFBCddh5E\">https:\/\/www.youtube.com\/watch?v=0qMFBCddh5E<\/a><\/p>\n<p style=\"text-align: justify\">Francia, siglo XVIII. La perversa y fascinante Marquesa de Merteuil (Glenn Close) planea vengarse de su \u00faltimo amante con la ayuda de su viejo amigo el Vizconde de Valmont (John Malkovich), un seductor tan amoral y depravado como ella. Una virtuosa mujer casada, Madame de Tourvel (Michelle Pfeiffer), de la que Valmont se enamora, se ver\u00e1 involucrada en las insidiosas maquinaciones de la marquesa. (<a href=\"http:\/\/www.filmaffinity.com\/es\/film965705.html\">FILMAFFINITY<\/a>)<\/p>\n<p style=\"text-align: justify\"><strong><em>Mot\u00edn a bordo<\/em><\/strong><\/p>\n<p style=\"text-align: justify\"><a href=\"https:\/\/www.youtube.com\/watch?v=bjFu0naQ-AU\">https:\/\/www.youtube.com\/watch?v=bjFu0naQ-AU<\/a><\/p>\n<p style=\"text-align: justify\">En 1787, la Bounty, una fragata de la armada brit\u00e1nica se hizo a la mar. El objetivo de su capit\u00e1n, el Coronel William Bligh (Hopkins), era circunnavegar la Tierra siguiendo la ruta del Cabo de Hornos. Despu\u00e9s de un largu\u00edsimo viaje (3.500 millas marinas), lleno de penalidades y peligros, el severo capit\u00e1n accedi\u00f3 a que la tripulaci\u00f3n descansara en una remota y paradis\u00edaca isla, aunque quiz\u00e1 durante demasiado tiempo; porque, cuando orden\u00f3 reanudar el viaje, la indisciplina de la mariner\u00eda era ya incontrolable. En esas circunstancias el segundo de a bordo (Mel Gibson) decidi\u00f3 encabezar un mot\u00edn contando con el apoyo de la mayor parte de la tripulaci\u00f3n. Basada en hechos hist\u00f3ricos (<a href=\"http:\/\/www.filmaffinity.com\/es\/film250084.html\">FILMAFFINITY<\/a>)<\/p>\n<p style=\"text-align: justify\"><strong><em>Esquilache<\/em><\/strong><\/p>\n<p style=\"text-align: justify\">Madrid, Domingo de Ramos de 1766. Cuando el Marqu\u00e9s de Esquilache (Fern\u00e1n-G\u00f3mez) llega a su residencia, la Casa de las Siete Chimeneas, todav\u00eda se oyen por las calles los gritos de \u00a1Muera Esquilache! Tras comprobar horrorizado los efectos del saqueo a que ha sido sometida su casa, el ministro italiano de Carlos III (1759-1788), acompa\u00f1ado de Fernanda (\u00c1ngela Molina) se dirige al Palacio Real al tiempo que evoca sus entrevistas con el rey (Adolfo Marsillach), los enfrentamientos con los nobles espa\u00f1oles, la corrupci\u00f3n de su esposa (Concha Velasco) y, sobre todo, su relaci\u00f3n sentimental con Fernanda. (<a href=\"http:\/\/www.filmaffinity.com\/es\/film991284.html\">FILMAFFINITY<\/a>)<\/p>\n<p style=\"text-align: justify\"><strong>La locura del rey Jorge<\/strong><\/p>\n<p><iframe loading=\"lazy\" title=\"La Locura del Rey Jorge Trailer Oficial\" width=\"640\" height=\"480\" src=\"https:\/\/www.youtube.com\/embed\/SeJI9SZ7iO4?feature=oembed\" frameborder=\"0\" allow=\"accelerometer; autoplay; clipboard-write; encrypted-media; gyroscope; picture-in-picture; web-share\" referrerpolicy=\"strict-origin-when-cross-origin\" allowfullscreen><\/iframe><\/p>\n<p style=\"text-align: justify\">Reinado de Jorge III de Hannover (1760-1820). El rey de Inglaterra, sufre inesperadamente una fuerte depresi\u00f3n que degenera en una especie de locura que lo aparta de la Corte. Mientras tanto, el Pr\u00edncipe de Gales (el futuro Jorge IV) y algunos sectores de la clase pol\u00edtica planean diversas acciones para incapacitarlo y arrebatarle el trono. (<a href=\"http:\/\/m.filmaffinity.com\/es\/movie.php?id=564013\">FILMAFFINITY<\/a>)<\/p>\n<p style=\"text-align: justify\"><strong><em>El patriota<\/em><\/strong><\/p>\n<p><iframe loading=\"lazy\" title=\"El Patriota # Trailer Espa\u00f1ol\" width=\"640\" height=\"360\" src=\"https:\/\/www.youtube.com\/embed\/C-pY9wxSvqw?feature=oembed\" frameborder=\"0\" allow=\"accelerometer; autoplay; clipboard-write; encrypted-media; gyroscope; picture-in-picture; web-share\" referrerpolicy=\"strict-origin-when-cross-origin\" allowfullscreen><\/iframe><\/p>\n<p style=\"text-align: justify\">A\u00f1o 1776, guerra de Independencia entre los colonos de Nueva Inglaterra y las tropas de Jorge III (1760-1820). En Carolina del Sur, el viudo Benjamin Martin (Mel Gibson), heroico soldado en Francia y en la India, renuncia a combatir para cuidar de sus siete hijos. Pero la pac\u00edfica vida de la familia Martin se ve alterada cuando Gabriel (Heath Ledger), el hijo mayor, se alista en el ej\u00e9rcito; mientras tanto su padre se esfuerza por sacar adelante a la prole. Sin embargo, los brit\u00e1nicos, al mando del cruel coronel Tavington (Jason Isaacs), llegar\u00e1n hasta las puertas de su casa poniendo en peligro a toda la familia. (<a href=\"http:\/\/www.filmaffinity.com\/es\/film932473.html\">FILMAFFINITY<\/a>)<\/p>\n<p style=\"text-align: justify\"><strong>Mar\u00eda Antonieta<\/strong><\/p>\n<p style=\"text-align: justify\"><a href=\"https:\/\/www.youtube.com\/watch?v=Hq_f8wPGry0\">https:\/\/www.youtube.com\/watch?v=Hq_f8wPGry0<\/a><\/p>\n<p style=\"text-align: justify\">Francia, siglo XVIII. El compromiso matrimonial entre el futuro Luis XVI (Schwartzman) y Mar\u00eda Antonieta (Dunst) sirve para sellar una alianza entre Francia y Austria. Con s\u00f3lo catorce a\u00f1os, la ingenua princesa austr\u00edaca se ve obligada a abandonar Viena, su familia y sus amigos para instalarse en la opulenta, sofisticada y libertina corte francesa, donde reinan las intrigas y los esc\u00e1ndalos. La joven se rebela contra el aislamiento que representa la corte de Versalles y se convierte en la reina m\u00e1s incomprendida de Francia. (<a href=\"http:\/\/www.filmaffinity.com\/es\/film401125.html\">FILMAFFINITY<\/a>)<\/p>\n<p style=\"text-align: justify\"><strong>Dant\u00f3n<\/strong><\/p>\n<p>https:\/\/www.youtube.com\/watch?v=iP7UPfL99ag<\/p>\n<p style=\"text-align: justify\">En septiembre de 1793, el Comit\u00e9 de Salud P\u00fablica, instigado por Robespierre, instaura el &#8220;Terror&#8221;. El hambre reaparece y con ella la revuelta: las cabezas ruedan. Danton regresa a Par\u00eds para oponerse a Robespierre: es el choque entre dos pol\u00edticos irreconciliables, entre dos fuertes personalidades. La pel\u00edcula narra los \u00faltimos d\u00edas de Georges-Jacques Danton: su proceso y su ejecuci\u00f3n en la guillotina, junto a sus amigos, por orden del autoritario y dogm\u00e1tico Robespierre. (<a href=\"http:\/\/www.filmaffinity.com\/es\/film335272.html\">FILMAFFINITY<\/a>)<\/p>\n","protected":false},"excerpt":{"rendered":"<p>Documentales. Podr\u00e1s encontrar una gran serie de documentales en la p\u00e1gina\u00a0&#8220;Documentales edad moderna&#8220;. Pel\u00edculas . Cyrano de Bergerac\u00a0 https:\/\/www.youtube.com\/watch?v=ab6eaj4fdMA Cyrano es un brillante poeta y un h\u00e1bil espadach\u00edn que expresa su amor por la bella Roxane a trav\u00e9s de Christian, &hellip; <a href=\"https:\/\/blogs.ua.es\/metodologiamoderna\/sitios-recomendados\/2-2-documentales-y-peliculas\/\">Continue reading <span class=\"meta-nav\">&rarr;<\/span><\/a><\/p>\n","protected":false},"author":2898,"featured_media":0,"parent":16,"menu_order":2,"comment_status":"closed","ping_status":"closed","template":"","meta":{"footnotes":""},"class_list":["post-67","page","type-page","status-publish","hentry"],"_links":{"self":[{"href":"https:\/\/blogs.ua.es\/metodologiamoderna\/wp-json\/wp\/v2\/pages\/67","targetHints":{"allow":["GET"]}}],"collection":[{"href":"https:\/\/blogs.ua.es\/metodologiamoderna\/wp-json\/wp\/v2\/pages"}],"about":[{"href":"https:\/\/blogs.ua.es\/metodologiamoderna\/wp-json\/wp\/v2\/types\/page"}],"author":[{"embeddable":true,"href":"https:\/\/blogs.ua.es\/metodologiamoderna\/wp-json\/wp\/v2\/users\/2898"}],"replies":[{"embeddable":true,"href":"https:\/\/blogs.ua.es\/metodologiamoderna\/wp-json\/wp\/v2\/comments?post=67"}],"version-history":[{"count":9,"href":"https:\/\/blogs.ua.es\/metodologiamoderna\/wp-json\/wp\/v2\/pages\/67\/revisions"}],"predecessor-version":[{"id":208,"href":"https:\/\/blogs.ua.es\/metodologiamoderna\/wp-json\/wp\/v2\/pages\/67\/revisions\/208"}],"up":[{"embeddable":true,"href":"https:\/\/blogs.ua.es\/metodologiamoderna\/wp-json\/wp\/v2\/pages\/16"}],"wp:attachment":[{"href":"https:\/\/blogs.ua.es\/metodologiamoderna\/wp-json\/wp\/v2\/media?parent=67"}],"curies":[{"name":"wp","href":"https:\/\/api.w.org\/{rel}","templated":true}]}}