{"id":23,"date":"2008-10-15T18:52:22","date_gmt":"2008-10-15T16:52:22","guid":{"rendered":"https:\/\/blogs.ua.es\/migueldecervantes\/?page_id=23"},"modified":"2008-11-14T23:03:43","modified_gmt":"2008-11-14T21:03:43","slug":"bienvenidos","status":"publish","type":"page","link":"https:\/\/blogs.ua.es\/migueldecervantes\/bienvenidos\/","title":{"rendered":"Bienvenidos"},"content":{"rendered":"<h2><a title=\"Bienvenidos a un divertido, cultural e interesante viaje\" href=\"..\/2008\/10\/08\/hola-mundo\/\">Bienvenidos a un divertido, cultural e interesante viaje<\/a><\/h2>\n<p>Bienvenidos a todos a este reci\u00e9n inaugurado blog.<\/p>\n<p><a href=\"https:\/\/blogs.ua.es\/migueldecervantes\/files\/2008\/11\/imgp6081.jpg\"><img loading=\"lazy\" decoding=\"async\" class=\"size-medium wp-image-199 alignleft\" src=\"https:\/\/blogs.ua.es\/migueldecervantes\/files\/2008\/11\/imgp6081-225x300.jpg\" alt=\"\" width=\"144\" height=\"192\" \/><\/a><\/p>\n<p style=\"text-align: justify\">Nos llamamos Reme y Santi, y somos estudiantes de Humanidades en la <a href=\"http:\/\/www.ua.es\/\">Universidad de Alicante<\/a>. Estamos en 4\u00ba curso y hemos creado este blog como ejercicio pr\u00e1ctico de la asignatura Historia Moderna de Espa\u00f1a, dirigida por Antonio Carrasco.<\/p>\n<p style=\"text-align: justify\">En los pr\u00f3ximos d\u00edas pretendemos ir llenando espacios con la vida y viajes de don Miguel de Cervantes por tierras del Imperio Espa\u00f1ol del Siglo de Oro. Nuestro objetivo es contar la vida de Cervantes a trav\u00e9s de sus propios personajes o de aquellos que tuvieron alg\u00fan tipo de contacto con el escritor. En cada entrada del blog trataremos temas como la historia, la literatura, o la gastronom\u00eda de los siglos XVI y comienzos del XVII, la \u00e9poca en que vivi\u00f3 Cervantes. Contaremos algo sobre los lugares por donde pas\u00f3, curiosidades, y todo aquello que se nos ocurra y no sea ilicito publicar.<\/p>\n<p style=\"text-align: justify\">Os proponemos un viaje a trav\u00e9s del tiempo para que conozcais un poco mejor a Miguel de Cervantes; sus andanzas y sus amores; sus pleitos; sus fracasos; qu\u00e9 lugares visit\u00f3; c\u00f3mo vivi\u00f3; y cuales fueron sus aventuras por tierra y mar.<\/p>\n<p style=\"text-align: justify\">Esperamos que os guste.<\/p>\n","protected":false},"excerpt":{"rendered":"<p>Bienvenidos a un divertido, cultural e interesante viaje Bienvenidos a todos a este reci\u00e9n inaugurado blog. Nos llamamos Reme y Santi, y somos estudiantes de Humanidades en la Universidad de Alicante. Estamos en 4\u00ba curso y hemos creado este blog como ejercicio pr\u00e1ctico de la asignatura Historia Moderna de Espa\u00f1a, dirigida por Antonio Carrasco. En [&hellip;]<\/p>\n","protected":false},"author":888,"featured_media":0,"parent":0,"menu_order":1,"comment_status":"open","ping_status":"open","template":"","meta":{"footnotes":""},"class_list":["post-23","page","type-page","status-publish","hentry"],"_links":{"self":[{"href":"https:\/\/blogs.ua.es\/migueldecervantes\/wp-json\/wp\/v2\/pages\/23","targetHints":{"allow":["GET"]}}],"collection":[{"href":"https:\/\/blogs.ua.es\/migueldecervantes\/wp-json\/wp\/v2\/pages"}],"about":[{"href":"https:\/\/blogs.ua.es\/migueldecervantes\/wp-json\/wp\/v2\/types\/page"}],"author":[{"embeddable":true,"href":"https:\/\/blogs.ua.es\/migueldecervantes\/wp-json\/wp\/v2\/users\/888"}],"replies":[{"embeddable":true,"href":"https:\/\/blogs.ua.es\/migueldecervantes\/wp-json\/wp\/v2\/comments?post=23"}],"version-history":[{"count":11,"href":"https:\/\/blogs.ua.es\/migueldecervantes\/wp-json\/wp\/v2\/pages\/23\/revisions"}],"predecessor-version":[{"id":145,"href":"https:\/\/blogs.ua.es\/migueldecervantes\/wp-json\/wp\/v2\/pages\/23\/revisions\/145"}],"wp:attachment":[{"href":"https:\/\/blogs.ua.es\/migueldecervantes\/wp-json\/wp\/v2\/media?parent=23"}],"curies":[{"name":"wp","href":"https:\/\/api.w.org\/{rel}","templated":true}]}}