{"id":19,"date":"2013-01-21T17:50:51","date_gmt":"2013-01-21T17:50:51","guid":{"rendered":"https:\/\/blogs.ua.es\/miguelhernandezgilabert\/?page_id=19"},"modified":"2013-01-27T16:22:50","modified_gmt":"2013-01-27T16:22:50","slug":"metodologia","status":"publish","type":"page","link":"https:\/\/blogs.ua.es\/miguelhernandezgilabert\/metodologia\/","title":{"rendered":"Metodolog\u00eda"},"content":{"rendered":"<p>Este blog sobr el poeta oriolano Miguel Hern\u00e1ndez se ha realizado con la colaboraci\u00f3n mutua de dos compa\u00f1eros, Javier y Daniel.<\/p>\n<p>Los pasos a realizar han sido los siguientes:<\/p>\n<p>En primer lugar hemos personalizado la apariencia del blog, con el fin de presentar un espacio con una est\u00e9tica seria y que de pie a la lectura y b\u00fasqueda de informaci\u00f3n de este gran poeta.Acto seguido, comenzamos buscando informaci\u00f3n a trav\u00e9s de diversas fuentes, en nuestro caso la gran mayor\u00eda de internet, dado que el autor es sumamente conocido. Dichas fuentes han sido p\u00e1ginas que han hecho referencia al autor, ya sea en art\u00edculos de prensa o como homenaje a su obra, o bien portales de b\u00fasqueda online de su obra literaria, con el fin de extraer la m\u00e1xima informaci\u00f3n posible. A continuaci\u00f3n, cada uno hemos subido la mitad de las entradas que hemos elaborado, las cuales pueden dividirse en &#8220;obra Literaria&#8221; y &#8220;Referencias&#8221; dependiendo de su origen. Una vez publicadas nuestras entradas, creamos distintas pesta\u00f1as que hicieran referencia a la persona de Miguel Hern\u00e1ndez y al trabajo elaborado por nosotros, como son las de &#8220;Biograf\u00eda&#8221;, &#8220;Fuentes&#8221;, &#8220;Metodolog\u00eda&#8221;, &#8220;Valoraci\u00f3n&#8221; y &#8220;Presentaci\u00f3n&#8221;. Finalmente hemos enlazado a los distintos blogs de otros compa\u00f1eros y hemos hecho otros muchos detalles del Blog.<\/p>\n<p>&nbsp;<\/p>\n","protected":false},"excerpt":{"rendered":"<p>Este blog sobr el poeta oriolano Miguel Hern\u00e1ndez se ha realizado con la colaboraci\u00f3n mutua de dos compa\u00f1eros, Javier y Daniel. Los pasos a realizar han sido los siguientes: En primer lugar hemos personalizado la apariencia del blog, con el &hellip; <a href=\"https:\/\/blogs.ua.es\/miguelhernandezgilabert\/metodologia\/\">Continue reading <span class=\"meta-nav\">&rarr;<\/span><\/a><\/p>\n","protected":false},"author":2828,"featured_media":0,"parent":0,"menu_order":0,"comment_status":"open","ping_status":"open","template":"","meta":{"footnotes":""},"class_list":["post-19","page","type-page","status-publish","hentry"],"_links":{"self":[{"href":"https:\/\/blogs.ua.es\/miguelhernandezgilabert\/wp-json\/wp\/v2\/pages\/19","targetHints":{"allow":["GET"]}}],"collection":[{"href":"https:\/\/blogs.ua.es\/miguelhernandezgilabert\/wp-json\/wp\/v2\/pages"}],"about":[{"href":"https:\/\/blogs.ua.es\/miguelhernandezgilabert\/wp-json\/wp\/v2\/types\/page"}],"author":[{"embeddable":true,"href":"https:\/\/blogs.ua.es\/miguelhernandezgilabert\/wp-json\/wp\/v2\/users\/2828"}],"replies":[{"embeddable":true,"href":"https:\/\/blogs.ua.es\/miguelhernandezgilabert\/wp-json\/wp\/v2\/comments?post=19"}],"version-history":[{"count":5,"href":"https:\/\/blogs.ua.es\/miguelhernandezgilabert\/wp-json\/wp\/v2\/pages\/19\/revisions"}],"predecessor-version":[{"id":144,"href":"https:\/\/blogs.ua.es\/miguelhernandezgilabert\/wp-json\/wp\/v2\/pages\/19\/revisions\/144"}],"wp:attachment":[{"href":"https:\/\/blogs.ua.es\/miguelhernandezgilabert\/wp-json\/wp\/v2\/media?parent=19"}],"curies":[{"name":"wp","href":"https:\/\/api.w.org\/{rel}","templated":true}]}}